{"id":9886,"date":"2021-10-04T13:39:51","date_gmt":"2021-10-04T11:39:51","guid":{"rendered":"https:\/\/transferencia.irta.cat\/?post_type=activitats&#038;p=9886"},"modified":"2021-10-14T16:38:43","modified_gmt":"2021-10-14T14:38:43","slug":"jornada-sobre-la-caudofagia-2","status":"publish","type":"activitats","link":"https:\/\/transferencia.irta.cat\/es\/activitats\/jornada-sobre-la-caudofagia-2\/","title":{"rendered":"Jornada sobre la caudofagia"},"content":{"rendered":"\n<p>La implementaci\u00f3n de los requerimientos particulares de la Directiva 2008\/120 \/ CE sobre la protecci\u00f3n de cerdos, han sido el sujeto de diferentes reuniones organizadas por la UE desde 2013 con los Estados Miembros, organizaciones implicadas en la producci\u00f3n porcina, cient\u00edficos y expertos del sector . A partir de estos encuentros, la comisi\u00f3n ha adoptado una Recomendaci\u00f3n (2016) para la aplicaci\u00f3n de la Directiva 2008\/120 \/ EC, estableciendo est\u00e1ndares m\u00ednimos para la protecci\u00f3n de los cerdos en relaci\u00f3n a las medidas para reducir la necesidad de cortar colas. A partir de la publicaci\u00f3n de la Recomendaci\u00f3n de 2016, el inter\u00e9s de la UE para que la implementaci\u00f3n de la normativa fuera efectiva ha sido creciente, y se han llevado a cabo auditor\u00edas en varios pa\u00edses de la UE, entre ellos Espa\u00f1a.<\/p>\n\n\n\n<p>Per tant, trobar estrat\u00e8gies per evitar la caudof\u00e0gia que funcionin en les condicions productives i climatol\u00f2giques de Catalunya \u00e9s cabdal pel sector per tal de poder donar resposta a la UE sobre si \u00e9s possible evitar l\u2019escuat rutinari en porc\u00ed.<\/p>\n\n\n\n<figure class=\"wp-block-image size-large is-resized\"><img loading=\"lazy\" decoding=\"async\" src=\"https:\/\/transferencia.irta.cat\/wp-content\/uploads\/2021\/10\/2.jpg\" alt=\"\" class=\"wp-image-9901\" width=\"359\" height=\"268\" srcset=\"https:\/\/transferencia.irta.cat\/wp-content\/uploads\/2021\/10\/2.jpg 598w, https:\/\/transferencia.irta.cat\/wp-content\/uploads\/2021\/10\/2-300x225.jpg 300w\" sizes=\"auto, (max-width: 359px) 100vw, 359px\" \/><\/figure>\n","protected":false},"featured_media":9881,"template":"","categories":[],"tags":[],"objectius_estrategics":[],"ods":[],"programa_irta":[],"trainings":[],"class_list":["post-9886","activitats","type-activitats","status-publish","has-post-thumbnail","hentry"],"acf":{"codi":"","data":"14\/10\/2021","data_fi":"14\/10\/2021","horari":"11:00h - 12:55h","idioma":"Catal\u00e1n","original_language":"ca","preu":"Gratuito","places":"-1","ciutat":"","lloc_de_realitzacio":"<p><img loading=\"lazy\" decoding=\"async\" class=\"alignnone size-medium wp-image-2437\" src=\"https:\/\/transferencia.irta.cat\/wp-content\/uploads\/2020\/04\/Blanco-Foto-Mar-Paisaje-Respira-Facebook-Portada-300x111.png\" alt=\"\" width=\"300\" height=\"111\" srcset=\"https:\/\/transferencia.irta.cat\/wp-content\/uploads\/2020\/04\/Blanco-Foto-Mar-Paisaje-Respira-Facebook-Portada-300x111.png 300w, https:\/\/transferencia.irta.cat\/wp-content\/uploads\/2020\/04\/Blanco-Foto-Mar-Paisaje-Respira-Facebook-Portada-768x284.png 768w, https:\/\/transferencia.irta.cat\/wp-content\/uploads\/2020\/04\/Blanco-Foto-Mar-Paisaje-Respira-Facebook-Portada.png 851w\" sizes=\"auto, (max-width: 300px) 100vw, 300px\" \/><\/p>\n","ubicacio":false,"imatge_ubicacio":false,"persona_contacte_nom":"Javier Tobal","persona_contacte_email":"javier.tobal@irta.cat","programa":{"ID":9889,"id":9889,"title":"En l\u00ednia_Caudof\u00e0gia","filename":"En-l\u00ednia_Caudof\u00e0gia-1.pdf","filesize":493907,"url":"https:\/\/transferencia.irta.cat\/wp-content\/uploads\/2021\/10\/En-l\u00ednia_Caudof\u00e0gia-1.pdf","link":"https:\/\/transferencia.irta.cat\/es\/en-linia_caudofagia-2-2\/","alt":"","author":"5960","description":"","caption":"","name":"en-linia_caudofagia-2-2","status":"inherit","uploaded_to":0,"date":"2021-10-04 11:38:41","modified":"2021-10-04 11:38:41","menu_order":0,"mime_type":"application\/pdf","type":"application","subtype":"pdf","icon":"https:\/\/transferencia.irta.cat\/wp-includes\/images\/media\/document.png"},"programacio":"<p><strong>11.00 h Bienvenida<\/strong><br \/>\nSr. Ricard Par\u00e9s, Director de PORCAT<\/p>\n<hr \/>\n<p><strong>11.05 h Situaci\u00f3n actual del escuat en Europa<\/strong><br \/>\nSr. Miguel \u00c1ngel Higuera, Director de ANPROGAPOR<\/p>\n<hr \/>\n<p><strong>11.25 h Como hemos de afrontar el reto de la caudofagia<\/strong><br \/>\nSra.Elsa Buenaventura, Veterinaria del Servicio de Ordenaci\u00f3n Ganadera del DACC<\/p>\n<hr \/>\n<p><strong>11.45 h Resultados del Grupo Operativo sobre alternativas al escuat<\/strong><br \/>\nSra.Emma F\u00e0brega (investigadora del IRTA)<\/p>\n<hr \/>\n<p><strong>12:05 h Experiencia de un ganadero.<\/strong><br \/>\nSr. Roger Baulenas, ganadero.<\/p>\n<hr \/>\n<p><strong>12.25 h Mesa redonda. Preguntas por el chat.<\/strong><br \/>\nModerador: Ricard Par\u00e9s<\/p>\n<hr \/>\n<p><strong>12:55 h Cierre de la jornada<\/strong><br \/>\nSra. Elisenda Guillaumes, Directora General de Agricultura y Ganader\u00eda del DACC ..<\/p>\n","ponents":[{"ponent":{"ID":2212,"post_author":"2","post_date":"2020-03-11 15:40:13","post_date_gmt":"2020-03-11 14:40:13","post_content":"<!-- wp:paragraph -->\n<p>Licenciada en veterinaria (1995) y Doctora en producci\u00f3n animal (2002) por la Universidad Aut\u00f3noma de Barcelona. Tambi\u00e9n curs\u00f3 un Master de Comportamiento Animal Aplicado y Bienestar Animal (1998) por la Universidad de Edinburgh y es Diplomada del European College of Animal Welfare and Behavioural Medicine en la subespecialidad en Animal Welfare Science, Ethics and Law. Desde 2003 trabaja en el IRTA, el programa de Bienestar Animal, haciendo investigaci\u00f3n sobre sistemas de evaluar el bienestar animal en granja, especialmente en porcino, y estrategias de mejora. Ha coordinado proyectos nacionales sobre alternativas a pr\u00e1cticas dolorosas como la castraci\u00f3n o la rab\u00f3n en porcino, y en proyectos europeos sobre la aplicaci\u00f3n de tecnolog\u00edas de precisi\u00f3n para mejorar el bienestar o el desarrollo de nuevos indicadores para evaluar el bienestar. Cuenta con m\u00e1s de 40 publicaciones de art\u00edculos en revistas indexadas, y ha participado tambi\u00e9n en cap\u00edtulos de libros y publicaciones en revistas de divulgaci\u00f3n. Ha participado como ponente desde 2003 en jornadas de formaci\u00f3n de ganaderos, veterinarios, u otros agentes del sector, tanto a nivel nacional como internacional, as\u00ed como en m\u00e1s de 40 presentaciones en congresos. Ha organizado y participado en numerosas jornadas de transferencia tecnol\u00f3gica para el sector.<\/p>\n<!-- \/wp:paragraph -->","post_title":"Emma F\u00e0brega","post_excerpt":"","post_status":"publish","comment_status":"closed","ping_status":"closed","post_password":"","post_name":"emma-fabrega","to_ping":"","pinged":"","post_modified":"2024-10-17 11:01:17","post_modified_gmt":"2024-10-17 09:01:17","post_content_filtered":"","post_parent":0,"guid":"https:\/\/transferencia.irta.cat\/ponent\/emma-fabrega\/","menu_order":0,"post_type":"ponent","post_mime_type":"","comment_count":"0","filter":"raw"}}],"organitza":[{"imatge":"https:\/\/transferencia.irta.cat\/wp-content\/uploads\/2021\/02\/IRTA_logo_R.png","nom":"","link":""},{"imatge":"https:\/\/transferencia.irta.cat\/wp-content\/uploads\/2021\/10\/logo-COVB.jpg","nom":"","link":""},{"imatge":"https:\/\/transferencia.irta.cat\/wp-content\/uploads\/2020\/05\/innovac.jpg","nom":"","link":""},{"imatge":"https:\/\/transferencia.irta.cat\/wp-content\/uploads\/2021\/10\/130501_PORCAT-amb-nom-ok-SENSE-FONS.png","nom":"","link":""},{"imatge":"https:\/\/transferencia.irta.cat\/wp-content\/uploads\/2021\/10\/LOGO-CONSELL.jpg","nom":"","link":""}],"patrocina":false,"colabora":false,"serveis":false,"materials":false,"activitats_relacionades":false,"te_enquesta":true,"id_enquesta":"94","enquesta_externa":"","subscribe_external_link":"","en_construccio":false,"wait_list":false},"yoast_head":"<!-- This site is optimized with the Yoast SEO plugin v15.2 - https:\/\/yoast.com\/wordpress\/plugins\/seo\/ -->\n<title>Jornada sobre la caudofagia - IRTA<\/title>\n<meta name=\"description\" content=\"La implementaci\u00f3n de los requerimientos particulares de la Directiva 2008\/120 \/ CE sobre la protecci\u00f3n de cerdos, han sido el sujeto de diferentes\" \/>\n<meta name=\"robots\" content=\"index, follow, max-snippet:-1, max-image-preview:large, max-video-preview:-1\" \/>\n<link rel=\"canonical\" href=\"https:\/\/transferencia.irta.cat\/es\/activitats\/jornada-sobre-la-caudofagia-2\/\" \/>\n<meta property=\"og:locale\" content=\"es_ES\" \/>\n<meta property=\"og:type\" content=\"article\" \/>\n<meta property=\"og:title\" content=\"Jornada sobre la caudofagia - IRTA\" \/>\n<meta property=\"og:description\" content=\"La implementaci\u00f3n de los requerimientos particulares de la Directiva 2008\/120 \/ CE sobre la protecci\u00f3n de cerdos, han sido el sujeto de diferentes\" \/>\n<meta property=\"og:url\" content=\"https:\/\/transferencia.irta.cat\/es\/activitats\/jornada-sobre-la-caudofagia-2\/\" \/>\n<meta property=\"og:site_name\" content=\"IRTA\" \/>\n<meta property=\"article:modified_time\" content=\"2021-10-14T14:38:43+00:00\" \/>\n<meta property=\"og:image\" content=\"https:\/\/transferencia.irta.cat\/wp-content\/uploads\/2021\/10\/nicolas-castez-YKAJ2kQpqQw-unsplash.jpg\" \/>\n\t<meta property=\"og:image:width\" content=\"1920\" \/>\n\t<meta property=\"og:image:height\" content=\"1280\" \/>\n<meta name=\"twitter:card\" content=\"summary_large_image\" \/>\n<meta name=\"twitter:label1\" value=\"Escrito por\">\n\t<meta name=\"twitter:data1\" value=\"jtobal\">\n\t<meta name=\"twitter:label2\" value=\"Tiempo de lectura\">\n\t<meta name=\"twitter:data2\" value=\"1 minuto\">\n<script type=\"application\/ld+json\" class=\"yoast-schema-graph\">{\"@context\":\"https:\/\/schema.org\",\"@graph\":[{\"@type\":\"WebSite\",\"@id\":\"https:\/\/transferencia.irta.cat\/es\/#website\",\"url\":\"https:\/\/transferencia.irta.cat\/es\/\",\"name\":\"IRTA\",\"description\":\"Transfer\\u00e8ncia de coneixement\",\"potentialAction\":[{\"@type\":\"SearchAction\",\"target\":\"https:\/\/transferencia.irta.cat\/es\/?s={search_term_string}\",\"query-input\":\"required name=search_term_string\"}],\"inLanguage\":\"es\"},{\"@type\":\"ImageObject\",\"@id\":\"https:\/\/transferencia.irta.cat\/es\/activitats\/jornada-sobre-la-caudofagia-2\/#primaryimage\",\"inLanguage\":\"es\",\"url\":\"https:\/\/transferencia.irta.cat\/wp-content\/uploads\/2021\/10\/nicolas-castez-YKAJ2kQpqQw-unsplash.jpg\",\"width\":1920,\"height\":1280},{\"@type\":\"WebPage\",\"@id\":\"https:\/\/transferencia.irta.cat\/es\/activitats\/jornada-sobre-la-caudofagia-2\/#webpage\",\"url\":\"https:\/\/transferencia.irta.cat\/es\/activitats\/jornada-sobre-la-caudofagia-2\/\",\"name\":\"Jornada sobre la caudofagia - IRTA\",\"isPartOf\":{\"@id\":\"https:\/\/transferencia.irta.cat\/es\/#website\"},\"primaryImageOfPage\":{\"@id\":\"https:\/\/transferencia.irta.cat\/es\/activitats\/jornada-sobre-la-caudofagia-2\/#primaryimage\"},\"datePublished\":\"2021-10-04T11:39:51+00:00\",\"dateModified\":\"2021-10-14T14:38:43+00:00\",\"description\":\"La implementaci\\u00f3n de los requerimientos particulares de la Directiva 2008\/120 \/ CE sobre la protecci\\u00f3n de cerdos, han sido el sujeto de diferentes\",\"inLanguage\":\"es\",\"potentialAction\":[{\"@type\":\"ReadAction\",\"target\":[\"https:\/\/transferencia.irta.cat\/es\/activitats\/jornada-sobre-la-caudofagia-2\/\"]}]}]}<\/script>\n<!-- \/ Yoast SEO plugin. -->","_links":{"self":[{"href":"https:\/\/transferencia.irta.cat\/es\/wp-json\/wp\/v2\/activitats\/9886","targetHints":{"allow":["GET"]}}],"collection":[{"href":"https:\/\/transferencia.irta.cat\/es\/wp-json\/wp\/v2\/activitats"}],"about":[{"href":"https:\/\/transferencia.irta.cat\/es\/wp-json\/wp\/v2\/types\/activitats"}],"wp:featuredmedia":[{"embeddable":true,"href":"https:\/\/transferencia.irta.cat\/es\/wp-json\/wp\/v2\/media\/9881"}],"wp:attachment":[{"href":"https:\/\/transferencia.irta.cat\/es\/wp-json\/wp\/v2\/media?parent=9886"}],"wp:term":[{"taxonomy":"category","embeddable":true,"href":"https:\/\/transferencia.irta.cat\/es\/wp-json\/wp\/v2\/categories?post=9886"},{"taxonomy":"post_tag","embeddable":true,"href":"https:\/\/transferencia.irta.cat\/es\/wp-json\/wp\/v2\/tags?post=9886"},{"taxonomy":"objectius_estrategics","embeddable":true,"href":"https:\/\/transferencia.irta.cat\/es\/wp-json\/wp\/v2\/objectius_estrategics?post=9886"},{"taxonomy":"ods","embeddable":true,"href":"https:\/\/transferencia.irta.cat\/es\/wp-json\/wp\/v2\/ods?post=9886"},{"taxonomy":"programa_irta","embeddable":true,"href":"https:\/\/transferencia.irta.cat\/es\/wp-json\/wp\/v2\/programa_irta?post=9886"},{"taxonomy":"trainings","embeddable":true,"href":"https:\/\/transferencia.irta.cat\/es\/wp-json\/wp\/v2\/trainings?post=9886"}],"curies":[{"name":"wp","href":"https:\/\/api.w.org\/{rel}","templated":true}]}}

<p>La implementación de los requerimientos particulares de la Directiva 2008/120 / CE sobre la protección de cerdos, han sido el sujeto de diferentes reuniones organizadas por la UE desde 2013 con los Estados Miembros, organizaciones implicadas en la producción porcina, científicos y expertos del sector . A partir de estos encuentros, la comisión ha adoptado una Recomendación (2016) para la aplicación de la Directiva 2008/120 / EC, estableciendo estándares mínimos para la protección de los cerdos en relación a las medidas para reducir la necesidad de cortar colas. A partir de la publicación de la Recomendación de 2016, el interés de la UE para que la implementación de la normativa fuera efectiva ha sido creciente, y se han llevado a cabo auditorías en varios países de la UE, entre ellos España.</p>



<p>Per tant, trobar estratègies per evitar la caudofàgia que funcionin en les condicions productives i climatològiques de Catalunya és cabdal pel sector per tal de poder donar resposta a la UE sobre si és possible evitar l’escuat rutinari en porcí.</p>



<figure class="wp-block-image size-large is-resized"><img loading="lazy" decoding="async" src="https://transferencia.irta.cat/wp-content/uploads/2021/10/2.jpg" alt="" class="wp-image-9901" width="359" height="268" srcset="https://transferencia.irta.cat/wp-content/uploads/2021/10/2.jpg 598w, https://transferencia.irta.cat/wp-content/uploads/2021/10/2-300x225.jpg 300w" sizes="auto, (max-width: 359px) 100vw, 359px" /></figure>

Catalán

En línia_Caudofàgia

En-línia_Caudofàgia-1.pdf

https://transferencia.irta.cat/wp-content/uploads/2021/10/En-línia_Caudofàgia-1.pdf

<p><strong>11.00 h Bienvenida</strong><br />
Sr. Ricard Parés, Director de PORCAT</p>
<hr />
<p><strong>11.05 h Situación actual del escuat en Europa</strong><br />
Sr. Miguel Ángel Higuera, Director de ANPROGAPOR</p>
<hr />
<p><strong>11.25 h Como hemos de afrontar el reto de la caudofagia</strong><br />
Sra.Elsa Buenaventura, Veterinaria del Servicio de Ordenación Ganadera del DACC</p>
<hr />
<p><strong>11.45 h Resultados del Grupo Operativo sobre alternativas al escuat</strong><br />
Sra.Emma Fàbrega (investigadora del IRTA)</p>
<hr />
<p><strong>12:05 h Experiencia de un ganadero.</strong><br />
Sr. Roger Baulenas, ganadero.</p>
<hr />
<p><strong>12.25 h Mesa redonda. Preguntas por el chat.</strong><br />
Moderador: Ricard Parés</p>
<hr />
<p><strong>12:55 h Cierre de la jornada</strong><br />
Sra. Elisenda Guillaumes, Directora General de Agricultura y Ganadería del DACC ..</p>

<!-- wp:paragraph -->
<p>Licenciada en veterinaria (1995) y Doctora en producción animal (2002) por la Universidad Autónoma de Barcelona. También cursó un Master de Comportamiento Animal Aplicado y Bienestar Animal (1998) por la Universidad de Edinburgh y es Diplomada del European College of Animal Welfare and Behavioural Medicine en la subespecialidad en Animal Welfare Science, Ethics and Law. Desde 2003 trabaja en el IRTA, el programa de Bienestar Animal, haciendo investigación sobre sistemas de evaluar el bienestar animal en granja, especialmente en porcino, y estrategias de mejora. Ha coordinado proyectos nacionales sobre alternativas a prácticas dolorosas como la castración o la rabón en porcino, y en proyectos europeos sobre la aplicación de tecnologías de precisión para mejorar el bienestar o el desarrollo de nuevos indicadores para evaluar el bienestar. Cuenta con más de 40 publicaciones de artículos en revistas indexadas, y ha participado también en capítulos de libros y publicaciones en revistas de divulgación. Ha participado como ponente desde 2003 en jornadas de formación de ganaderos, veterinarios, u otros agentes del sector, tanto a nivel nacional como internacional, así como en más de 40 presentaciones en congresos. Ha organizado y participado en numerosas jornadas de transferencia tecnológica para el sector.</p>
<!-- /wp:paragraph -->

Emma Fàbrega

<!-- This site is optimized with the Yoast SEO plugin v15.2 - https://yoast.com/wordpress/plugins/seo/ -->
<title>Jornada sobre la caudofagia - IRTA</title>
<meta name="description" content="La implementación de los requerimientos particulares de la Directiva 2008/120 / CE sobre la protección de cerdos, han sido el sujeto de diferentes" />
<meta name="robots" content="index, follow, max-snippet:-1, max-image-preview:large, max-video-preview:-1" />
<link rel="canonical" href="https://transferencia.irta.cat/es/activitats/jornada-sobre-la-caudofagia-2/" />
<meta property="og:locale" content="es_ES" />
<meta property="og:type" content="article" />
<meta property="og:title" content="Jornada sobre la caudofagia - IRTA" />
<meta property="og:description" content="La implementación de los requerimientos particulares de la Directiva 2008/120 / CE sobre la protección de cerdos, han sido el sujeto de diferentes" />
<meta property="og:url" content="https://transferencia.irta.cat/es/activitats/jornada-sobre-la-caudofagia-2/" />
<meta property="og:site_name" content="IRTA" />
<meta property="article:modified_time" content="2021-10-14T14:38:43+00:00" />
<meta property="og:image" content="https://transferencia.irta.cat/wp-content/uploads/2021/10/nicolas-castez-YKAJ2kQpqQw-unsplash.jpg" />
	<meta property="og:image:width" content="1920" />
	<meta property="og:image:height" content="1280" />
<meta name="twitter:card" content="summary_large_image" />
<meta name="twitter:label1" value="Escrito por">
	<meta name="twitter:data1" value="jtobal">
	<meta name="twitter:label2" value="Tiempo de lectura">
	<meta name="twitter:data2" value="1 minuto">
<script type="application/ld+json" class="yoast-schema-graph">{"@context":"https://schema.org","@graph":[{"@type":"WebSite","@id":"https://transferencia.irta.cat/es/#website","url":"https://transferencia.irta.cat/es/","name":"IRTA","description":"Transfer\u00e8ncia de coneixement","potentialAction":[{"@type":"SearchAction","target":"https://transferencia.irta.cat/es/?s={search_term_string}","query-input":"required name=search_term_string"}],"inLanguage":"es"},{"@type":"ImageObject","@id":"https://transferencia.irta.cat/es/activitats/jornada-sobre-la-caudofagia-2/#primaryimage","inLanguage":"es","url":"https://transferencia.irta.cat/wp-content/uploads/2021/10/nicolas-castez-YKAJ2kQpqQw-unsplash.jpg","width":1920,"height":1280},{"@type":"WebPage","@id":"https://transferencia.irta.cat/es/activitats/jornada-sobre-la-caudofagia-2/#webpage","url":"https://transferencia.irta.cat/es/activitats/jornada-sobre-la-caudofagia-2/","name":"Jornada sobre la caudofagia - IRTA","isPartOf":{"@id":"https://transferencia.irta.cat/es/#website"},"primaryImageOfPage":{"@id":"https://transferencia.irta.cat/es/activitats/jornada-sobre-la-caudofagia-2/#primaryimage"},"datePublished":"2021-10-04T11:39:51+00:00","dateModified":"2021-10-14T14:38:43+00:00","description":"La implementaci\u00f3n de los requerimientos particulares de la Directiva 2008/120 / CE sobre la protecci\u00f3n de cerdos, han sido el sujeto de diferentes","inLanguage":"es","potentialAction":[{"@type":"ReadAction","target":["https://transferencia.irta.cat/es/activitats/jornada-sobre-la-caudofagia-2/"]}]}]}</script>
<!-- / Yoast SEO plugin. -->
