{"id":5379,"date":"2020-12-11T09:34:20","date_gmt":"2020-12-11T08:34:20","guid":{"rendered":"https:\/\/transferencia.irta.cat\/?post_type=activitats&#038;p=5379"},"modified":"2020-12-11T09:34:20","modified_gmt":"2020-12-11T08:34:20","slug":"soluciones-de-envasado-para-productos-horticolas-frescos-y-procesados","status":"publish","type":"activitats","link":"https:\/\/transferencia.irta.cat\/es\/activitats\/soluciones-de-envasado-para-productos-horticolas-frescos-y-procesados\/","title":{"rendered":"Soluciones de envasado para productos hort\u00edcolas frescos y procesados"},"content":{"rendered":"\n<p>La necesidad de conservar los alimentos frescos o procesados \u200b\u200bpara evitar el derroche alimentario, mejorar la presentaci\u00f3n y la comodidad para el consumidor ha llevado al desarrollo de tecnolog\u00edas de envasado basadas en el uso de materiales de diferentes tipolog\u00edas, tanto en formato granel como en formato consumidor.<\/p>\n\n\n\n<p>A trav\u00e9s de estas dos sesiones que comprenden esta jornada se pretende dar una visi\u00f3n global sobre diferentes aspectos relacionados con el envasado de productos hort\u00edcolas frescos y procesados, as\u00ed como las \u00faltimas tendencias en sostenibilidad que se est\u00e1n implementando en este sector.<\/p>\n\n\n\n<p>Esta jornada, dirigida principalmente a PYMES, peque\u00f1os obradores y productores del sector primario, pretende revisar diferentes aspectos relacionados con el envasado de los productos hort\u00edcolas para dar una visi\u00f3n global y ofrecer respuestas a un sector en plena evoluci\u00f3n.<\/p>\n\n\n\n<figure class=\"wp-block-image size-large\"><img loading=\"lazy\" decoding=\"async\" width=\"1024\" height=\"498\" src=\"https:\/\/transferencia.irta.cat\/wp-content\/uploads\/2020\/11\/1-5-1024x498.jpg\" alt=\"\" class=\"wp-image-5309\" srcset=\"https:\/\/transferencia.irta.cat\/wp-content\/uploads\/2020\/11\/1-5-1024x498.jpg 1024w, https:\/\/transferencia.irta.cat\/wp-content\/uploads\/2020\/11\/1-5-300x146.jpg 300w, https:\/\/transferencia.irta.cat\/wp-content\/uploads\/2020\/11\/1-5-768x373.jpg 768w, https:\/\/transferencia.irta.cat\/wp-content\/uploads\/2020\/11\/1-5-1536x746.jpg 1536w, https:\/\/transferencia.irta.cat\/wp-content\/uploads\/2020\/11\/1-5.jpg 1920w\" sizes=\"auto, (max-width: 1024px) 100vw, 1024px\" \/><\/figure>\n","protected":false},"featured_media":5309,"template":"","categories":[627,626,635,628,640,629],"tags":[],"objectius_estrategics":[1210],"ods":[1264,1261],"programa_irta":[1233],"trainings":[],"class_list":["post-5379","activitats","type-activitats","status-publish","has-post-thumbnail","hentry","category-consumidores-alimentacion","category-industrias-agroalimentarias","category-produccion-vegetal","category-seguridad-conservacion","category-sostenibilidad-agrosistemas","category-tecnologia-alimentaria","objectius_estrategics-seguridad-alimentaria","ods-12-consumo-y-produccion-responsables","ods-15-vida-terrestre-es","programa_irta-i1-industrias-agroalimentarias"],"acf":{"codi":"","data":"16\/12\/2020","data_fi":"","horari":"18:00h - 20:35h","idioma":"Catal\u00e1n ","original_language":"ca","preu":"Gratuita","places":"-1","ciutat":"En l\u00ednea","lloc_de_realitzacio":"<p>Jornada en l\u00ednea<\/p>\n","ubicacio":false,"imatge_ubicacio":"https:\/\/transferencia.irta.cat\/wp-content\/uploads\/2020\/04\/Blanco-Foto-Mar-Paisaje-Respira-Facebook-Portada.png","persona_contacte_nom":"","persona_contacte_email":"","programa":false,"programacio":"<p><strong>18h00: Presentaci\u00f3 de la sessi\u00f3<\/strong><\/p>\n<hr \/>\n<p><strong>18h05: Tend\u00e8ncies i tecnologies per l\u2019envasament de productes hort\u00edcoles frescos i processats A c\u00e0rrec d'Elsa Lloret.<\/strong><\/p>\n<hr \/>\n<p><strong>19h05: Solucions sostenibles per a l\u2019envasament de productes hort\u00edcoles A c\u00e0rrec de Bego\u00f1a Marcos<\/strong><\/p>\n<hr \/>\n<p><strong>20h05: Torn obert de preguntes<\/strong><\/p>\n<hr \/>\n<p><strong>20h35: Cloenda<\/strong><\/p>\n<hr \/>\n<p>&nbsp;<\/p>\n","ponents":[{"ponent":{"ID":2211,"post_author":"2","post_date":"2020-03-11 15:37:34","post_date_gmt":"2020-03-11 14:37:34","post_content":"<!-- wp:paragraph -->\n<p>Licenciada en Ciencia y Tecnolog\u00eda de Alimentos (2001) por la Universidad Aut\u00f3noma de Barcelona (UAB) y MSc en \u201cPol\u00edmeros y Biopol\u00edmeros\u201d por la Universidad Polit\u00e9cnica de Catalunya (2013). Ha trabajado 6 a\u00f1os en la empresa privada (Ingeniera en el Departamento de I+D Danone) y desde 2006 en el IRTA. Sus actividades se enmarcan en proyectos de investigaci\u00f3n, contratos, formaci\u00f3n y asesoramiento t\u00e9cnico a empresas en el \u00e1rea del envasado de alimentos. Especializada en materiales pl\u00e1sticos para alimentos (convencionales, biodegradables, activos e inteligentes) y sus aplicaciones en las nuevas tecnolog\u00edas de envasado (MAP, skin y vac\u00edo) y de conservaci\u00f3n (microondas, radiofrecuencias y altas presiones) para prolongar su vida \u00fatil, obtener nuevos productos o nuevos procesos adaptados a las demandas del mercado.<\/p>\n<!-- \/wp:paragraph -->","post_title":"Elsa Lloret","post_excerpt":"","post_status":"publish","comment_status":"closed","ping_status":"closed","post_password":"","post_name":"elsa-lloret","to_ping":"","pinged":"","post_modified":"2024-10-17 11:36:55","post_modified_gmt":"2024-10-17 09:36:55","post_content_filtered":"","post_parent":0,"guid":"https:\/\/transferencia.irta.cat\/ponent\/elsa-lloret\/","menu_order":0,"post_type":"ponent","post_mime_type":"","comment_count":"0","filter":"raw"}},{"ponent":{"ID":2203,"post_author":"2","post_date":"2020-03-11 11:02:56","post_date_gmt":"2020-03-11 10:02:56","post_content":"<!-- wp:paragraph -->\n<p>La Dra. Bego\u00f1a Marcos es Ingeniera Agr\u00f3noma por la Universidad de LLeida (1998) y Doctora por la Universidad de Girona (2007). Su carrera investigadora se inicia con la realizaci\u00f3n del doctorado en el programa de Seguridad Alimentaria del IRTA. Despu\u00e9s trabaja como Research Officer al Departamento de Tecnolog\u00eda de la carne del Teagasc de Dubl\u00edn. Su actividad investigadora se ha centrado en temas relacionados con la tecnolog\u00eda de los alimentos, y en la aplicaci\u00f3n de tecnolog\u00edas de procesado emergentes para alargar la vida \u00fatil y mejorar la seguridad alimentaria desde una perspectiva multidisciplinar. Desde 2010 es investigadora del \u00c1rea de Industrias Alimentarias del IRTA, trabajando en temas relacionados con el envasado de los alimentos, con un especial foco en la mejora de la vida \u00fatil y seguridad alimentaria a trav\u00e9s del envase, los envases activos y la sostenibilidad de los envases. Ha participado en la direcci\u00f3n y ejecuci\u00f3n de proyectos competitivos de I + D nacionales y europeos, as\u00ed como en proyectos y contratos financiados por empresas del sector. Participa activamente en la transferencia de conocimiento al sector alimentario y de packaging a trav\u00e9s de actividades de transferencia al sector.<\/p>\n<!-- \/wp:paragraph -->","post_title":"Begonya Marcos","post_excerpt":"","post_status":"publish","comment_status":"closed","ping_status":"closed","post_password":"","post_name":"begona-marcos","to_ping":"","pinged":"","post_modified":"2020-12-09 09:43:35","post_modified_gmt":"2020-12-09 08:43:35","post_content_filtered":"","post_parent":0,"guid":"https:\/\/transferencia.irta.cat\/ponent\/begona-marcos\/","menu_order":0,"post_type":"ponent","post_mime_type":"","comment_count":"0","filter":"raw"}}],"organitza":[{"imatge":"https:\/\/transferencia.irta.cat\/wp-content\/uploads\/2020\/11\/parc-agrari.jpg","nom":"","link":""},{"imatge":"https:\/\/transferencia.irta.cat\/wp-content\/uploads\/2020\/02\/IRTA.svg_.png","nom":"","link":""}],"patrocina":false,"colabora":false,"serveis":false,"materials":false,"activitats_relacionades":false,"te_enquesta":true,"id_enquesta":"","enquesta_externa":"","subscribe_external_link":"","en_construccio":false,"wait_list":false},"yoast_head":"<!-- This site is optimized with the Yoast SEO plugin v15.2 - https:\/\/yoast.com\/wordpress\/plugins\/seo\/ -->\n<title>Soluciones de envasado para productos hort\u00edcolas frescos y procesados - IRTA<\/title>\n<meta name=\"description\" content=\"La necesidad de conservar los alimentos frescos o procesados \u200b\u200bpara evitar el derroche alimentario, mejorar la presentaci\u00f3n y la comodidad para el\" \/>\n<meta name=\"robots\" content=\"index, follow, max-snippet:-1, max-image-preview:large, max-video-preview:-1\" \/>\n<link rel=\"canonical\" href=\"https:\/\/transferencia.irta.cat\/es\/activitats\/soluciones-de-envasado-para-productos-horticolas-frescos-y-procesados\/\" \/>\n<meta property=\"og:locale\" content=\"es_ES\" \/>\n<meta property=\"og:type\" content=\"article\" \/>\n<meta property=\"og:title\" content=\"Soluciones de envasado para productos hort\u00edcolas frescos y procesados - IRTA\" \/>\n<meta property=\"og:description\" content=\"La necesidad de conservar los alimentos frescos o procesados \u200b\u200bpara evitar el derroche alimentario, mejorar la presentaci\u00f3n y la comodidad para el\" \/>\n<meta property=\"og:url\" content=\"https:\/\/transferencia.irta.cat\/es\/activitats\/soluciones-de-envasado-para-productos-horticolas-frescos-y-procesados\/\" \/>\n<meta property=\"og:site_name\" content=\"IRTA\" \/>\n<meta property=\"og:image\" content=\"https:\/\/transferencia.irta.cat\/wp-content\/uploads\/2020\/11\/1-5.jpg\" \/>\n\t<meta property=\"og:image:width\" content=\"1920\" \/>\n\t<meta property=\"og:image:height\" content=\"933\" \/>\n<meta name=\"twitter:card\" content=\"summary_large_image\" \/>\n<meta name=\"twitter:label1\" value=\"Escrito por\">\n\t<meta name=\"twitter:data1\" value=\"jtobal\">\n\t<meta name=\"twitter:label2\" value=\"Tiempo de lectura\">\n\t<meta name=\"twitter:data2\" value=\"1 minuto\">\n<script type=\"application\/ld+json\" class=\"yoast-schema-graph\">{\"@context\":\"https:\/\/schema.org\",\"@graph\":[{\"@type\":\"WebSite\",\"@id\":\"https:\/\/transferencia.irta.cat\/es\/#website\",\"url\":\"https:\/\/transferencia.irta.cat\/es\/\",\"name\":\"IRTA\",\"description\":\"Transfer\\u00e8ncia de coneixement\",\"potentialAction\":[{\"@type\":\"SearchAction\",\"target\":\"https:\/\/transferencia.irta.cat\/es\/?s={search_term_string}\",\"query-input\":\"required name=search_term_string\"}],\"inLanguage\":\"es\"},{\"@type\":\"ImageObject\",\"@id\":\"https:\/\/transferencia.irta.cat\/es\/activitats\/soluciones-de-envasado-para-productos-horticolas-frescos-y-procesados\/#primaryimage\",\"inLanguage\":\"es\",\"url\":\"https:\/\/transferencia.irta.cat\/wp-content\/uploads\/2020\/11\/1-5.jpg\",\"width\":1920,\"height\":933},{\"@type\":\"WebPage\",\"@id\":\"https:\/\/transferencia.irta.cat\/es\/activitats\/soluciones-de-envasado-para-productos-horticolas-frescos-y-procesados\/#webpage\",\"url\":\"https:\/\/transferencia.irta.cat\/es\/activitats\/soluciones-de-envasado-para-productos-horticolas-frescos-y-procesados\/\",\"name\":\"Soluciones de envasado para productos hort\\u00edcolas frescos y procesados - IRTA\",\"isPartOf\":{\"@id\":\"https:\/\/transferencia.irta.cat\/es\/#website\"},\"primaryImageOfPage\":{\"@id\":\"https:\/\/transferencia.irta.cat\/es\/activitats\/soluciones-de-envasado-para-productos-horticolas-frescos-y-procesados\/#primaryimage\"},\"datePublished\":\"2020-12-11T08:34:20+00:00\",\"dateModified\":\"2020-12-11T08:34:20+00:00\",\"description\":\"La necesidad de conservar los alimentos frescos o procesados \\u200b\\u200bpara evitar el derroche alimentario, mejorar la presentaci\\u00f3n y la comodidad para el\",\"inLanguage\":\"es\",\"potentialAction\":[{\"@type\":\"ReadAction\",\"target\":[\"https:\/\/transferencia.irta.cat\/es\/activitats\/soluciones-de-envasado-para-productos-horticolas-frescos-y-procesados\/\"]}]}]}<\/script>\n<!-- \/ Yoast SEO plugin. -->","_links":{"self":[{"href":"https:\/\/transferencia.irta.cat\/es\/wp-json\/wp\/v2\/activitats\/5379","targetHints":{"allow":["GET"]}}],"collection":[{"href":"https:\/\/transferencia.irta.cat\/es\/wp-json\/wp\/v2\/activitats"}],"about":[{"href":"https:\/\/transferencia.irta.cat\/es\/wp-json\/wp\/v2\/types\/activitats"}],"wp:featuredmedia":[{"embeddable":true,"href":"https:\/\/transferencia.irta.cat\/es\/wp-json\/wp\/v2\/media\/5309"}],"wp:attachment":[{"href":"https:\/\/transferencia.irta.cat\/es\/wp-json\/wp\/v2\/media?parent=5379"}],"wp:term":[{"taxonomy":"category","embeddable":true,"href":"https:\/\/transferencia.irta.cat\/es\/wp-json\/wp\/v2\/categories?post=5379"},{"taxonomy":"post_tag","embeddable":true,"href":"https:\/\/transferencia.irta.cat\/es\/wp-json\/wp\/v2\/tags?post=5379"},{"taxonomy":"objectius_estrategics","embeddable":true,"href":"https:\/\/transferencia.irta.cat\/es\/wp-json\/wp\/v2\/objectius_estrategics?post=5379"},{"taxonomy":"ods","embeddable":true,"href":"https:\/\/transferencia.irta.cat\/es\/wp-json\/wp\/v2\/ods?post=5379"},{"taxonomy":"programa_irta","embeddable":true,"href":"https:\/\/transferencia.irta.cat\/es\/wp-json\/wp\/v2\/programa_irta?post=5379"},{"taxonomy":"trainings","embeddable":true,"href":"https:\/\/transferencia.irta.cat\/es\/wp-json\/wp\/v2\/trainings?post=5379"}],"curies":[{"name":"wp","href":"https:\/\/api.w.org\/{rel}","templated":true}]}}

Soluciones de envasado para productos hortícolas frescos y procesados

<p>La necesidad de conservar los alimentos frescos o procesados ​​para evitar el derroche alimentario, mejorar la presentación y la comodidad para el consumidor ha llevado al desarrollo de tecnologías de envasado basadas en el uso de materiales de diferentes tipologías, tanto en formato granel como en formato consumidor.</p>



<p>A través de estas dos sesiones que comprenden esta jornada se pretende dar una visión global sobre diferentes aspectos relacionados con el envasado de productos hortícolas frescos y procesados, así como las últimas tendencias en sostenibilidad que se están implementando en este sector.</p>



<p>Esta jornada, dirigida principalmente a PYMES, pequeños obradores y productores del sector primario, pretende revisar diferentes aspectos relacionados con el envasado de los productos hortícolas para dar una visión global y ofrecer respuestas a un sector en plena evolución.</p>



<figure class="wp-block-image size-large"><img loading="lazy" decoding="async" width="1024" height="498" src="https://transferencia.irta.cat/wp-content/uploads/2020/11/1-5-1024x498.jpg" alt="" class="wp-image-5309" srcset="https://transferencia.irta.cat/wp-content/uploads/2020/11/1-5-1024x498.jpg 1024w, https://transferencia.irta.cat/wp-content/uploads/2020/11/1-5-300x146.jpg 300w, https://transferencia.irta.cat/wp-content/uploads/2020/11/1-5-768x373.jpg 768w, https://transferencia.irta.cat/wp-content/uploads/2020/11/1-5-1536x746.jpg 1536w, https://transferencia.irta.cat/wp-content/uploads/2020/11/1-5.jpg 1920w" sizes="auto, (max-width: 1024px) 100vw, 1024px" /></figure>

Catalán

En línea

<p>Jornada en línea</p>

<p><strong>18h00: Presentació de la sessió</strong></p>
<hr />
<p><strong>18h05: Tendències i tecnologies per l’envasament de productes hortícoles frescos i processats A càrrec d'Elsa Lloret.</strong></p>
<hr />
<p><strong>19h05: Solucions sostenibles per a l’envasament de productes hortícoles A càrrec de Begoña Marcos</strong></p>
<hr />
<p><strong>20h05: Torn obert de preguntes</strong></p>
<hr />
<p><strong>20h35: Cloenda</strong></p>
<hr />
<p>&nbsp;</p>

<!-- wp:paragraph -->
<p>Licenciada en Ciencia y Tecnología de Alimentos (2001) por la Universidad Autónoma de Barcelona (UAB) y MSc en “Polímeros y Biopolímeros” por la Universidad Politécnica de Catalunya (2013). Ha trabajado 6 años en la empresa privada (Ingeniera en el Departamento de I+D Danone) y desde 2006 en el IRTA. Sus actividades se enmarcan en proyectos de investigación, contratos, formación y asesoramiento técnico a empresas en el área del envasado de alimentos. Especializada en materiales plásticos para alimentos (convencionales, biodegradables, activos e inteligentes) y sus aplicaciones en las nuevas tecnologías de envasado (MAP, skin y vacío) y de conservación (microondas, radiofrecuencias y altas presiones) para prolongar su vida útil, obtener nuevos productos o nuevos procesos adaptados a las demandas del mercado.</p>
<!-- /wp:paragraph -->

<!-- wp:paragraph -->
<p>La Dra. Begoña Marcos es Ingeniera Agrónoma por la Universidad de LLeida (1998) y Doctora por la Universidad de Girona (2007). Su carrera investigadora se inicia con la realización del doctorado en el programa de Seguridad Alimentaria del IRTA. Después trabaja como Research Officer al Departamento de Tecnología de la carne del Teagasc de Dublín. Su actividad investigadora se ha centrado en temas relacionados con la tecnología de los alimentos, y en la aplicación de tecnologías de procesado emergentes para alargar la vida útil y mejorar la seguridad alimentaria desde una perspectiva multidisciplinar. Desde 2010 es investigadora del Área de Industrias Alimentarias del IRTA, trabajando en temas relacionados con el envasado de los alimentos, con un especial foco en la mejora de la vida útil y seguridad alimentaria a través del envase, los envases activos y la sostenibilidad de los envases. Ha participado en la dirección y ejecución de proyectos competitivos de I + D nacionales y europeos, así como en proyectos y contratos financiados por empresas del sector. Participa activamente en la transferencia de conocimiento al sector alimentario y de packaging a través de actividades de transferencia al sector.</p>
<!-- /wp:paragraph -->

<!-- This site is optimized with the Yoast SEO plugin v15.2 - https://yoast.com/wordpress/plugins/seo/ -->
<title>Soluciones de envasado para productos hortícolas frescos y procesados - IRTA</title>
<meta name="description" content="La necesidad de conservar los alimentos frescos o procesados ​​para evitar el derroche alimentario, mejorar la presentación y la comodidad para el" />
<meta name="robots" content="index, follow, max-snippet:-1, max-image-preview:large, max-video-preview:-1" />
<link rel="canonical" href="https://transferencia.irta.cat/es/activitats/soluciones-de-envasado-para-productos-horticolas-frescos-y-procesados/" />
<meta property="og:locale" content="es_ES" />
<meta property="og:type" content="article" />
<meta property="og:title" content="Soluciones de envasado para productos hortícolas frescos y procesados - IRTA" />
<meta property="og:description" content="La necesidad de conservar los alimentos frescos o procesados ​​para evitar el derroche alimentario, mejorar la presentación y la comodidad para el" />
<meta property="og:url" content="https://transferencia.irta.cat/es/activitats/soluciones-de-envasado-para-productos-horticolas-frescos-y-procesados/" />
<meta property="og:site_name" content="IRTA" />
<meta property="og:image" content="https://transferencia.irta.cat/wp-content/uploads/2020/11/1-5.jpg" />
	<meta property="og:image:width" content="1920" />
	<meta property="og:image:height" content="933" />
<meta name="twitter:card" content="summary_large_image" />
<meta name="twitter:label1" value="Escrito por">
	<meta name="twitter:data1" value="jtobal">
	<meta name="twitter:label2" value="Tiempo de lectura">
	<meta name="twitter:data2" value="1 minuto">
<script type="application/ld+json" class="yoast-schema-graph">{"@context":"https://schema.org","@graph":[{"@type":"WebSite","@id":"https://transferencia.irta.cat/es/#website","url":"https://transferencia.irta.cat/es/","name":"IRTA","description":"Transfer\u00e8ncia de coneixement","potentialAction":[{"@type":"SearchAction","target":"https://transferencia.irta.cat/es/?s={search_term_string}","query-input":"required name=search_term_string"}],"inLanguage":"es"},{"@type":"ImageObject","@id":"https://transferencia.irta.cat/es/activitats/soluciones-de-envasado-para-productos-horticolas-frescos-y-procesados/#primaryimage","inLanguage":"es","url":"https://transferencia.irta.cat/wp-content/uploads/2020/11/1-5.jpg","width":1920,"height":933},{"@type":"WebPage","@id":"https://transferencia.irta.cat/es/activitats/soluciones-de-envasado-para-productos-horticolas-frescos-y-procesados/#webpage","url":"https://transferencia.irta.cat/es/activitats/soluciones-de-envasado-para-productos-horticolas-frescos-y-procesados/","name":"Soluciones de envasado para productos hort\u00edcolas frescos y procesados - IRTA","isPartOf":{"@id":"https://transferencia.irta.cat/es/#website"},"primaryImageOfPage":{"@id":"https://transferencia.irta.cat/es/activitats/soluciones-de-envasado-para-productos-horticolas-frescos-y-procesados/#primaryimage"},"datePublished":"2020-12-11T08:34:20+00:00","dateModified":"2020-12-11T08:34:20+00:00","description":"La necesidad de conservar los alimentos frescos o procesados \u200b\u200bpara evitar el derroche alimentario, mejorar la presentaci\u00f3n y la comodidad para el","inLanguage":"es","potentialAction":[{"@type":"ReadAction","target":["https://transferencia.irta.cat/es/activitats/soluciones-de-envasado-para-productos-horticolas-frescos-y-procesados/"]}]}]}</script>
<!-- / Yoast SEO plugin. -->
