{"id":4638,"date":"2020-10-15T18:40:34","date_gmt":"2020-10-15T16:40:34","guid":{"rendered":"https:\/\/transferencia.irta.cat\/?post_type=activitats&#038;p=4638"},"modified":"2021-01-07T15:57:28","modified_gmt":"2021-01-07T14:57:28","slug":"semana-fruticola-dia-melocoton-y-nectarina","status":"publish","type":"activitats","link":"https:\/\/transferencia.irta.cat\/es\/activitats\/semana-fruticola-dia-melocoton-y-nectarina\/","title":{"rendered":"Semana Frut\u00edcola D\u00eda Melocot\u00f3n y Nectarina"},"content":{"rendered":"\n<p>En el marco de la Semana Frut\u00edcola, el martes <strong>27 de octubre<\/strong> hemos programado <strong>1 hora y media de ponencias en l\u00ednea <\/strong>durante la ma\u00f1ana sobre el cultivo del melocot\u00f3n y la nectarina con los expertos del IRTA, adem\u00e1s de otros especialistas invitados .<\/p>\n","protected":false},"featured_media":3577,"template":"","categories":[637,635],"tags":[808],"objectius_estrategics":[1204,1209,1211],"ods":[1264,1263,1261],"programa_irta":[1237],"trainings":[],"class_list":["post-4638","activitats","type-activitats","status-publish","has-post-thumbnail","hentry","category-fruticultura-es","category-produccion-vegetal","tag-fruita-dolca-es","objectius_estrategics-canvio-climatico","objectius_estrategics-sanidad-vegetal","objectius_estrategics-sistemas-agroalimentarios","ods-12-consumo-y-produccion-responsables","ods-13-accion-climatica","ods-15-vida-terrestre-es","programa_irta-v2-fructicultura-es"],"acf":{"codi":"","data":"27\/10\/2020","data_fi":"27\/10\/2020","horari":"12:00h - 13:30h","idioma":"Castellano","original_language":"ca","preu":"","places":"-1","ciutat":"En l\u00ednea","lloc_de_realitzacio":"<p><a href=\"https:\/\/ruralcat.adobeconnect.com\/irta2\/\" target=\"_blank\" rel=\"noopener\">SALA VIRTUAL Adobe Connect<\/a><\/p>\n","ubicacio":false,"imatge_ubicacio":false,"persona_contacte_nom":"Montse Palau","persona_contacte_email":"montserrat.palau@irta.cat","programa":{"ID":4727,"id":4727,"title":"ESP_PROGRAMA SET FRUTICOLA 2020 IRTA","filename":"ESP_PROGRAMA-SET-FRUTICOLA-2020-IRTA.pdf","filesize":915741,"url":"https:\/\/transferencia.irta.cat\/wp-content\/uploads\/2020\/07\/ESP_PROGRAMA-SET-FRUTICOLA-2020-IRTA.pdf","link":"https:\/\/transferencia.irta.cat\/es\/activitats\/semana-fruticola\/esp_programa-set-fruticola-2020-irta-2\/","alt":"","author":"32","description":"","caption":"","name":"esp_programa-set-fruticola-2020-irta-2","status":"inherit","uploaded_to":3573,"date":"2020-10-20 15:10:29","modified":"2021-02-09 14:54:35","menu_order":0,"mime_type":"application\/pdf","type":"application","subtype":"pdf","icon":"https:\/\/transferencia.irta.cat\/wp-includes\/images\/media\/document.png"},"programacio":"<p>12:00 h <strong>XAPcast: un sistema de predicci\u00f3n de la Mancha bacteriana de los frutales de hueso causada por <em>Xanthomonas arboricola<\/em> pv. <em>pruni<\/em>.<\/strong> Dr. Isidre Llorente, profesor e investigador Universitat de Girona. <em>Ponencia patrocinada por Manica Cobre<\/em><\/p>\n<hr \/>\n<p>12:10 h <strong>Ayuda a la toma de decisiones: aplicaciones de campo para el control de Monilinia spp. mediante el uso de un modelo epidemiol\u00f3gico<\/strong>. Dra. Carla Casals, IRTA<\/p>\n<hr \/>\n<p>12:20 h <strong>Variedades de melocot\u00f3n y nectarina (junio y julio): producci\u00f3n y calidad de fruto.<\/strong> Dra. Gemma Reig, IRTA <em>Ponencia patrocinada por Dow Agriscience<\/em><\/p>\n<p>Preguntas<\/p>\n<hr \/>\n<p>12:45 h <strong>Granado: \u00bfpuede ser una alternativa?<\/strong> Sr. Miquel Peris, IRTA <em>Ponencia patrocinada por Hernandorena<\/em><\/p>\n<hr \/>\n<p>12:55 h <strong>Los enemigos naturales clave para el control biol\u00f3gico de pulgones en melocotonero<\/strong>. Dra. Judit Arn\u00f3, IRTA.<\/p>\n<hr \/>\n<p>13:05 h <strong>Variedades de melocot\u00f3n y nectarina (agosto y septiembre): producci\u00f3n y calidad de fruto<\/strong>. Dra. Gemma Reig, IRTA<em> Ponencia patrocinada por Fruticultura<\/em><\/p>\n<hr \/>\n<p>13:20 h Preguntas.<\/p>\n","ponents":false,"organitza":[{"imatge":"https:\/\/transferencia.irta.cat\/wp-content\/uploads\/2020\/02\/IRTA.svg_.png","nom":"","link":""},{"imatge":"https:\/\/transferencia.irta.cat\/wp-content\/uploads\/2020\/01\/darp.png","nom":"","link":""},{"imatge":"https:\/\/transferencia.irta.cat\/wp-content\/uploads\/2020\/03\/FEADER-Europa-inverteix-en-les-zones-rurals.png","nom":"","link":""}],"patrocina":false,"colabora":[{"imatge":"https:\/\/transferencia.irta.cat\/wp-content\/uploads\/2020\/10\/LOGO_MANICA.jpg","nom":"","link":"http:\/\/www.manicacobre.com"},{"imatge":"https:\/\/transferencia.irta.cat\/wp-content\/uploads\/2020\/10\/LOGO-CORTEVA.jpg","nom":"","link":"https:\/\/www.corteva.es\/"},{"imatge":"https:\/\/transferencia.irta.cat\/wp-content\/uploads\/2020\/10\/HERNANDORENA.jpg","nom":"","link":"www.hernandorena.com"},{"imatge":"https:\/\/transferencia.irta.cat\/wp-content\/uploads\/2020\/10\/Fruticultura_HD.jpg","nom":"","link":"www.revistafruticultura.com"}],"serveis":false,"materials":[{"material":{"ID":5493,"post_author":"32","post_date":"2021-01-07 15:56:19","post_date_gmt":"2021-01-07 14:56:19","post_content":"","post_title":"Video D\u00eda Melocot\u00f3n y Nectarina","post_excerpt":"","post_status":"publish","comment_status":"closed","ping_status":"closed","post_password":"","post_name":"video-dia-melocoton-y-nectarina","to_ping":"","pinged":"","post_modified":"2021-01-07 15:56:19","post_modified_gmt":"2021-01-07 14:56:19","post_content_filtered":"","post_parent":0,"guid":"https:\/\/transferencia.irta.cat\/?post_type=material&#038;p=5493","menu_order":0,"post_type":"material","post_mime_type":"","comment_count":"0","filter":"raw"}}],"activitats_relacionades":false,"te_enquesta":false,"id_enquesta":"","enquesta_externa":"","subscribe_external_link":"","en_construccio":false,"wait_list":false},"yoast_head":"<!-- This site is optimized with the Yoast SEO plugin v15.2 - https:\/\/yoast.com\/wordpress\/plugins\/seo\/ -->\n<title>Semana Frut\u00edcola D\u00eda Melocot\u00f3n y Nectarina - IRTA<\/title>\n<meta name=\"description\" content=\"En el marco de la Semana Frut\u00edcola, el martes 27 de octubre hemos programado 1 hora y media de ponencias en l\u00ednea durante la ma\u00f1ana sobre el cultivo del\" \/>\n<meta name=\"robots\" content=\"index, follow, max-snippet:-1, max-image-preview:large, max-video-preview:-1\" \/>\n<link rel=\"canonical\" href=\"https:\/\/transferencia.irta.cat\/es\/activitats\/semana-fruticola-dia-melocoton-y-nectarina\/\" \/>\n<meta property=\"og:locale\" content=\"es_ES\" \/>\n<meta property=\"og:type\" content=\"article\" \/>\n<meta property=\"og:title\" content=\"Semana Frut\u00edcola D\u00eda Melocot\u00f3n y Nectarina - IRTA\" \/>\n<meta property=\"og:description\" content=\"En el marco de la Semana Frut\u00edcola, el martes 27 de octubre hemos programado 1 hora y media de ponencias en l\u00ednea durante la ma\u00f1ana sobre el cultivo del\" \/>\n<meta property=\"og:url\" content=\"https:\/\/transferencia.irta.cat\/es\/activitats\/semana-fruticola-dia-melocoton-y-nectarina\/\" \/>\n<meta property=\"og:site_name\" content=\"IRTA\" \/>\n<meta property=\"article:modified_time\" content=\"2021-01-07T14:57:28+00:00\" \/>\n<meta property=\"og:image\" content=\"https:\/\/transferencia.irta.cat\/wp-content\/uploads\/2020\/07\/nectariner_3.jpg\" \/>\n\t<meta property=\"og:image:width\" content=\"1920\" \/>\n\t<meta property=\"og:image:height\" content=\"1080\" \/>\n<meta name=\"twitter:card\" content=\"summary_large_image\" \/>\n<meta name=\"twitter:label1\" value=\"Escrito por\">\n\t<meta name=\"twitter:data1\" value=\"Montse\">\n\t<meta name=\"twitter:label2\" value=\"Tiempo de lectura\">\n\t<meta name=\"twitter:data2\" value=\"0 minutos\">\n<script type=\"application\/ld+json\" class=\"yoast-schema-graph\">{\"@context\":\"https:\/\/schema.org\",\"@graph\":[{\"@type\":\"WebSite\",\"@id\":\"https:\/\/transferencia.irta.cat\/es\/#website\",\"url\":\"https:\/\/transferencia.irta.cat\/es\/\",\"name\":\"IRTA\",\"description\":\"Transfer\\u00e8ncia de coneixement\",\"potentialAction\":[{\"@type\":\"SearchAction\",\"target\":\"https:\/\/transferencia.irta.cat\/es\/?s={search_term_string}\",\"query-input\":\"required name=search_term_string\"}],\"inLanguage\":\"es\"},{\"@type\":\"ImageObject\",\"@id\":\"https:\/\/transferencia.irta.cat\/es\/activitats\/semana-fruticola-dia-melocoton-y-nectarina\/#primaryimage\",\"inLanguage\":\"es\",\"url\":\"https:\/\/transferencia.irta.cat\/wp-content\/uploads\/2020\/07\/nectariner_3.jpg\",\"width\":1920,\"height\":1080},{\"@type\":\"WebPage\",\"@id\":\"https:\/\/transferencia.irta.cat\/es\/activitats\/semana-fruticola-dia-melocoton-y-nectarina\/#webpage\",\"url\":\"https:\/\/transferencia.irta.cat\/es\/activitats\/semana-fruticola-dia-melocoton-y-nectarina\/\",\"name\":\"Semana Frut\\u00edcola D\\u00eda Melocot\\u00f3n y Nectarina - IRTA\",\"isPartOf\":{\"@id\":\"https:\/\/transferencia.irta.cat\/es\/#website\"},\"primaryImageOfPage\":{\"@id\":\"https:\/\/transferencia.irta.cat\/es\/activitats\/semana-fruticola-dia-melocoton-y-nectarina\/#primaryimage\"},\"datePublished\":\"2020-10-15T16:40:34+00:00\",\"dateModified\":\"2021-01-07T14:57:28+00:00\",\"description\":\"En el marco de la Semana Frut\\u00edcola, el martes 27 de octubre hemos programado 1 hora y media de ponencias en l\\u00ednea durante la ma\\u00f1ana sobre el cultivo del\",\"inLanguage\":\"es\",\"potentialAction\":[{\"@type\":\"ReadAction\",\"target\":[\"https:\/\/transferencia.irta.cat\/es\/activitats\/semana-fruticola-dia-melocoton-y-nectarina\/\"]}]}]}<\/script>\n<!-- \/ Yoast SEO plugin. -->","_links":{"self":[{"href":"https:\/\/transferencia.irta.cat\/es\/wp-json\/wp\/v2\/activitats\/4638","targetHints":{"allow":["GET"]}}],"collection":[{"href":"https:\/\/transferencia.irta.cat\/es\/wp-json\/wp\/v2\/activitats"}],"about":[{"href":"https:\/\/transferencia.irta.cat\/es\/wp-json\/wp\/v2\/types\/activitats"}],"wp:featuredmedia":[{"embeddable":true,"href":"https:\/\/transferencia.irta.cat\/es\/wp-json\/wp\/v2\/media\/3577"}],"wp:attachment":[{"href":"https:\/\/transferencia.irta.cat\/es\/wp-json\/wp\/v2\/media?parent=4638"}],"wp:term":[{"taxonomy":"category","embeddable":true,"href":"https:\/\/transferencia.irta.cat\/es\/wp-json\/wp\/v2\/categories?post=4638"},{"taxonomy":"post_tag","embeddable":true,"href":"https:\/\/transferencia.irta.cat\/es\/wp-json\/wp\/v2\/tags?post=4638"},{"taxonomy":"objectius_estrategics","embeddable":true,"href":"https:\/\/transferencia.irta.cat\/es\/wp-json\/wp\/v2\/objectius_estrategics?post=4638"},{"taxonomy":"ods","embeddable":true,"href":"https:\/\/transferencia.irta.cat\/es\/wp-json\/wp\/v2\/ods?post=4638"},{"taxonomy":"programa_irta","embeddable":true,"href":"https:\/\/transferencia.irta.cat\/es\/wp-json\/wp\/v2\/programa_irta?post=4638"},{"taxonomy":"trainings","embeddable":true,"href":"https:\/\/transferencia.irta.cat\/es\/wp-json\/wp\/v2\/trainings?post=4638"}],"curies":[{"name":"wp","href":"https:\/\/api.w.org\/{rel}","templated":true}]}}

Semana Frutícola Día Melocotón y Nectarina

<p>En el marco de la Semana Frutícola, el martes <strong>27 de octubre</strong> hemos programado <strong>1 hora y media de ponencias en línea </strong>durante la mañana sobre el cultivo del melocotón y la nectarina con los expertos del IRTA, además de otros especialistas invitados .</p>

En línea

<p>12:00 h <strong>XAPcast: un sistema de predicción de la Mancha bacteriana de los frutales de hueso causada por <em>Xanthomonas arboricola</em> pv. <em>pruni</em>.</strong> Dr. Isidre Llorente, profesor e investigador Universitat de Girona. <em>Ponencia patrocinada por Manica Cobre</em></p>
<hr />
<p>12:10 h <strong>Ayuda a la toma de decisiones: aplicaciones de campo para el control de Monilinia spp. mediante el uso de un modelo epidemiológico</strong>. Dra. Carla Casals, IRTA</p>
<hr />
<p>12:20 h <strong>Variedades de melocotón y nectarina (junio y julio): producción y calidad de fruto.</strong> Dra. Gemma Reig, IRTA <em>Ponencia patrocinada por Dow Agriscience</em></p>
<p>Preguntas</p>
<hr />
<p>12:45 h <strong>Granado: ¿puede ser una alternativa?</strong> Sr. Miquel Peris, IRTA <em>Ponencia patrocinada por Hernandorena</em></p>
<hr />
<p>12:55 h <strong>Los enemigos naturales clave para el control biológico de pulgones en melocotonero</strong>. Dra. Judit Arnó, IRTA.</p>
<hr />
<p>13:05 h <strong>Variedades de melocotón y nectarina (agosto y septiembre): producción y calidad de fruto</strong>. Dra. Gemma Reig, IRTA<em> Ponencia patrocinada por Fruticultura</em></p>
<hr />
<p>13:20 h Preguntas.</p>

Video Día Melocotón y Nectarina

<!-- This site is optimized with the Yoast SEO plugin v15.2 - https://yoast.com/wordpress/plugins/seo/ -->
<title>Semana Frutícola Día Melocotón y Nectarina - IRTA</title>
<meta name="description" content="En el marco de la Semana Frutícola, el martes 27 de octubre hemos programado 1 hora y media de ponencias en línea durante la mañana sobre el cultivo del" />
<meta name="robots" content="index, follow, max-snippet:-1, max-image-preview:large, max-video-preview:-1" />
<link rel="canonical" href="https://transferencia.irta.cat/es/activitats/semana-fruticola-dia-melocoton-y-nectarina/" />
<meta property="og:locale" content="es_ES" />
<meta property="og:type" content="article" />
<meta property="og:title" content="Semana Frutícola Día Melocotón y Nectarina - IRTA" />
<meta property="og:description" content="En el marco de la Semana Frutícola, el martes 27 de octubre hemos programado 1 hora y media de ponencias en línea durante la mañana sobre el cultivo del" />
<meta property="og:url" content="https://transferencia.irta.cat/es/activitats/semana-fruticola-dia-melocoton-y-nectarina/" />
<meta property="og:site_name" content="IRTA" />
<meta property="article:modified_time" content="2021-01-07T14:57:28+00:00" />
<meta property="og:image" content="https://transferencia.irta.cat/wp-content/uploads/2020/07/nectariner_3.jpg" />
	<meta property="og:image:width" content="1920" />
	<meta property="og:image:height" content="1080" />
<meta name="twitter:card" content="summary_large_image" />
<meta name="twitter:label1" value="Escrito por">
	<meta name="twitter:data1" value="Montse">
	<meta name="twitter:label2" value="Tiempo de lectura">
	<meta name="twitter:data2" value="0 minutos">
<script type="application/ld+json" class="yoast-schema-graph">{"@context":"https://schema.org","@graph":[{"@type":"WebSite","@id":"https://transferencia.irta.cat/es/#website","url":"https://transferencia.irta.cat/es/","name":"IRTA","description":"Transfer\u00e8ncia de coneixement","potentialAction":[{"@type":"SearchAction","target":"https://transferencia.irta.cat/es/?s={search_term_string}","query-input":"required name=search_term_string"}],"inLanguage":"es"},{"@type":"ImageObject","@id":"https://transferencia.irta.cat/es/activitats/semana-fruticola-dia-melocoton-y-nectarina/#primaryimage","inLanguage":"es","url":"https://transferencia.irta.cat/wp-content/uploads/2020/07/nectariner_3.jpg","width":1920,"height":1080},{"@type":"WebPage","@id":"https://transferencia.irta.cat/es/activitats/semana-fruticola-dia-melocoton-y-nectarina/#webpage","url":"https://transferencia.irta.cat/es/activitats/semana-fruticola-dia-melocoton-y-nectarina/","name":"Semana Frut\u00edcola D\u00eda Melocot\u00f3n y Nectarina - IRTA","isPartOf":{"@id":"https://transferencia.irta.cat/es/#website"},"primaryImageOfPage":{"@id":"https://transferencia.irta.cat/es/activitats/semana-fruticola-dia-melocoton-y-nectarina/#primaryimage"},"datePublished":"2020-10-15T16:40:34+00:00","dateModified":"2021-01-07T14:57:28+00:00","description":"En el marco de la Semana Frut\u00edcola, el martes 27 de octubre hemos programado 1 hora y media de ponencias en l\u00ednea durante la ma\u00f1ana sobre el cultivo del","inLanguage":"es","potentialAction":[{"@type":"ReadAction","target":["https://transferencia.irta.cat/es/activitats/semana-fruticola-dia-melocoton-y-nectarina/"]}]}]}</script>
<!-- / Yoast SEO plugin. -->
