{"id":31378,"date":"2026-01-15T11:18:17","date_gmt":"2026-01-15T10:18:17","guid":{"rendered":"https:\/\/transferencia.irta.cat\/?post_type=activitats&#038;p=31378"},"modified":"2026-02-02T15:50:53","modified_gmt":"2026-02-02T14:50:53","slug":"jornada-de-impulso-de-la-ostricultura-en-el-delta-del-ebro","status":"publish","type":"activitats","link":"https:\/\/transferencia.irta.cat\/es\/activitats\/jornada-de-impulso-de-la-ostricultura-en-el-delta-del-ebro\/","title":{"rendered":"Jornada de impulso de la ostricultura en el Delta del Ebro."},"content":{"rendered":"\n<p><strong><em>JORNADA APLAZADA. EN BREVE OS INDICAREMOS LA NUEVA FECHA DE CELEBRACI\u00d3N<\/em><\/strong><\/p>\n\n\n\n<p>En esta jornada se presentar\u00e1n los resultados del primer a\u00f1o del \u201cPlan para la creaci\u00f3n de un vivero de semilla de ostra del delta del Ebro (2025-2028)\u201d, as\u00ed como del grupo de trabajo creado para hacer frente a los episodios de mortalidad en el cultivo de ostra en el Delta, con el objetivo de poner en com\u00fan el conocimiento generado y extraer aprendizajes pr\u00e1cticos.<br>Asimismo, el encuentro pretende presentar los objetivos y l\u00edneas de trabajo previstos para 2026, dar a conocer herramientas y recursos dise\u00f1ados para apoyar a los productores, y crear un espacio de debate para abordar el potencial del cultivo de la ostra en el delta.<\/p>\n\n\n\n<figure class=\"wp-block-image size-large is-resized\"><img loading=\"lazy\" decoding=\"async\" width=\"768\" height=\"1024\" src=\"https:\/\/transferencia.irta.cat\/wp-content\/uploads\/2026\/01\/ostra_programa-768x1024.jpg\" alt=\"\" class=\"wp-image-31377\" style=\"width:339px;height:auto\" srcset=\"https:\/\/transferencia.irta.cat\/wp-content\/uploads\/2026\/01\/ostra_programa-768x1024.jpg 768w, https:\/\/transferencia.irta.cat\/wp-content\/uploads\/2026\/01\/ostra_programa-225x300.jpg 225w, https:\/\/transferencia.irta.cat\/wp-content\/uploads\/2026\/01\/ostra_programa-1152x1536.jpg 1152w, https:\/\/transferencia.irta.cat\/wp-content\/uploads\/2026\/01\/ostra_programa.jpg 1440w\" sizes=\"auto, (max-width: 768px) 100vw, 768px\" \/><\/figure>\n","protected":false},"featured_media":31377,"template":"","categories":[631,630],"tags":[2727],"objectius_estrategics":[],"ods":[],"programa_irta":[1229],"trainings":[],"class_list":["post-31378","activitats","type-activitats","status-publish","has-post-thumbnail","hentry","category-acuicultura","category-produccion-animal","tag-acuicultura","programa_irta-a3-acuicultura"],"acf":{"codi":"","data":"05\/02\/2026","data_fi":"05\/02\/2026","horari":"16:00h - 18:00h","idioma":"Catal\u00e0","original_language":"ca","preu":"Gratuito","places":"-1","ciutat":"La R\u00e0pita \/ En l\u00ednea","lloc_de_realitzacio":"<p>IRTA La R\u00e0pita \/En l\u00ednea<\/p>\n","ubicacio":{"address":"IRTA la R\u00e0pita, La R\u00e0pita, Espanya","lat":40.6278381,"lng":0.6598212,"zoom":14,"place_id":"ChIJ4wSDnQyqoRIR5VWB8_l2848","name":"IRTA la R\u00e0pita","city":"La R\u00e0pita","state":"Catalu\u00f1a","state_short":"CT","post_code":"43540","country":"Espanya","country_short":"ES"},"imatge_ubicacio":false,"persona_contacte_nom":"Montse Palau","persona_contacte_email":"montserrat.palau@irta.cat","programa":{"ID":31461,"id":31461,"title":"La R\u00e0pita i en l\u00ednia_Ostra_0502_2026_24","filename":"La-Rapita-i-en-linia_Ostra_0502_2026_24-1.pdf","filesize":1188508,"url":"https:\/\/transferencia.irta.cat\/wp-content\/uploads\/2026\/01\/La-Rapita-i-en-linia_Ostra_0502_2026_24-1.pdf","link":"https:\/\/transferencia.irta.cat\/es\/activitats\/jornada-de-impulso-de-la-ostricultura-en-el-delta-del-ebro\/la-rapita-i-en-linia_ostra_0502_2026_24\/","alt":"","author":"32","description":"","caption":"","name":"la-rapita-i-en-linia_ostra_0502_2026_24","status":"inherit","uploaded_to":31378,"date":"2026-01-21 14:47:31","modified":"2026-01-21 14:47:31","menu_order":0,"mime_type":"application\/pdf","type":"application","subtype":"pdf","icon":"https:\/\/transferencia.irta.cat\/wp-includes\/images\/media\/document.png"},"programacio":"<p><strong>16:00 h Presentaci\u00f3n de la jornada<\/strong><br \/>\nMart\u00ed Puig. Jefe del Servicio de Comercializaci\u00f3n y Estructuras Pesqueras, Direcci\u00f3n General de Pol\u00edtica Mar\u00edtima y Pesca Sostenible<\/p>\n<hr \/>\n<p><strong>16:10 h Primera parte: Plan para la creaci\u00f3n de un criadero de semilla de ostra del delta del Ebro (2025-2028)<\/strong><\/p>\n<hr \/>\n<p><strong>Resultados en la producci\u00f3n de semilla y objetivos para 2026<\/strong><br \/>\nIgnasi Gair\u00edn. Investigador especialista del programa de Acuicultura del IRTA y Elvira Fatsini. Investigadora del programa de Acuicultura del IRTA<\/p>\n<hr \/>\n<p><strong>Resultados en el preengorde y objetivos para 2026<\/strong><br \/>\n\u00d3scar Vallejo. Director ejecutivo CFPI y Mar\u00eda Toldr\u00e0. Profesora CFPI<\/p>\n<hr \/>\n<p><strong>Planificaci\u00f3n de los primeros ensayos para la obtenci\u00f3n de semillas de ostra triploides<\/strong><br \/>\nElvira Fatsini. Investigadora del programa de Acuicultura del IRTA<\/p>\n<hr \/>\n<p><strong>16:50 h Segunda parte: Grupo de trabajo para hacer frente a los episodios de mortalidad en el cultivo de la ostra en el delta<\/strong><\/p>\n<hr \/>\n<p><strong>Resultados del primer a\u00f1o<\/strong><br \/>\nMart\u00ed Puig. Jefe del Servicio de Comercializaci\u00f3n y Estructuras Pesqueras y Yanis Cruz. Personal de apoyo del programa de Acuicultura del IRTA<\/p>\n<hr \/>\n<p><strong>Presentaci\u00f3n del proyecto \u201cGu\u00eda de buenas pr\u00e1cticas para reducir la mortalidad en el cultivo de la ostra y herramientas de apoyo a los productores\u201d<\/strong><br \/>\nDolors Furones. Investigadora del programa de Acuicultura del IRTA<\/p>\n<hr \/>\n<p><strong>Herramientas de apoyo a los productores de los proyectos eHOPE y FLORETHA<\/strong><br \/>\nMargarita Fern\u00e1ndez. Investigadora especialista en Aguas marinas y continentales del IRTA<\/p>\n<hr \/>\n<p><strong>17:30 h Debate: La voz del productor<\/strong><\/p>\n<hr \/>\n<p><strong>18:00 h Clausura de la jornada<\/strong><\/p>\n","ponents":false,"organitza":[{"imatge":"https:\/\/transferencia.irta.cat\/wp-content\/uploads\/2025\/05\/Logo_IRTA_sense-descriptor_principal.png","nom":"","link":""},{"imatge":"https:\/\/transferencia.irta.cat\/wp-content\/uploads\/2020\/05\/agricultura_h2.jpg","nom":"","link":""}],"patrocina":false,"colabora":[{"imatge":"https:\/\/transferencia.irta.cat\/wp-content\/uploads\/2026\/01\/fepromodel.png","nom":"","link":""},{"imatge":"https:\/\/transferencia.irta.cat\/wp-content\/uploads\/2025\/03\/logo-iepaac.jpg","nom":"","link":""},{"imatge":"https:\/\/transferencia.irta.cat\/wp-content\/uploads\/2026\/01\/ostra-rissada.png","nom":"","link":""}],"serveis":false,"materials":false,"activitats_relacionades":false,"te_enquesta":true,"id_enquesta":"","enquesta_externa":"","subscribe_external_link":"","en_construccio":true,"wait_list":false},"yoast_head":"<!-- This site is optimized with the Yoast SEO plugin v15.2 - https:\/\/yoast.com\/wordpress\/plugins\/seo\/ -->\n<title>Jornada de impulso de la ostricultura en el Delta del Ebro. - IRTA<\/title>\n<meta name=\"description\" content=\"JORNADA APLAZADA. EN BREVE OS INDICAREMOS LA NUEVA FECHA DE CELEBRACI\u00d3N En esta jornada se presentar\u00e1n los resultados del primer a\u00f1o del \u201cPlan para la\" \/>\n<meta name=\"robots\" content=\"index, follow, max-snippet:-1, max-image-preview:large, max-video-preview:-1\" \/>\n<link rel=\"canonical\" href=\"https:\/\/transferencia.irta.cat\/es\/activitats\/jornada-de-impulso-de-la-ostricultura-en-el-delta-del-ebro\/\" \/>\n<meta property=\"og:locale\" content=\"es_ES\" \/>\n<meta property=\"og:type\" content=\"article\" \/>\n<meta property=\"og:title\" content=\"Jornada de impulso de la ostricultura en el Delta del Ebro. - IRTA\" \/>\n<meta property=\"og:description\" content=\"JORNADA APLAZADA. EN BREVE OS INDICAREMOS LA NUEVA FECHA DE CELEBRACI\u00d3N En esta jornada se presentar\u00e1n los resultados del primer a\u00f1o del \u201cPlan para la\" \/>\n<meta property=\"og:url\" content=\"https:\/\/transferencia.irta.cat\/es\/activitats\/jornada-de-impulso-de-la-ostricultura-en-el-delta-del-ebro\/\" \/>\n<meta property=\"og:site_name\" content=\"IRTA\" \/>\n<meta property=\"article:modified_time\" content=\"2026-02-02T14:50:53+00:00\" \/>\n<meta property=\"og:image\" content=\"https:\/\/transferencia.irta.cat\/wp-content\/uploads\/2026\/01\/ostra_programa.jpg\" \/>\n\t<meta property=\"og:image:width\" content=\"1440\" \/>\n\t<meta property=\"og:image:height\" content=\"1920\" \/>\n<meta name=\"twitter:card\" content=\"summary_large_image\" \/>\n<meta name=\"twitter:label1\" value=\"Escrito por\">\n\t<meta name=\"twitter:data1\" value=\"Montse\">\n\t<meta name=\"twitter:label2\" value=\"Tiempo de lectura\">\n\t<meta name=\"twitter:data2\" value=\"1 minuto\">\n<script type=\"application\/ld+json\" class=\"yoast-schema-graph\">{\"@context\":\"https:\/\/schema.org\",\"@graph\":[{\"@type\":\"WebSite\",\"@id\":\"https:\/\/transferencia.irta.cat\/es\/#website\",\"url\":\"https:\/\/transferencia.irta.cat\/es\/\",\"name\":\"IRTA\",\"description\":\"Transfer\\u00e8ncia de coneixement\",\"potentialAction\":[{\"@type\":\"SearchAction\",\"target\":\"https:\/\/transferencia.irta.cat\/es\/?s={search_term_string}\",\"query-input\":\"required name=search_term_string\"}],\"inLanguage\":\"es\"},{\"@type\":\"ImageObject\",\"@id\":\"https:\/\/transferencia.irta.cat\/es\/activitats\/jornada-de-impulso-de-la-ostricultura-en-el-delta-del-ebro\/#primaryimage\",\"inLanguage\":\"es\",\"url\":\"https:\/\/transferencia.irta.cat\/wp-content\/uploads\/2026\/01\/ostra_programa.jpg\",\"width\":1440,\"height\":1920},{\"@type\":\"WebPage\",\"@id\":\"https:\/\/transferencia.irta.cat\/es\/activitats\/jornada-de-impulso-de-la-ostricultura-en-el-delta-del-ebro\/#webpage\",\"url\":\"https:\/\/transferencia.irta.cat\/es\/activitats\/jornada-de-impulso-de-la-ostricultura-en-el-delta-del-ebro\/\",\"name\":\"Jornada de impulso de la ostricultura en el Delta del Ebro. - IRTA\",\"isPartOf\":{\"@id\":\"https:\/\/transferencia.irta.cat\/es\/#website\"},\"primaryImageOfPage\":{\"@id\":\"https:\/\/transferencia.irta.cat\/es\/activitats\/jornada-de-impulso-de-la-ostricultura-en-el-delta-del-ebro\/#primaryimage\"},\"datePublished\":\"2026-01-15T10:18:17+00:00\",\"dateModified\":\"2026-02-02T14:50:53+00:00\",\"description\":\"JORNADA APLAZADA. EN BREVE OS INDICAREMOS LA NUEVA FECHA DE CELEBRACI\\u00d3N En esta jornada se presentar\\u00e1n los resultados del primer a\\u00f1o del \\u201cPlan para la\",\"inLanguage\":\"es\",\"potentialAction\":[{\"@type\":\"ReadAction\",\"target\":[\"https:\/\/transferencia.irta.cat\/es\/activitats\/jornada-de-impulso-de-la-ostricultura-en-el-delta-del-ebro\/\"]}]}]}<\/script>\n<!-- \/ Yoast SEO plugin. -->","_links":{"self":[{"href":"https:\/\/transferencia.irta.cat\/es\/wp-json\/wp\/v2\/activitats\/31378","targetHints":{"allow":["GET"]}}],"collection":[{"href":"https:\/\/transferencia.irta.cat\/es\/wp-json\/wp\/v2\/activitats"}],"about":[{"href":"https:\/\/transferencia.irta.cat\/es\/wp-json\/wp\/v2\/types\/activitats"}],"wp:featuredmedia":[{"embeddable":true,"href":"https:\/\/transferencia.irta.cat\/es\/wp-json\/wp\/v2\/media\/31377"}],"wp:attachment":[{"href":"https:\/\/transferencia.irta.cat\/es\/wp-json\/wp\/v2\/media?parent=31378"}],"wp:term":[{"taxonomy":"category","embeddable":true,"href":"https:\/\/transferencia.irta.cat\/es\/wp-json\/wp\/v2\/categories?post=31378"},{"taxonomy":"post_tag","embeddable":true,"href":"https:\/\/transferencia.irta.cat\/es\/wp-json\/wp\/v2\/tags?post=31378"},{"taxonomy":"objectius_estrategics","embeddable":true,"href":"https:\/\/transferencia.irta.cat\/es\/wp-json\/wp\/v2\/objectius_estrategics?post=31378"},{"taxonomy":"ods","embeddable":true,"href":"https:\/\/transferencia.irta.cat\/es\/wp-json\/wp\/v2\/ods?post=31378"},{"taxonomy":"programa_irta","embeddable":true,"href":"https:\/\/transferencia.irta.cat\/es\/wp-json\/wp\/v2\/programa_irta?post=31378"},{"taxonomy":"trainings","embeddable":true,"href":"https:\/\/transferencia.irta.cat\/es\/wp-json\/wp\/v2\/trainings?post=31378"}],"curies":[{"name":"wp","href":"https:\/\/api.w.org\/{rel}","templated":true}]}}

<p><strong><em>JORNADA APLAZADA. EN BREVE OS INDICAREMOS LA NUEVA FECHA DE CELEBRACIÓN</em></strong></p>



<p>En esta jornada se presentarán los resultados del primer año del “Plan para la creación de un vivero de semilla de ostra del delta del Ebro (2025-2028)”, así como del grupo de trabajo creado para hacer frente a los episodios de mortalidad en el cultivo de ostra en el Delta, con el objetivo de poner en común el conocimiento generado y extraer aprendizajes prácticos.<br>Asimismo, el encuentro pretende presentar los objetivos y líneas de trabajo previstos para 2026, dar a conocer herramientas y recursos diseñados para apoyar a los productores, y crear un espacio de debate para abordar el potencial del cultivo de la ostra en el delta.</p>



<figure class="wp-block-image size-large is-resized"><img loading="lazy" decoding="async" width="768" height="1024" src="https://transferencia.irta.cat/wp-content/uploads/2026/01/ostra_programa-768x1024.jpg" alt="" class="wp-image-31377" style="width:339px;height:auto" srcset="https://transferencia.irta.cat/wp-content/uploads/2026/01/ostra_programa-768x1024.jpg 768w, https://transferencia.irta.cat/wp-content/uploads/2026/01/ostra_programa-225x300.jpg 225w, https://transferencia.irta.cat/wp-content/uploads/2026/01/ostra_programa-1152x1536.jpg 1152w, https://transferencia.irta.cat/wp-content/uploads/2026/01/ostra_programa.jpg 1440w" sizes="auto, (max-width: 768px) 100vw, 768px" /></figure>

Català

La Ràpita / En línea

<p>IRTA La Ràpita /En línea</p>

IRTA la Ràpita, La Ràpita, Espanya

IRTA la Ràpita

La Ràpita

Cataluña

La Ràpita i en línia_Ostra_0502_2026_24

<p><strong>16:00 h Presentación de la jornada</strong><br />
Martí Puig. Jefe del Servicio de Comercialización y Estructuras Pesqueras, Dirección General de Política Marítima y Pesca Sostenible</p>
<hr />
<p><strong>16:10 h Primera parte: Plan para la creación de un criadero de semilla de ostra del delta del Ebro (2025-2028)</strong></p>
<hr />
<p><strong>Resultados en la producción de semilla y objetivos para 2026</strong><br />
Ignasi Gairín. Investigador especialista del programa de Acuicultura del IRTA y Elvira Fatsini. Investigadora del programa de Acuicultura del IRTA</p>
<hr />
<p><strong>Resultados en el preengorde y objetivos para 2026</strong><br />
Óscar Vallejo. Director ejecutivo CFPI y María Toldrà. Profesora CFPI</p>
<hr />
<p><strong>Planificación de los primeros ensayos para la obtención de semillas de ostra triploides</strong><br />
Elvira Fatsini. Investigadora del programa de Acuicultura del IRTA</p>
<hr />
<p><strong>16:50 h Segunda parte: Grupo de trabajo para hacer frente a los episodios de mortalidad en el cultivo de la ostra en el delta</strong></p>
<hr />
<p><strong>Resultados del primer año</strong><br />
Martí Puig. Jefe del Servicio de Comercialización y Estructuras Pesqueras y Yanis Cruz. Personal de apoyo del programa de Acuicultura del IRTA</p>
<hr />
<p><strong>Presentación del proyecto “Guía de buenas prácticas para reducir la mortalidad en el cultivo de la ostra y herramientas de apoyo a los productores”</strong><br />
Dolors Furones. Investigadora del programa de Acuicultura del IRTA</p>
<hr />
<p><strong>Herramientas de apoyo a los productores de los proyectos eHOPE y FLORETHA</strong><br />
Margarita Fernández. Investigadora especialista en Aguas marinas y continentales del IRTA</p>
<hr />
<p><strong>17:30 h Debate: La voz del productor</strong></p>
<hr />
<p><strong>18:00 h Clausura de la jornada</strong></p>

<!-- This site is optimized with the Yoast SEO plugin v15.2 - https://yoast.com/wordpress/plugins/seo/ -->
<title>Jornada de impulso de la ostricultura en el Delta del Ebro. - IRTA</title>
<meta name="description" content="JORNADA APLAZADA. EN BREVE OS INDICAREMOS LA NUEVA FECHA DE CELEBRACIÓN En esta jornada se presentarán los resultados del primer año del “Plan para la" />
<meta name="robots" content="index, follow, max-snippet:-1, max-image-preview:large, max-video-preview:-1" />
<link rel="canonical" href="https://transferencia.irta.cat/es/activitats/jornada-de-impulso-de-la-ostricultura-en-el-delta-del-ebro/" />
<meta property="og:locale" content="es_ES" />
<meta property="og:type" content="article" />
<meta property="og:title" content="Jornada de impulso de la ostricultura en el Delta del Ebro. - IRTA" />
<meta property="og:description" content="JORNADA APLAZADA. EN BREVE OS INDICAREMOS LA NUEVA FECHA DE CELEBRACIÓN En esta jornada se presentarán los resultados del primer año del “Plan para la" />
<meta property="og:url" content="https://transferencia.irta.cat/es/activitats/jornada-de-impulso-de-la-ostricultura-en-el-delta-del-ebro/" />
<meta property="og:site_name" content="IRTA" />
<meta property="article:modified_time" content="2026-02-02T14:50:53+00:00" />
<meta property="og:image" content="https://transferencia.irta.cat/wp-content/uploads/2026/01/ostra_programa.jpg" />
	<meta property="og:image:width" content="1440" />
	<meta property="og:image:height" content="1920" />
<meta name="twitter:card" content="summary_large_image" />
<meta name="twitter:label1" value="Escrito por">
	<meta name="twitter:data1" value="Montse">
	<meta name="twitter:label2" value="Tiempo de lectura">
	<meta name="twitter:data2" value="1 minuto">
<script type="application/ld+json" class="yoast-schema-graph">{"@context":"https://schema.org","@graph":[{"@type":"WebSite","@id":"https://transferencia.irta.cat/es/#website","url":"https://transferencia.irta.cat/es/","name":"IRTA","description":"Transfer\u00e8ncia de coneixement","potentialAction":[{"@type":"SearchAction","target":"https://transferencia.irta.cat/es/?s={search_term_string}","query-input":"required name=search_term_string"}],"inLanguage":"es"},{"@type":"ImageObject","@id":"https://transferencia.irta.cat/es/activitats/jornada-de-impulso-de-la-ostricultura-en-el-delta-del-ebro/#primaryimage","inLanguage":"es","url":"https://transferencia.irta.cat/wp-content/uploads/2026/01/ostra_programa.jpg","width":1440,"height":1920},{"@type":"WebPage","@id":"https://transferencia.irta.cat/es/activitats/jornada-de-impulso-de-la-ostricultura-en-el-delta-del-ebro/#webpage","url":"https://transferencia.irta.cat/es/activitats/jornada-de-impulso-de-la-ostricultura-en-el-delta-del-ebro/","name":"Jornada de impulso de la ostricultura en el Delta del Ebro. - IRTA","isPartOf":{"@id":"https://transferencia.irta.cat/es/#website"},"primaryImageOfPage":{"@id":"https://transferencia.irta.cat/es/activitats/jornada-de-impulso-de-la-ostricultura-en-el-delta-del-ebro/#primaryimage"},"datePublished":"2026-01-15T10:18:17+00:00","dateModified":"2026-02-02T14:50:53+00:00","description":"JORNADA APLAZADA. EN BREVE OS INDICAREMOS LA NUEVA FECHA DE CELEBRACI\u00d3N En esta jornada se presentar\u00e1n los resultados del primer a\u00f1o del \u201cPlan para la","inLanguage":"es","potentialAction":[{"@type":"ReadAction","target":["https://transferencia.irta.cat/es/activitats/jornada-de-impulso-de-la-ostricultura-en-el-delta-del-ebro/"]}]}]}</script>
<!-- / Yoast SEO plugin. -->
