{"id":27250,"date":"2025-02-20T11:11:57","date_gmt":"2025-02-20T10:11:57","guid":{"rendered":"https:\/\/transferencia.irta.cat\/?post_type=activitats&#038;p=27250"},"modified":"2025-06-02T17:32:33","modified_gmt":"2025-06-02T15:32:33","slug":"xvi-jornada-tecnica-del-nogal-2025","status":"publish","type":"activitats","link":"https:\/\/transferencia.irta.cat\/es\/activitats\/xvi-jornada-tecnica-del-nogal-2025\/","title":{"rendered":"XVI Jornada t\u00e9cnica del nogal 2025"},"content":{"rendered":"\n<p>Este a\u00f1o se abordan dos retos importantes a los que deben hacer frente los productores de nuevos. La limitaci\u00f3n en el uso de pesticidas y una climatolog\u00eda completamente err\u00e1tica. En esta ocasi\u00f3n, el IRTA presenta dos actividades de transferencia establecidas en el marco de la PAC 2023-2027 y otorgadas por la Generalitat de Catalunya, que buscan aportar conocimiento para aliviar las consecuencias de esta realidad. Los primeros resultados se muestran en dos bloques: plagas y respuesta del material vegetal. Se dar\u00e1n tambi\u00e9n los resultados de la evaluaci\u00f3n sensorial realizada en la Jornada de 2024. La jornada en sala se combinar\u00e1 con demostraciones en campo donde se ofrecer\u00e1 al sector la oportunidad de conocer herramientas aplicables a este cultivo. Los productores ser\u00e1n parte activa de la jornada favoreciendo el intercambio de opiniones, el aprendizaje y el compromiso de todos dentro del espacio de expositores, en el campo y durante la comida. En esta jornada se hablar\u00e1 de la Actividad Demostrativa Plagas Noguer y CC NUTS incluidas en el marco de la PAC 2023-2027<\/p>\n\n\n\n<p><\/p>\n\n\n\n<figure class=\"wp-block-image size-large is-resized\"><img loading=\"lazy\" decoding=\"async\" src=\"https:\/\/transferencia.irta.cat\/wp-content\/uploads\/2023\/02\/nous-1-1024x682.jpg\" alt=\"\" class=\"wp-image-18467\" width=\"455\" height=\"303\"\/><\/figure>\n","protected":false},"featured_media":0,"template":"","categories":[637,635],"tags":[2649,2648],"objectius_estrategics":[],"ods":[],"programa_irta":[1237],"trainings":[],"class_list":["post-27250","activitats","type-activitats","status-publish","hentry","category-fruticultura-es","category-produccion-vegetal","tag-fruto-seco","tag-nuez","programa_irta-v2-fructicultura-es"],"acf":{"codi":"","data":"11\/06\/2025","data_fi":"11\/06\/2025","horari":"09:00h - 13.45h","idioma":"Catal\u00e1n","original_language":"ca","preu":"Gratuito","places":"-1","ciutat":"Constant\u00ed","lloc_de_realitzacio":"<p>IRTA Mas Bov\u00e9<\/p>\n","ubicacio":{"address":"IRTA Mas Bov\u00e9, TP-7225, Constant\u00ed, Espanya","lat":41.16988509999999,"lng":1.1685156,"zoom":14,"place_id":"ChIJYzlZBPRWoRIR774YmmGWMEs","name":"IRTA Mas Bov\u00e9","street_number":"km 3","street_name":"TP-7225","city":"Constant\u00ed","state":"Catalunya","state_short":"CT","post_code":"43120","country":"Espanya","country_short":"ES"},"imatge_ubicacio":false,"persona_contacte_nom":"Montse Palau","persona_contacte_email":"montserrat.palau@irta.cat","programa":{"ID":28264,"id":28264,"title":"ES_XVI Jornada del nogal_2025","filename":"ES_XVI-Jornada-del-nogal_2025.pdf","filesize":382025,"url":"https:\/\/transferencia.irta.cat\/wp-content\/uploads\/2025\/02\/ES_XVI-Jornada-del-nogal_2025.pdf","link":"https:\/\/transferencia.irta.cat\/es\/activitats\/xvi-jornada-tecnica-del-nogal-2025\/es_xvi-jornada-del-nogal_2025\/","alt":"","author":"32","description":"","caption":"","name":"es_xvi-jornada-del-nogal_2025","status":"inherit","uploaded_to":27250,"date":"2025-05-30 10:28:57","modified":"2025-05-30 10:28:57","menu_order":0,"mime_type":"application\/pdf","type":"application","subtype":"pdf","icon":"https:\/\/transferencia.irta.cat\/wp-includes\/images\/media\/document.png"},"programacio":"<p><strong>9.00 h Validaci\u00f3n de inscripciones<\/strong><\/p>\n<hr \/>\n<p><strong>9.25 h Presentaci\u00f3n de la jornada. Luis As\u00edn. Jefe del Programa de fruticultura del IRTA<\/strong><\/p>\n<hr \/>\n<p><strong>9.30 h Validaci\u00f3n del modelo de Carpocapsa: \u00bfes \u00fatil para nogal?<\/strong><br \/>\n<strong>Dolors Bosch. Programa protecci\u00f3n vegetal sostenible del IRTA<\/strong><\/p>\n<hr \/>\n<p><strong>9.45 h Estimaci\u00f3n de los requisitos de fr\u00edo y calor en el cultivo de nogal dentro de la provincia de Tarragona<\/strong><br \/>\n<strong>Imma Funes. Programa de fruticultura del IRTA<\/strong><\/p>\n<hr \/>\n<p><strong>10.10 h Pausa caf\u00e9 y visita a los stands<\/strong><\/p>\n<hr \/>\n<p><strong>11.15 h Estadios diferenciados de maduraci\u00f3n del grano seg\u00fan variedades<\/strong><br \/>\n<strong>Laia Abell\u00f3. Programa de fruticultura del IRTA<\/strong><\/p>\n<hr \/>\n<p><strong>11.30 h Calidad y evaluaci\u00f3n sensorial de cuatro variedades de nueces: comparaci\u00f3n entre consumidores y productores<\/strong><br \/>\n<strong>Leontina Lipan. Programa fruticultura del IRTA<\/strong><\/p>\n<hr \/>\n<p><strong>11.45 h Demostraciones de campo<\/strong><br \/>\n\u2022 Tecnolog\u00edas de monitorizaci\u00f3n a campo: sondas, sensores y datos. IRTA<br \/>\n\u2022 Optimizaci\u00f3n de las tareas en control de vegetaci\u00f3n. Tractor Nin<br \/>\n\u2022 Mantener al d\u00eda la gesti\u00f3n de la inca minimizando el uso de herbicidas. Tallers Corbins<br \/>\n\u2022 Golpe de calor en el nogal: qu\u00e9 hemos detectado y qu\u00e9 probaremos. IRTA y CBC Iberia<\/p>\n<hr \/>\n<p><strong>13.45 h Comida networking<\/strong><\/p>\n","ponents":false,"organitza":[{"imatge":"https:\/\/transferencia.irta.cat\/wp-content\/uploads\/2025\/05\/Logo_IRTA_sense-descriptor_principal.png","nom":"","link":""},{"imatge":"https:\/\/transferencia.irta.cat\/wp-content\/uploads\/2025\/02\/PATT-2025.png","nom":"","link":""},{"imatge":"https:\/\/transferencia.irta.cat\/wp-content\/uploads\/2020\/03\/Gencat_color.gif","nom":"","link":""}],"patrocina":false,"colabora":[{"imatge":"https:\/\/transferencia.irta.cat\/wp-content\/uploads\/2023\/02\/JOSEP-MA-HORTET.jpg","nom":"","link":""},{"imatge":"https:\/\/transferencia.irta.cat\/wp-content\/uploads\/2021\/11\/biogard.jpg","nom":"","link":""},{"imatge":"https:\/\/transferencia.irta.cat\/wp-content\/uploads\/2023\/12\/bonaventura-mestre.jpg","nom":"","link":""},{"imatge":false,"nom":"","link":""},{"imatge":"https:\/\/transferencia.irta.cat\/wp-content\/uploads\/2022\/12\/Logotipo_del_Ministerio_de_Agricultura_y_Pesca_Alimentaci\u00f3n_y_Medio_Ambiente.svg_-1.png","nom":"","link":""},{"imatge":"https:\/\/transferencia.irta.cat\/wp-content\/uploads\/2025\/02\/cofinan\u00e7at-UE.jpg","nom":"","link":""},{"imatge":"https:\/\/transferencia.irta.cat\/wp-content\/uploads\/2025\/05\/gastronomia.jpg","nom":"","link":""},{"imatge":"https:\/\/transferencia.irta.cat\/wp-content\/uploads\/2020\/03\/logo-xarxa-i-color.jpg","nom":"","link":""}],"serveis":false,"materials":false,"activitats_relacionades":false,"te_enquesta":false,"id_enquesta":"","enquesta_externa":"","subscribe_external_link":"","en_construccio":false,"wait_list":false},"yoast_head":"<!-- This site is optimized with the Yoast SEO plugin v15.2 - https:\/\/yoast.com\/wordpress\/plugins\/seo\/ -->\n<title>XVI Jornada t\u00e9cnica del nogal 2025 - IRTA<\/title>\n<meta name=\"description\" content=\"Este a\u00f1o se abordan dos retos importantes a los que deben hacer frente los productores de nuevos. La limitaci\u00f3n en el uso de pesticidas y una climatolog\u00eda\" \/>\n<meta name=\"robots\" content=\"index, follow, max-snippet:-1, max-image-preview:large, max-video-preview:-1\" \/>\n<link rel=\"canonical\" href=\"https:\/\/transferencia.irta.cat\/es\/activitats\/xvi-jornada-tecnica-del-nogal-2025\/\" \/>\n<meta property=\"og:locale\" content=\"es_ES\" \/>\n<meta property=\"og:type\" content=\"article\" \/>\n<meta property=\"og:title\" content=\"XVI Jornada t\u00e9cnica del nogal 2025 - IRTA\" \/>\n<meta property=\"og:description\" content=\"Este a\u00f1o se abordan dos retos importantes a los que deben hacer frente los productores de nuevos. La limitaci\u00f3n en el uso de pesticidas y una climatolog\u00eda\" \/>\n<meta property=\"og:url\" content=\"https:\/\/transferencia.irta.cat\/es\/activitats\/xvi-jornada-tecnica-del-nogal-2025\/\" \/>\n<meta property=\"og:site_name\" content=\"IRTA\" \/>\n<meta property=\"article:modified_time\" content=\"2025-06-02T15:32:33+00:00\" \/>\n<meta name=\"twitter:card\" content=\"summary_large_image\" \/>\n<meta name=\"twitter:label1\" value=\"Escrito por\">\n\t<meta name=\"twitter:data1\" value=\"Montse\">\n\t<meta name=\"twitter:label2\" value=\"Tiempo de lectura\">\n\t<meta name=\"twitter:data2\" value=\"1 minuto\">\n<script type=\"application\/ld+json\" class=\"yoast-schema-graph\">{\"@context\":\"https:\/\/schema.org\",\"@graph\":[{\"@type\":\"WebSite\",\"@id\":\"https:\/\/transferencia.irta.cat\/es\/#website\",\"url\":\"https:\/\/transferencia.irta.cat\/es\/\",\"name\":\"IRTA\",\"description\":\"Transfer\\u00e8ncia de coneixement\",\"potentialAction\":[{\"@type\":\"SearchAction\",\"target\":\"https:\/\/transferencia.irta.cat\/es\/?s={search_term_string}\",\"query-input\":\"required name=search_term_string\"}],\"inLanguage\":\"es\"},{\"@type\":\"ImageObject\",\"@id\":\"https:\/\/transferencia.irta.cat\/es\/activitats\/xvi-jornada-tecnica-del-nogal-2025\/#primaryimage\",\"inLanguage\":\"es\",\"url\":\"https:\/\/transferencia.irta.cat\/wp-content\/uploads\/2023\/02\/nous-1.jpg\",\"width\":1920,\"height\":1279},{\"@type\":\"WebPage\",\"@id\":\"https:\/\/transferencia.irta.cat\/es\/activitats\/xvi-jornada-tecnica-del-nogal-2025\/#webpage\",\"url\":\"https:\/\/transferencia.irta.cat\/es\/activitats\/xvi-jornada-tecnica-del-nogal-2025\/\",\"name\":\"XVI Jornada t\\u00e9cnica del nogal 2025 - IRTA\",\"isPartOf\":{\"@id\":\"https:\/\/transferencia.irta.cat\/es\/#website\"},\"primaryImageOfPage\":{\"@id\":\"https:\/\/transferencia.irta.cat\/es\/activitats\/xvi-jornada-tecnica-del-nogal-2025\/#primaryimage\"},\"datePublished\":\"2025-02-20T10:11:57+00:00\",\"dateModified\":\"2025-06-02T15:32:33+00:00\",\"description\":\"Este a\\u00f1o se abordan dos retos importantes a los que deben hacer frente los productores de nuevos. La limitaci\\u00f3n en el uso de pesticidas y una climatolog\\u00eda\",\"inLanguage\":\"es\",\"potentialAction\":[{\"@type\":\"ReadAction\",\"target\":[\"https:\/\/transferencia.irta.cat\/es\/activitats\/xvi-jornada-tecnica-del-nogal-2025\/\"]}]}]}<\/script>\n<!-- \/ Yoast SEO plugin. -->","_links":{"self":[{"href":"https:\/\/transferencia.irta.cat\/es\/wp-json\/wp\/v2\/activitats\/27250","targetHints":{"allow":["GET"]}}],"collection":[{"href":"https:\/\/transferencia.irta.cat\/es\/wp-json\/wp\/v2\/activitats"}],"about":[{"href":"https:\/\/transferencia.irta.cat\/es\/wp-json\/wp\/v2\/types\/activitats"}],"wp:attachment":[{"href":"https:\/\/transferencia.irta.cat\/es\/wp-json\/wp\/v2\/media?parent=27250"}],"wp:term":[{"taxonomy":"category","embeddable":true,"href":"https:\/\/transferencia.irta.cat\/es\/wp-json\/wp\/v2\/categories?post=27250"},{"taxonomy":"post_tag","embeddable":true,"href":"https:\/\/transferencia.irta.cat\/es\/wp-json\/wp\/v2\/tags?post=27250"},{"taxonomy":"objectius_estrategics","embeddable":true,"href":"https:\/\/transferencia.irta.cat\/es\/wp-json\/wp\/v2\/objectius_estrategics?post=27250"},{"taxonomy":"ods","embeddable":true,"href":"https:\/\/transferencia.irta.cat\/es\/wp-json\/wp\/v2\/ods?post=27250"},{"taxonomy":"programa_irta","embeddable":true,"href":"https:\/\/transferencia.irta.cat\/es\/wp-json\/wp\/v2\/programa_irta?post=27250"},{"taxonomy":"trainings","embeddable":true,"href":"https:\/\/transferencia.irta.cat\/es\/wp-json\/wp\/v2\/trainings?post=27250"}],"curies":[{"name":"wp","href":"https:\/\/api.w.org\/{rel}","templated":true}]}}

XVI Jornada técnica del nogal 2025

<p>Este año se abordan dos retos importantes a los que deben hacer frente los productores de nuevos. La limitación en el uso de pesticidas y una climatología completamente errática. En esta ocasión, el IRTA presenta dos actividades de transferencia establecidas en el marco de la PAC 2023-2027 y otorgadas por la Generalitat de Catalunya, que buscan aportar conocimiento para aliviar las consecuencias de esta realidad. Los primeros resultados se muestran en dos bloques: plagas y respuesta del material vegetal. Se darán también los resultados de la evaluación sensorial realizada en la Jornada de 2024. La jornada en sala se combinará con demostraciones en campo donde se ofrecerá al sector la oportunidad de conocer herramientas aplicables a este cultivo. Los productores serán parte activa de la jornada favoreciendo el intercambio de opiniones, el aprendizaje y el compromiso de todos dentro del espacio de expositores, en el campo y durante la comida. En esta jornada se hablará de la Actividad Demostrativa Plagas Noguer y CC NUTS incluidas en el marco de la PAC 2023-2027</p>



<p></p>



<figure class="wp-block-image size-large is-resized"><img loading="lazy" decoding="async" src="https://transferencia.irta.cat/wp-content/uploads/2023/02/nous-1-1024x682.jpg" alt="" class="wp-image-18467" width="455" height="303"/></figure>

Catalán

Constantí

<p>IRTA Mas Bové</p>

IRTA Mas Bové, TP-7225, Constantí, Espanya

IRTA Mas Bové

<p><strong>9.00 h Validación de inscripciones</strong></p>
<hr />
<p><strong>9.25 h Presentación de la jornada. Luis Asín. Jefe del Programa de fruticultura del IRTA</strong></p>
<hr />
<p><strong>9.30 h Validación del modelo de Carpocapsa: ¿es útil para nogal?</strong><br />
<strong>Dolors Bosch. Programa protección vegetal sostenible del IRTA</strong></p>
<hr />
<p><strong>9.45 h Estimación de los requisitos de frío y calor en el cultivo de nogal dentro de la provincia de Tarragona</strong><br />
<strong>Imma Funes. Programa de fruticultura del IRTA</strong></p>
<hr />
<p><strong>10.10 h Pausa café y visita a los stands</strong></p>
<hr />
<p><strong>11.15 h Estadios diferenciados de maduración del grano según variedades</strong><br />
<strong>Laia Abelló. Programa de fruticultura del IRTA</strong></p>
<hr />
<p><strong>11.30 h Calidad y evaluación sensorial de cuatro variedades de nueces: comparación entre consumidores y productores</strong><br />
<strong>Leontina Lipan. Programa fruticultura del IRTA</strong></p>
<hr />
<p><strong>11.45 h Demostraciones de campo</strong><br />
• Tecnologías de monitorización a campo: sondas, sensores y datos. IRTA<br />
• Optimización de las tareas en control de vegetación. Tractor Nin<br />
• Mantener al día la gestión de la inca minimizando el uso de herbicidas. Tallers Corbins<br />
• Golpe de calor en el nogal: qué hemos detectado y qué probaremos. IRTA y CBC Iberia</p>
<hr />
<p><strong>13.45 h Comida networking</strong></p>

https://transferencia.irta.cat/wp-content/uploads/2022/12/Logotipo_del_Ministerio_de_Agricultura_y_Pesca_Alimentación_y_Medio_Ambiente.svg_-1.png

https://transferencia.irta.cat/wp-content/uploads/2025/02/cofinançat-UE.jpg

<!-- This site is optimized with the Yoast SEO plugin v15.2 - https://yoast.com/wordpress/plugins/seo/ -->
<title>XVI Jornada técnica del nogal 2025 - IRTA</title>
<meta name="description" content="Este año se abordan dos retos importantes a los que deben hacer frente los productores de nuevos. La limitación en el uso de pesticidas y una climatología" />
<meta name="robots" content="index, follow, max-snippet:-1, max-image-preview:large, max-video-preview:-1" />
<link rel="canonical" href="https://transferencia.irta.cat/es/activitats/xvi-jornada-tecnica-del-nogal-2025/" />
<meta property="og:locale" content="es_ES" />
<meta property="og:type" content="article" />
<meta property="og:title" content="XVI Jornada técnica del nogal 2025 - IRTA" />
<meta property="og:description" content="Este año se abordan dos retos importantes a los que deben hacer frente los productores de nuevos. La limitación en el uso de pesticidas y una climatología" />
<meta property="og:url" content="https://transferencia.irta.cat/es/activitats/xvi-jornada-tecnica-del-nogal-2025/" />
<meta property="og:site_name" content="IRTA" />
<meta property="article:modified_time" content="2025-06-02T15:32:33+00:00" />
<meta name="twitter:card" content="summary_large_image" />
<meta name="twitter:label1" value="Escrito por">
	<meta name="twitter:data1" value="Montse">
	<meta name="twitter:label2" value="Tiempo de lectura">
	<meta name="twitter:data2" value="1 minuto">
<script type="application/ld+json" class="yoast-schema-graph">{"@context":"https://schema.org","@graph":[{"@type":"WebSite","@id":"https://transferencia.irta.cat/es/#website","url":"https://transferencia.irta.cat/es/","name":"IRTA","description":"Transfer\u00e8ncia de coneixement","potentialAction":[{"@type":"SearchAction","target":"https://transferencia.irta.cat/es/?s={search_term_string}","query-input":"required name=search_term_string"}],"inLanguage":"es"},{"@type":"ImageObject","@id":"https://transferencia.irta.cat/es/activitats/xvi-jornada-tecnica-del-nogal-2025/#primaryimage","inLanguage":"es","url":"https://transferencia.irta.cat/wp-content/uploads/2023/02/nous-1.jpg","width":1920,"height":1279},{"@type":"WebPage","@id":"https://transferencia.irta.cat/es/activitats/xvi-jornada-tecnica-del-nogal-2025/#webpage","url":"https://transferencia.irta.cat/es/activitats/xvi-jornada-tecnica-del-nogal-2025/","name":"XVI Jornada t\u00e9cnica del nogal 2025 - IRTA","isPartOf":{"@id":"https://transferencia.irta.cat/es/#website"},"primaryImageOfPage":{"@id":"https://transferencia.irta.cat/es/activitats/xvi-jornada-tecnica-del-nogal-2025/#primaryimage"},"datePublished":"2025-02-20T10:11:57+00:00","dateModified":"2025-06-02T15:32:33+00:00","description":"Este a\u00f1o se abordan dos retos importantes a los que deben hacer frente los productores de nuevos. La limitaci\u00f3n en el uso de pesticidas y una climatolog\u00eda","inLanguage":"es","potentialAction":[{"@type":"ReadAction","target":["https://transferencia.irta.cat/es/activitats/xvi-jornada-tecnica-del-nogal-2025/"]}]}]}</script>
<!-- / Yoast SEO plugin. -->
