{"id":27236,"date":"2025-02-20T10:45:53","date_gmt":"2025-02-20T09:45:53","guid":{"rendered":"https:\/\/transferencia.irta.cat\/?post_type=activitats&#038;p=27236"},"modified":"2025-08-18T13:43:27","modified_gmt":"2025-08-18T11:43:27","slug":"xxix-exposicion-comentada-del-melocoton-y-la-nectarina-2025","status":"publish","type":"activitats","link":"https:\/\/transferencia.irta.cat\/es\/activitats\/xxix-exposicion-comentada-del-melocoton-y-la-nectarina-2025\/","title":{"rendered":"XXIX Exposici\u00f3n comentada del melocot\u00f3n y la nectarina 2025"},"content":{"rendered":"\n<p>Volvemos con la 29\u00aa edici\u00f3n de la tradicional \u2018Exposici\u00f3n del melocot\u00f3n y la nectarina\u2019 en Alcarr\u00e0s. En esta ocasi\u00f3n, adem\u00e1s de la tradicional exposici\u00f3n de variedades, conoceremos c\u00f3mo las condiciones clim\u00e1ticas han afectado la producci\u00f3n y calidad de la campa\u00f1a de este a\u00f1o, y los resultados obtenidos en el marco del proyecto \u2018WarmPeach\u2019, en el que se ha evaluado c\u00f3mo el aumento de las temperaturas durante la primera etapa de crecimiento del fruto puede afectar su desarrollo. Tambi\u00e9n conoceremos la empresa italiana \u2018Pesca Saturnia\u2019, que en los \u00faltimos 20 a\u00f1os se ha especializado en la producci\u00f3n de melocot\u00f3n plano en las zonas monta\u00f1osas atravesadas por el r\u00edo Chienti, en las provincias de Macerata y Fermo en Italia. La jornada contar\u00e1 con un peque\u00f1o espacio de exposici\u00f3n para algunos obtentores del sector a los que podr\u00e9is dirigiros.<\/p>\n\n\n\n<div class=\"wp-block-image\"><figure class=\"aligncenter size-large is-resized\"><img loading=\"lazy\" decoding=\"async\" src=\"https:\/\/transferencia.irta.cat\/wp-content\/uploads\/2025\/02\/nectarina-1024x768.jpg\" alt=\"\" class=\"wp-image-27234\" width=\"455\" height=\"341\" srcset=\"https:\/\/transferencia.irta.cat\/wp-content\/uploads\/2025\/02\/nectarina-1024x768.jpg 1024w, https:\/\/transferencia.irta.cat\/wp-content\/uploads\/2025\/02\/nectarina-300x225.jpg 300w, https:\/\/transferencia.irta.cat\/wp-content\/uploads\/2025\/02\/nectarina-768x576.jpg 768w, https:\/\/transferencia.irta.cat\/wp-content\/uploads\/2025\/02\/nectarina.jpg 1280w\" sizes=\"auto, (max-width: 455px) 100vw, 455px\" \/><\/figure><\/div>\n","protected":false},"featured_media":27234,"template":"","categories":[637,635],"tags":[808,1809,809,1460,1448,1367],"objectius_estrategics":[],"ods":[],"programa_irta":[1237],"trainings":[],"class_list":["post-27236","activitats","type-activitats","status-publish","has-post-thumbnail","hentry","category-fruticultura-es","category-produccion-vegetal","tag-fruita-dolca-es","tag-fruta-de-hueso","tag-fruta-dulce-es","tag-fruta-hueso","tag-melocoton-3","tag-nectarina-2","programa_irta-v2-fructicultura-es"],"acf":{"codi":"","data":"03\/09\/2025","data_fi":"03\/09\/2025","horari":"09:30h - 12:30h","idioma":"Catal\u00e1n","original_language":"ca","preu":"Gratuita","places":"-1","ciutat":"Alcarr\u00e0s","lloc_de_realitzacio":"<p>Centre cultural Lo Casino<\/p>\n","ubicacio":{"address":"Centre cultural 'Lo Casino', Carrer Major, Alcarr\u00e0s, Espanya","lat":41.5643652,"lng":0.5259429,"zoom":14,"place_id":"ChIJwxK_WAkhpxIRPYTtQC_wuRk","name":"Centre cultural 'Lo Casino'","street_number":"84","street_name":"Carrer Major","city":"Alcarr\u00e0s","state":"Catalunya","state_short":"CT","post_code":"25180","country":"Espanya","country_short":"ES"},"imatge_ubicacio":false,"persona_contacte_nom":"Montse Palau","persona_contacte_email":"montserrat.palau@irta.cat","programa":{"ID":29039,"id":29039,"title":"ES_Alcarras_Variedades_0309_250360","filename":"ES_Alcarras_Variedades_0309_250360-1.pdf","filesize":223227,"url":"https:\/\/transferencia.irta.cat\/wp-content\/uploads\/2025\/02\/ES_Alcarras_Variedades_0309_250360-1.pdf","link":"https:\/\/transferencia.irta.cat\/es\/activitats\/xxix-exposicion-comentada-del-melocoton-y-la-nectarina-2025\/es_alcarras_variedades_0309_250360-2\/","alt":"","author":"32","description":"","caption":"","name":"es_alcarras_variedades_0309_250360-2","status":"inherit","uploaded_to":27236,"date":"2025-08-18 11:42:51","modified":"2025-08-18 11:42:51","menu_order":0,"mime_type":"application\/pdf","type":"application","subtype":"pdf","icon":"https:\/\/transferencia.irta.cat\/wp-includes\/images\/media\/document.png"},"programacio":"<p><strong>9.30 h Registro de asistentes<\/strong><\/p>\n<hr \/>\n<p><strong>9.45 h Presentaci\u00f3n de la jornada<\/strong><\/p>\n<hr \/>\n<p><strong>10.00 h Informe clim\u00e1tico 2025<\/strong><br \/>\nEstanis Torres. Programa Fruticultura del IRTA<\/p>\n<hr \/>\n<p><strong>10.15 h Respuestas fisiol\u00f3gicas del melocotonero ante el aumento de temperaturas durante el Desarrollo del fruto en un contexto de cambio clim\u00e1tico.<\/strong><br \/>\nCelia M. Cant\u00edn. EEAD-CSIC<\/p>\n<hr \/>\n<p><strong>10.35 h Exposici\u00f3n de variedades de melocot\u00f3n<\/strong><br \/>\nEstanis Torres. Programa Fruticultura del IRTA<\/p>\n<hr \/>\n<p><strong>11.05 h Pausa<\/strong><\/p>\n<hr \/>\n<p><strong>11.35 h Pesca Saturnia: The Italian Flat Peach Company<\/strong><br \/>\nMarco Eleuteri. Pesca Saturnia<\/p>\n<hr \/>\n<p><strong>11.55 h Exposici\u00f3n de variedades de nectarina<\/strong><br \/>\nEstanis Torres. Programa Fruticultura del IRTA<\/p>\n<hr \/>\n<p><strong>12.30 h Final de la jornada<\/strong><\/p>\n","ponents":false,"organitza":[{"imatge":"https:\/\/transferencia.irta.cat\/wp-content\/uploads\/2025\/05\/Logo_IRTA_sense-descriptor_principal.png","nom":"","link":""},{"imatge":"https:\/\/transferencia.irta.cat\/wp-content\/uploads\/2020\/03\/Gencat_color.gif","nom":"","link":""},{"imatge":"https:\/\/transferencia.irta.cat\/wp-content\/uploads\/2023\/12\/Logotip_X_AgriTech_color_png.png","nom":"","link":""},{"imatge":"https:\/\/transferencia.irta.cat\/wp-content\/uploads\/2025\/02\/cofinan\u00e7at-UE.jpg","nom":"","link":""}],"patrocina":[{"imatge":"https:\/\/transferencia.irta.cat\/wp-content\/uploads\/2025\/02\/Pepton.png","nom":"","link":""},{"imatge":"https:\/\/transferencia.irta.cat\/wp-content\/uploads\/2021\/12\/CERTIPLANT-logo.jpg","nom":"","link":""},{"imatge":"https:\/\/transferencia.irta.cat\/wp-content\/uploads\/2023\/12\/FRUTARIA-Innovation_1-TINTA-AZUL.jpg","nom":"","link":""},{"imatge":"https:\/\/transferencia.irta.cat\/wp-content\/uploads\/2023\/12\/IPS-international-plant-selection.png","nom":"","link":""},{"imatge":"https:\/\/transferencia.irta.cat\/wp-content\/uploads\/2021\/12\/PSB.png","nom":"","link":""}],"colabora":[{"imatge":"https:\/\/transferencia.irta.cat\/wp-content\/uploads\/2021\/12\/alcarr\u00e0s_ajuntament.jpg","nom":"","link":""},{"imatge":"https:\/\/transferencia.irta.cat\/wp-content\/uploads\/2023\/12\/PATRONAT-DIPU-LLEIDA-2024_2.jpg","nom":"","link":""}],"serveis":false,"materials":false,"activitats_relacionades":false,"te_enquesta":true,"id_enquesta":"318","enquesta_externa":"","subscribe_external_link":"","en_construccio":false,"wait_list":false},"yoast_head":"<!-- This site is optimized with the Yoast SEO plugin v15.2 - https:\/\/yoast.com\/wordpress\/plugins\/seo\/ -->\n<title>XXIX Exposici\u00f3n comentada del melocot\u00f3n y la nectarina 2025 - IRTA<\/title>\n<meta name=\"description\" content=\"Volvemos con la 29\u00aa edici\u00f3n de la tradicional \u2018Exposici\u00f3n del melocot\u00f3n y la nectarina\u2019 en Alcarr\u00e0s. En esta ocasi\u00f3n, adem\u00e1s de la tradicional exposici\u00f3n\" \/>\n<meta name=\"robots\" content=\"index, follow, max-snippet:-1, max-image-preview:large, max-video-preview:-1\" \/>\n<link rel=\"canonical\" href=\"https:\/\/transferencia.irta.cat\/es\/activitats\/xxix-exposicion-comentada-del-melocoton-y-la-nectarina-2025\/\" \/>\n<meta property=\"og:locale\" content=\"es_ES\" \/>\n<meta property=\"og:type\" content=\"article\" \/>\n<meta property=\"og:title\" content=\"XXIX Exposici\u00f3n comentada del melocot\u00f3n y la nectarina 2025 - IRTA\" \/>\n<meta property=\"og:description\" content=\"Volvemos con la 29\u00aa edici\u00f3n de la tradicional \u2018Exposici\u00f3n del melocot\u00f3n y la nectarina\u2019 en Alcarr\u00e0s. En esta ocasi\u00f3n, adem\u00e1s de la tradicional exposici\u00f3n\" \/>\n<meta property=\"og:url\" content=\"https:\/\/transferencia.irta.cat\/es\/activitats\/xxix-exposicion-comentada-del-melocoton-y-la-nectarina-2025\/\" \/>\n<meta property=\"og:site_name\" content=\"IRTA\" \/>\n<meta property=\"article:modified_time\" content=\"2025-08-18T11:43:27+00:00\" \/>\n<meta property=\"og:image\" content=\"https:\/\/transferencia.irta.cat\/wp-content\/uploads\/2025\/02\/nectarina.jpg\" \/>\n\t<meta property=\"og:image:width\" content=\"1280\" \/>\n\t<meta property=\"og:image:height\" content=\"960\" \/>\n<meta name=\"twitter:card\" content=\"summary_large_image\" \/>\n<meta name=\"twitter:label1\" value=\"Escrito por\">\n\t<meta name=\"twitter:data1\" value=\"Montse\">\n\t<meta name=\"twitter:label2\" value=\"Tiempo de lectura\">\n\t<meta name=\"twitter:data2\" value=\"1 minuto\">\n<script type=\"application\/ld+json\" class=\"yoast-schema-graph\">{\"@context\":\"https:\/\/schema.org\",\"@graph\":[{\"@type\":\"WebSite\",\"@id\":\"https:\/\/transferencia.irta.cat\/es\/#website\",\"url\":\"https:\/\/transferencia.irta.cat\/es\/\",\"name\":\"IRTA\",\"description\":\"Transfer\\u00e8ncia de coneixement\",\"potentialAction\":[{\"@type\":\"SearchAction\",\"target\":\"https:\/\/transferencia.irta.cat\/es\/?s={search_term_string}\",\"query-input\":\"required name=search_term_string\"}],\"inLanguage\":\"es\"},{\"@type\":\"ImageObject\",\"@id\":\"https:\/\/transferencia.irta.cat\/es\/activitats\/xxix-exposicion-comentada-del-melocoton-y-la-nectarina-2025\/#primaryimage\",\"inLanguage\":\"es\",\"url\":\"https:\/\/transferencia.irta.cat\/wp-content\/uploads\/2025\/02\/nectarina.jpg\",\"width\":1280,\"height\":960},{\"@type\":\"WebPage\",\"@id\":\"https:\/\/transferencia.irta.cat\/es\/activitats\/xxix-exposicion-comentada-del-melocoton-y-la-nectarina-2025\/#webpage\",\"url\":\"https:\/\/transferencia.irta.cat\/es\/activitats\/xxix-exposicion-comentada-del-melocoton-y-la-nectarina-2025\/\",\"name\":\"XXIX Exposici\\u00f3n comentada del melocot\\u00f3n y la nectarina 2025 - IRTA\",\"isPartOf\":{\"@id\":\"https:\/\/transferencia.irta.cat\/es\/#website\"},\"primaryImageOfPage\":{\"@id\":\"https:\/\/transferencia.irta.cat\/es\/activitats\/xxix-exposicion-comentada-del-melocoton-y-la-nectarina-2025\/#primaryimage\"},\"datePublished\":\"2025-02-20T09:45:53+00:00\",\"dateModified\":\"2025-08-18T11:43:27+00:00\",\"description\":\"Volvemos con la 29\\u00aa edici\\u00f3n de la tradicional \\u2018Exposici\\u00f3n del melocot\\u00f3n y la nectarina\\u2019 en Alcarr\\u00e0s. En esta ocasi\\u00f3n, adem\\u00e1s de la tradicional exposici\\u00f3n\",\"inLanguage\":\"es\",\"potentialAction\":[{\"@type\":\"ReadAction\",\"target\":[\"https:\/\/transferencia.irta.cat\/es\/activitats\/xxix-exposicion-comentada-del-melocoton-y-la-nectarina-2025\/\"]}]}]}<\/script>\n<!-- \/ Yoast SEO plugin. -->","_links":{"self":[{"href":"https:\/\/transferencia.irta.cat\/es\/wp-json\/wp\/v2\/activitats\/27236","targetHints":{"allow":["GET"]}}],"collection":[{"href":"https:\/\/transferencia.irta.cat\/es\/wp-json\/wp\/v2\/activitats"}],"about":[{"href":"https:\/\/transferencia.irta.cat\/es\/wp-json\/wp\/v2\/types\/activitats"}],"wp:featuredmedia":[{"embeddable":true,"href":"https:\/\/transferencia.irta.cat\/es\/wp-json\/wp\/v2\/media\/27234"}],"wp:attachment":[{"href":"https:\/\/transferencia.irta.cat\/es\/wp-json\/wp\/v2\/media?parent=27236"}],"wp:term":[{"taxonomy":"category","embeddable":true,"href":"https:\/\/transferencia.irta.cat\/es\/wp-json\/wp\/v2\/categories?post=27236"},{"taxonomy":"post_tag","embeddable":true,"href":"https:\/\/transferencia.irta.cat\/es\/wp-json\/wp\/v2\/tags?post=27236"},{"taxonomy":"objectius_estrategics","embeddable":true,"href":"https:\/\/transferencia.irta.cat\/es\/wp-json\/wp\/v2\/objectius_estrategics?post=27236"},{"taxonomy":"ods","embeddable":true,"href":"https:\/\/transferencia.irta.cat\/es\/wp-json\/wp\/v2\/ods?post=27236"},{"taxonomy":"programa_irta","embeddable":true,"href":"https:\/\/transferencia.irta.cat\/es\/wp-json\/wp\/v2\/programa_irta?post=27236"},{"taxonomy":"trainings","embeddable":true,"href":"https:\/\/transferencia.irta.cat\/es\/wp-json\/wp\/v2\/trainings?post=27236"}],"curies":[{"name":"wp","href":"https:\/\/api.w.org\/{rel}","templated":true}]}}

XXIX Exposición comentada del melocotón y la nectarina 2025

<p>Volvemos con la 29ª edición de la tradicional ‘Exposición del melocotón y la nectarina’ en Alcarràs. En esta ocasión, además de la tradicional exposición de variedades, conoceremos cómo las condiciones climáticas han afectado la producción y calidad de la campaña de este año, y los resultados obtenidos en el marco del proyecto ‘WarmPeach’, en el que se ha evaluado cómo el aumento de las temperaturas durante la primera etapa de crecimiento del fruto puede afectar su desarrollo. También conoceremos la empresa italiana ‘Pesca Saturnia’, que en los últimos 20 años se ha especializado en la producción de melocotón plano en las zonas montañosas atravesadas por el río Chienti, en las provincias de Macerata y Fermo en Italia. La jornada contará con un pequeño espacio de exposición para algunos obtentores del sector a los que podréis dirigiros.</p>



<div class="wp-block-image"><figure class="aligncenter size-large is-resized"><img loading="lazy" decoding="async" src="https://transferencia.irta.cat/wp-content/uploads/2025/02/nectarina-1024x768.jpg" alt="" class="wp-image-27234" width="455" height="341" srcset="https://transferencia.irta.cat/wp-content/uploads/2025/02/nectarina-1024x768.jpg 1024w, https://transferencia.irta.cat/wp-content/uploads/2025/02/nectarina-300x225.jpg 300w, https://transferencia.irta.cat/wp-content/uploads/2025/02/nectarina-768x576.jpg 768w, https://transferencia.irta.cat/wp-content/uploads/2025/02/nectarina.jpg 1280w" sizes="auto, (max-width: 455px) 100vw, 455px" /></figure></div>

Catalán

Alcarràs

Centre cultural 'Lo Casino', Carrer Major, Alcarràs, Espanya

<p><strong>9.30 h Registro de asistentes</strong></p>
<hr />
<p><strong>9.45 h Presentación de la jornada</strong></p>
<hr />
<p><strong>10.00 h Informe climático 2025</strong><br />
Estanis Torres. Programa Fruticultura del IRTA</p>
<hr />
<p><strong>10.15 h Respuestas fisiológicas del melocotonero ante el aumento de temperaturas durante el Desarrollo del fruto en un contexto de cambio climático.</strong><br />
Celia M. Cantín. EEAD-CSIC</p>
<hr />
<p><strong>10.35 h Exposición de variedades de melocotón</strong><br />
Estanis Torres. Programa Fruticultura del IRTA</p>
<hr />
<p><strong>11.05 h Pausa</strong></p>
<hr />
<p><strong>11.35 h Pesca Saturnia: The Italian Flat Peach Company</strong><br />
Marco Eleuteri. Pesca Saturnia</p>
<hr />
<p><strong>11.55 h Exposición de variedades de nectarina</strong><br />
Estanis Torres. Programa Fruticultura del IRTA</p>
<hr />
<p><strong>12.30 h Final de la jornada</strong></p>

https://transferencia.irta.cat/wp-content/uploads/2025/02/cofinançat-UE.jpg

https://transferencia.irta.cat/wp-content/uploads/2021/12/alcarràs_ajuntament.jpg

<!-- This site is optimized with the Yoast SEO plugin v15.2 - https://yoast.com/wordpress/plugins/seo/ -->
<title>XXIX Exposición comentada del melocotón y la nectarina 2025 - IRTA</title>
<meta name="description" content="Volvemos con la 29ª edición de la tradicional ‘Exposición del melocotón y la nectarina’ en Alcarràs. En esta ocasión, además de la tradicional exposición" />
<meta name="robots" content="index, follow, max-snippet:-1, max-image-preview:large, max-video-preview:-1" />
<link rel="canonical" href="https://transferencia.irta.cat/es/activitats/xxix-exposicion-comentada-del-melocoton-y-la-nectarina-2025/" />
<meta property="og:locale" content="es_ES" />
<meta property="og:type" content="article" />
<meta property="og:title" content="XXIX Exposición comentada del melocotón y la nectarina 2025 - IRTA" />
<meta property="og:description" content="Volvemos con la 29ª edición de la tradicional ‘Exposición del melocotón y la nectarina’ en Alcarràs. En esta ocasión, además de la tradicional exposición" />
<meta property="og:url" content="https://transferencia.irta.cat/es/activitats/xxix-exposicion-comentada-del-melocoton-y-la-nectarina-2025/" />
<meta property="og:site_name" content="IRTA" />
<meta property="article:modified_time" content="2025-08-18T11:43:27+00:00" />
<meta property="og:image" content="https://transferencia.irta.cat/wp-content/uploads/2025/02/nectarina.jpg" />
	<meta property="og:image:width" content="1280" />
	<meta property="og:image:height" content="960" />
<meta name="twitter:card" content="summary_large_image" />
<meta name="twitter:label1" value="Escrito por">
	<meta name="twitter:data1" value="Montse">
	<meta name="twitter:label2" value="Tiempo de lectura">
	<meta name="twitter:data2" value="1 minuto">
<script type="application/ld+json" class="yoast-schema-graph">{"@context":"https://schema.org","@graph":[{"@type":"WebSite","@id":"https://transferencia.irta.cat/es/#website","url":"https://transferencia.irta.cat/es/","name":"IRTA","description":"Transfer\u00e8ncia de coneixement","potentialAction":[{"@type":"SearchAction","target":"https://transferencia.irta.cat/es/?s={search_term_string}","query-input":"required name=search_term_string"}],"inLanguage":"es"},{"@type":"ImageObject","@id":"https://transferencia.irta.cat/es/activitats/xxix-exposicion-comentada-del-melocoton-y-la-nectarina-2025/#primaryimage","inLanguage":"es","url":"https://transferencia.irta.cat/wp-content/uploads/2025/02/nectarina.jpg","width":1280,"height":960},{"@type":"WebPage","@id":"https://transferencia.irta.cat/es/activitats/xxix-exposicion-comentada-del-melocoton-y-la-nectarina-2025/#webpage","url":"https://transferencia.irta.cat/es/activitats/xxix-exposicion-comentada-del-melocoton-y-la-nectarina-2025/","name":"XXIX Exposici\u00f3n comentada del melocot\u00f3n y la nectarina 2025 - IRTA","isPartOf":{"@id":"https://transferencia.irta.cat/es/#website"},"primaryImageOfPage":{"@id":"https://transferencia.irta.cat/es/activitats/xxix-exposicion-comentada-del-melocoton-y-la-nectarina-2025/#primaryimage"},"datePublished":"2025-02-20T09:45:53+00:00","dateModified":"2025-08-18T11:43:27+00:00","description":"Volvemos con la 29\u00aa edici\u00f3n de la tradicional \u2018Exposici\u00f3n del melocot\u00f3n y la nectarina\u2019 en Alcarr\u00e0s. En esta ocasi\u00f3n, adem\u00e1s de la tradicional exposici\u00f3n","inLanguage":"es","potentialAction":[{"@type":"ReadAction","target":["https://transferencia.irta.cat/es/activitats/xxix-exposicion-comentada-del-melocoton-y-la-nectarina-2025/"]}]}]}</script>
<!-- / Yoast SEO plugin. -->
