{"id":25215,"date":"2024-07-02T12:58:12","date_gmt":"2024-07-02T10:58:12","guid":{"rendered":"https:\/\/transferencia.irta.cat\/?post_type=activitats&#038;p=25215"},"modified":"2024-07-24T11:01:58","modified_gmt":"2024-07-24T09:01:58","slug":"control-biologico-de-tuta-y-aculops-en-tomatera","status":"publish","type":"activitats","link":"https:\/\/transferencia.irta.cat\/es\/activitats\/control-biologico-de-tuta-y-aculops-en-tomatera\/","title":{"rendered":"Control biol\u00f3gico de tuta y aculops en tomatera"},"content":{"rendered":"\n<p>El objetivo general de la jornada es ofrecer herramientas para mejorar el control biol\u00f3gico de dos plagas muy importantes en el cultivo de la tomatera, la polilla Tuta absoluta y el \u00e1caro del broceado Aculops lycopersici. Durante la Jornada presentaremos datos obtenidos en dos proyectos en los que el Programa de Protecci\u00f3n Vegetal Sostenible del IRTA participa. Por un lado mostraremos los resultados de unos estudios realizados en el marco de un Grupo Operativo para promocionar el uso de parasitoides en el manejo del lepid\u00f3ptero y por otro haremos una visita a un invernadero experimental donde, en el marco del proyecto europeo ADOPT-IPM, hemos integrado dos herramientas de control biol\u00f3gico para combatir las dos plagas m\u00e1s importantes que afectan al cultivo de la tomatera.<\/p>\n\n\n\n<p>ADOPT-IPM es una actividad financiada a trav\u00e9s del programa Horizon Europa de la Uni\u00f3n Europea en virtud del acuerdo de subvenci\u00f3n n\u00fam. 101060430. https:\/\/adopt-ipm.eu <\/p>\n\n\n\n<p>El Grupo Operativo est\u00e1 financiado a trav\u00e9s de la Operaci\u00f3n 16.01.01 de Cooperaci\u00f3n para la innovaci\u00f3n del Programa de desarrollo rural de Catalu\u00f1a 2014-2022. https:\/\/ec.europa.eu\/info\/food-farming-fisheries\/key-policies\/common-agricultural-policy\/rural-development_en<\/p>\n\n\n\n<figure class=\"wp-block-image size-large is-resized\"><img loading=\"lazy\" decoding=\"async\" src=\"https:\/\/transferencia.irta.cat\/wp-content\/uploads\/2024\/07\/Tomaquere-Ayter-2004-2-768x1024.jpg\" alt=\"\" class=\"wp-image-25209\" width=\"319\" height=\"425\" srcset=\"https:\/\/transferencia.irta.cat\/wp-content\/uploads\/2024\/07\/Tomaquere-Ayter-2004-2-768x1024.jpg 768w, https:\/\/transferencia.irta.cat\/wp-content\/uploads\/2024\/07\/Tomaquere-Ayter-2004-2-225x300.jpg 225w, https:\/\/transferencia.irta.cat\/wp-content\/uploads\/2024\/07\/Tomaquere-Ayter-2004-2-1152x1536.jpg 1152w, https:\/\/transferencia.irta.cat\/wp-content\/uploads\/2024\/07\/Tomaquere-Ayter-2004-2.jpg 1440w\" sizes=\"auto, (max-width: 319px) 100vw, 319px\" \/><\/figure>\n","protected":false},"featured_media":25209,"template":"","categories":[],"tags":[],"objectius_estrategics":[],"ods":[],"programa_irta":[1239],"trainings":[],"class_list":["post-25215","activitats","type-activitats","status-publish","has-post-thumbnail","hentry","programa_irta-v4-proteccion-vegetal-sostenible"],"acf":{"codi":"240881","data":"23\/07\/2024","data_fi":"","horari":"15:00h - 17:00h","idioma":"Catal\u00e1n","original_language":"ca","preu":"Gratuito","places":"-1","ciutat":"Cabrils","lloc_de_realitzacio":"<p>IRTA Cabrils<br \/>\nCarretera de Cabrils Km 2<br \/>\n08348 Cabrils<\/p>\n","ubicacio":{"address":"IRTA Cabrils Carretera de Cabrils Km 2 08348 Cabrils","lat":41.5159623,"lng":2.3761053,"zoom":14,"place_id":"ChIJTejV4KG2pBIRe7BdBIwVLac","city":"Cabrils","state":"Catalu\u00f1a","state_short":"CT","post_code":"08348","country":"Espanya","country_short":"ES"},"imatge_ubicacio":"https:\/\/transferencia.irta.cat\/wp-content\/uploads\/2021\/10\/Cabrils.jpg","persona_contacte_nom":"Javier Tobal","persona_contacte_email":"javier.tobal@irta.cat","programa":{"ID":25260,"id":25260,"title":"Cabrils_tomaquets_2307_240881","filename":"Cabrils_tomaquets_2307_240881.pdf","filesize":1443673,"url":"https:\/\/transferencia.irta.cat\/wp-content\/uploads\/2024\/07\/Cabrils_tomaquets_2307_240881.pdf","link":"https:\/\/transferencia.irta.cat\/es\/activitats\/control-biologico-de-tuta-y-aculops-en-tomatera\/cabrils_tomaquets_2307_240881-2\/","alt":"","author":"2","description":"","caption":"","name":"cabrils_tomaquets_2307_240881-2","status":"inherit","uploaded_to":25215,"date":"2024-07-05 10:14:16","modified":"2024-07-05 10:14:16","menu_order":0,"mime_type":"application\/pdf","type":"application","subtype":"pdf","icon":"https:\/\/transferencia.irta.cat\/wp-includes\/images\/media\/document.png"},"programacio":"<p><strong>15.00 h Presentaci\u00f3n de la jornada y situaci\u00f3n del control de Tuta absoluta con parasitoides<\/strong><br \/>\nJudit Arn\u00f3, investigadora del programa de sanidad vegetal sostenible del IRTA<\/p>\n<hr \/>\n<p><strong>15.10 h M\u00e9todos de muestreo de parasitismo en Tuta absoluta<\/strong><br \/>\nMarc Vila, investigador del programa de sanidad vegetal sostenible del IRTA<\/p>\n<hr \/>\n<p><strong>15.30 h Efectos secundarios de los fitosanitarios sobre el nuevo parasitoide de Tuta absoluta<\/strong><br \/>\nPablo Urbaneja-Bernat, investigadora del programa de sanidad vegetal sostenible del IRTA<\/p>\n<hr \/>\n<p><strong>15.50 h Presentaci\u00f3n de resultados y visita al invernadero de tomate con el ensayo demostrativo de Control Biol\u00f3gico de Aculop lycopersici y Tuta abosulta<\/strong><br \/>\nN\u00faria Agust\u00ed, Pablo Urbaneja-Bernat y Francesc G\u00f3mez-Marco, investigadores del programa de sanidad vegetal Sostenible.<\/p>\n<hr \/>\n<p><strong>17.00 h Clausura de la jornada<\/strong><br \/>\nSuggeriments<\/p>\n","ponents":false,"organitza":[{"imatge":"https:\/\/transferencia.irta.cat\/wp-content\/uploads\/2023\/12\/PATT-2024-desglossat-ploma.png","nom":"","link":""},{"imatge":"https:\/\/transferencia.irta.cat\/wp-content\/uploads\/2020\/12\/1200px-Logotipo_de_la_Generalitat_de_Catalunya.svg_.png","nom":"","link":""},{"imatge":"https:\/\/transferencia.irta.cat\/wp-content\/uploads\/2022\/12\/IRTA_logo_PNG_amb_R_cerca.png","nom":"","link":""}],"patrocina":false,"colabora":[{"imatge":"https:\/\/transferencia.irta.cat\/wp-content\/uploads\/2024\/07\/Imagen1.png","nom":"","link":""},{"imatge":"https:\/\/transferencia.irta.cat\/wp-content\/uploads\/2021\/11\/diputaci\u00f3-de-barcelona.jpg","nom":"","link":""},{"imatge":"https:\/\/transferencia.irta.cat\/wp-content\/uploads\/2023\/12\/FEADER_2024.jpg","nom":"","link":""},{"imatge":"https:\/\/transferencia.irta.cat\/wp-content\/uploads\/2020\/03\/logo-xarxa-i-color.jpg","nom":"","link":""}],"serveis":false,"materials":false,"activitats_relacionades":false,"te_enquesta":true,"id_enquesta":"268","enquesta_externa":"","subscribe_external_link":"","en_construccio":false,"wait_list":false},"yoast_head":"<!-- This site is optimized with the Yoast SEO plugin v15.2 - https:\/\/yoast.com\/wordpress\/plugins\/seo\/ -->\n<title>Control biol\u00f3gico de tuta y aculops en tomatera - IRTA<\/title>\n<meta name=\"description\" content=\"El objetivo general de la jornada es ofrecer herramientas para mejorar el control biol\u00f3gico de dos plagas muy importantes en el cultivo de la tomatera, la\" \/>\n<meta name=\"robots\" content=\"index, follow, max-snippet:-1, max-image-preview:large, max-video-preview:-1\" \/>\n<link rel=\"canonical\" href=\"https:\/\/transferencia.irta.cat\/es\/activitats\/control-biologico-de-tuta-y-aculops-en-tomatera\/\" \/>\n<meta property=\"og:locale\" content=\"es_ES\" \/>\n<meta property=\"og:type\" content=\"article\" \/>\n<meta property=\"og:title\" content=\"Control biol\u00f3gico de tuta y aculops en tomatera - IRTA\" \/>\n<meta property=\"og:description\" content=\"El objetivo general de la jornada es ofrecer herramientas para mejorar el control biol\u00f3gico de dos plagas muy importantes en el cultivo de la tomatera, la\" \/>\n<meta property=\"og:url\" content=\"https:\/\/transferencia.irta.cat\/es\/activitats\/control-biologico-de-tuta-y-aculops-en-tomatera\/\" \/>\n<meta property=\"og:site_name\" content=\"IRTA\" \/>\n<meta property=\"article:modified_time\" content=\"2024-07-24T09:01:58+00:00\" \/>\n<meta property=\"og:image\" content=\"https:\/\/transferencia.irta.cat\/wp-content\/uploads\/2024\/07\/Tomaquere-Ayter-2004-2.jpg\" \/>\n\t<meta property=\"og:image:width\" content=\"1440\" \/>\n\t<meta property=\"og:image:height\" content=\"1920\" \/>\n<meta name=\"twitter:card\" content=\"summary_large_image\" \/>\n<meta name=\"twitter:label1\" value=\"Escrito por\">\n\t<meta name=\"twitter:data1\" value=\"jtobal\">\n\t<meta name=\"twitter:label2\" value=\"Tiempo de lectura\">\n\t<meta name=\"twitter:data2\" value=\"1 minuto\">\n<script type=\"application\/ld+json\" class=\"yoast-schema-graph\">{\"@context\":\"https:\/\/schema.org\",\"@graph\":[{\"@type\":\"WebSite\",\"@id\":\"https:\/\/transferencia.irta.cat\/es\/#website\",\"url\":\"https:\/\/transferencia.irta.cat\/es\/\",\"name\":\"IRTA\",\"description\":\"Transfer\\u00e8ncia de coneixement\",\"potentialAction\":[{\"@type\":\"SearchAction\",\"target\":\"https:\/\/transferencia.irta.cat\/es\/?s={search_term_string}\",\"query-input\":\"required name=search_term_string\"}],\"inLanguage\":\"es\"},{\"@type\":\"ImageObject\",\"@id\":\"https:\/\/transferencia.irta.cat\/es\/activitats\/control-biologico-de-tuta-y-aculops-en-tomatera\/#primaryimage\",\"inLanguage\":\"es\",\"url\":\"https:\/\/transferencia.irta.cat\/wp-content\/uploads\/2024\/07\/Tomaquere-Ayter-2004-2.jpg\",\"width\":1440,\"height\":1920},{\"@type\":\"WebPage\",\"@id\":\"https:\/\/transferencia.irta.cat\/es\/activitats\/control-biologico-de-tuta-y-aculops-en-tomatera\/#webpage\",\"url\":\"https:\/\/transferencia.irta.cat\/es\/activitats\/control-biologico-de-tuta-y-aculops-en-tomatera\/\",\"name\":\"Control biol\\u00f3gico de tuta y aculops en tomatera - IRTA\",\"isPartOf\":{\"@id\":\"https:\/\/transferencia.irta.cat\/es\/#website\"},\"primaryImageOfPage\":{\"@id\":\"https:\/\/transferencia.irta.cat\/es\/activitats\/control-biologico-de-tuta-y-aculops-en-tomatera\/#primaryimage\"},\"datePublished\":\"2024-07-02T10:58:12+00:00\",\"dateModified\":\"2024-07-24T09:01:58+00:00\",\"description\":\"El objetivo general de la jornada es ofrecer herramientas para mejorar el control biol\\u00f3gico de dos plagas muy importantes en el cultivo de la tomatera, la\",\"inLanguage\":\"es\",\"potentialAction\":[{\"@type\":\"ReadAction\",\"target\":[\"https:\/\/transferencia.irta.cat\/es\/activitats\/control-biologico-de-tuta-y-aculops-en-tomatera\/\"]}]}]}<\/script>\n<!-- \/ Yoast SEO plugin. -->","_links":{"self":[{"href":"https:\/\/transferencia.irta.cat\/es\/wp-json\/wp\/v2\/activitats\/25215","targetHints":{"allow":["GET"]}}],"collection":[{"href":"https:\/\/transferencia.irta.cat\/es\/wp-json\/wp\/v2\/activitats"}],"about":[{"href":"https:\/\/transferencia.irta.cat\/es\/wp-json\/wp\/v2\/types\/activitats"}],"wp:featuredmedia":[{"embeddable":true,"href":"https:\/\/transferencia.irta.cat\/es\/wp-json\/wp\/v2\/media\/25209"}],"wp:attachment":[{"href":"https:\/\/transferencia.irta.cat\/es\/wp-json\/wp\/v2\/media?parent=25215"}],"wp:term":[{"taxonomy":"category","embeddable":true,"href":"https:\/\/transferencia.irta.cat\/es\/wp-json\/wp\/v2\/categories?post=25215"},{"taxonomy":"post_tag","embeddable":true,"href":"https:\/\/transferencia.irta.cat\/es\/wp-json\/wp\/v2\/tags?post=25215"},{"taxonomy":"objectius_estrategics","embeddable":true,"href":"https:\/\/transferencia.irta.cat\/es\/wp-json\/wp\/v2\/objectius_estrategics?post=25215"},{"taxonomy":"ods","embeddable":true,"href":"https:\/\/transferencia.irta.cat\/es\/wp-json\/wp\/v2\/ods?post=25215"},{"taxonomy":"programa_irta","embeddable":true,"href":"https:\/\/transferencia.irta.cat\/es\/wp-json\/wp\/v2\/programa_irta?post=25215"},{"taxonomy":"trainings","embeddable":true,"href":"https:\/\/transferencia.irta.cat\/es\/wp-json\/wp\/v2\/trainings?post=25215"}],"curies":[{"name":"wp","href":"https:\/\/api.w.org\/{rel}","templated":true}]}}

Control biológico de tuta y aculops en tomatera

<p>El objetivo general de la jornada es ofrecer herramientas para mejorar el control biológico de dos plagas muy importantes en el cultivo de la tomatera, la polilla Tuta absoluta y el ácaro del broceado Aculops lycopersici. Durante la Jornada presentaremos datos obtenidos en dos proyectos en los que el Programa de Protección Vegetal Sostenible del IRTA participa. Por un lado mostraremos los resultados de unos estudios realizados en el marco de un Grupo Operativo para promocionar el uso de parasitoides en el manejo del lepidóptero y por otro haremos una visita a un invernadero experimental donde, en el marco del proyecto europeo ADOPT-IPM, hemos integrado dos herramientas de control biológico para combatir las dos plagas más importantes que afectan al cultivo de la tomatera.</p>



<p>ADOPT-IPM es una actividad financiada a través del programa Horizon Europa de la Unión Europea en virtud del acuerdo de subvención núm. 101060430. https://adopt-ipm.eu </p>



<p>El Grupo Operativo está financiado a través de la Operación 16.01.01 de Cooperación para la innovación del Programa de desarrollo rural de Cataluña 2014-2022. https://ec.europa.eu/info/food-farming-fisheries/key-policies/common-agricultural-policy/rural-development_en</p>



<figure class="wp-block-image size-large is-resized"><img loading="lazy" decoding="async" src="https://transferencia.irta.cat/wp-content/uploads/2024/07/Tomaquere-Ayter-2004-2-768x1024.jpg" alt="" class="wp-image-25209" width="319" height="425" srcset="https://transferencia.irta.cat/wp-content/uploads/2024/07/Tomaquere-Ayter-2004-2-768x1024.jpg 768w, https://transferencia.irta.cat/wp-content/uploads/2024/07/Tomaquere-Ayter-2004-2-225x300.jpg 225w, https://transferencia.irta.cat/wp-content/uploads/2024/07/Tomaquere-Ayter-2004-2-1152x1536.jpg 1152w, https://transferencia.irta.cat/wp-content/uploads/2024/07/Tomaquere-Ayter-2004-2.jpg 1440w" sizes="auto, (max-width: 319px) 100vw, 319px" /></figure>

Catalán

Cataluña

<p><strong>15.00 h Presentación de la jornada y situación del control de Tuta absoluta con parasitoides</strong><br />
Judit Arnó, investigadora del programa de sanidad vegetal sostenible del IRTA</p>
<hr />
<p><strong>15.10 h Métodos de muestreo de parasitismo en Tuta absoluta</strong><br />
Marc Vila, investigador del programa de sanidad vegetal sostenible del IRTA</p>
<hr />
<p><strong>15.30 h Efectos secundarios de los fitosanitarios sobre el nuevo parasitoide de Tuta absoluta</strong><br />
Pablo Urbaneja-Bernat, investigadora del programa de sanidad vegetal sostenible del IRTA</p>
<hr />
<p><strong>15.50 h Presentación de resultados y visita al invernadero de tomate con el ensayo demostrativo de Control Biológico de Aculop lycopersici y Tuta abosulta</strong><br />
Núria Agustí, Pablo Urbaneja-Bernat y Francesc Gómez-Marco, investigadores del programa de sanidad vegetal Sostenible.</p>
<hr />
<p><strong>17.00 h Clausura de la jornada</strong><br />
Suggeriments</p>

https://transferencia.irta.cat/wp-content/uploads/2021/11/diputació-de-barcelona.jpg

<!-- This site is optimized with the Yoast SEO plugin v15.2 - https://yoast.com/wordpress/plugins/seo/ -->
<title>Control biológico de tuta y aculops en tomatera - IRTA</title>
<meta name="description" content="El objetivo general de la jornada es ofrecer herramientas para mejorar el control biológico de dos plagas muy importantes en el cultivo de la tomatera, la" />
<meta name="robots" content="index, follow, max-snippet:-1, max-image-preview:large, max-video-preview:-1" />
<link rel="canonical" href="https://transferencia.irta.cat/es/activitats/control-biologico-de-tuta-y-aculops-en-tomatera/" />
<meta property="og:locale" content="es_ES" />
<meta property="og:type" content="article" />
<meta property="og:title" content="Control biológico de tuta y aculops en tomatera - IRTA" />
<meta property="og:description" content="El objetivo general de la jornada es ofrecer herramientas para mejorar el control biológico de dos plagas muy importantes en el cultivo de la tomatera, la" />
<meta property="og:url" content="https://transferencia.irta.cat/es/activitats/control-biologico-de-tuta-y-aculops-en-tomatera/" />
<meta property="og:site_name" content="IRTA" />
<meta property="article:modified_time" content="2024-07-24T09:01:58+00:00" />
<meta property="og:image" content="https://transferencia.irta.cat/wp-content/uploads/2024/07/Tomaquere-Ayter-2004-2.jpg" />
	<meta property="og:image:width" content="1440" />
	<meta property="og:image:height" content="1920" />
<meta name="twitter:card" content="summary_large_image" />
<meta name="twitter:label1" value="Escrito por">
	<meta name="twitter:data1" value="jtobal">
	<meta name="twitter:label2" value="Tiempo de lectura">
	<meta name="twitter:data2" value="1 minuto">
<script type="application/ld+json" class="yoast-schema-graph">{"@context":"https://schema.org","@graph":[{"@type":"WebSite","@id":"https://transferencia.irta.cat/es/#website","url":"https://transferencia.irta.cat/es/","name":"IRTA","description":"Transfer\u00e8ncia de coneixement","potentialAction":[{"@type":"SearchAction","target":"https://transferencia.irta.cat/es/?s={search_term_string}","query-input":"required name=search_term_string"}],"inLanguage":"es"},{"@type":"ImageObject","@id":"https://transferencia.irta.cat/es/activitats/control-biologico-de-tuta-y-aculops-en-tomatera/#primaryimage","inLanguage":"es","url":"https://transferencia.irta.cat/wp-content/uploads/2024/07/Tomaquere-Ayter-2004-2.jpg","width":1440,"height":1920},{"@type":"WebPage","@id":"https://transferencia.irta.cat/es/activitats/control-biologico-de-tuta-y-aculops-en-tomatera/#webpage","url":"https://transferencia.irta.cat/es/activitats/control-biologico-de-tuta-y-aculops-en-tomatera/","name":"Control biol\u00f3gico de tuta y aculops en tomatera - IRTA","isPartOf":{"@id":"https://transferencia.irta.cat/es/#website"},"primaryImageOfPage":{"@id":"https://transferencia.irta.cat/es/activitats/control-biologico-de-tuta-y-aculops-en-tomatera/#primaryimage"},"datePublished":"2024-07-02T10:58:12+00:00","dateModified":"2024-07-24T09:01:58+00:00","description":"El objetivo general de la jornada es ofrecer herramientas para mejorar el control biol\u00f3gico de dos plagas muy importantes en el cultivo de la tomatera, la","inLanguage":"es","potentialAction":[{"@type":"ReadAction","target":["https://transferencia.irta.cat/es/activitats/control-biologico-de-tuta-y-aculops-en-tomatera/"]}]}]}</script>
<!-- / Yoast SEO plugin. -->
