{"id":24430,"date":"2024-05-08T11:39:09","date_gmt":"2024-05-08T09:39:09","guid":{"rendered":"https:\/\/transferencia.irta.cat\/?post_type=activitats&#038;p=24430"},"modified":"2024-05-08T11:39:49","modified_gmt":"2024-05-08T09:39:49","slug":"descubre-las-claves-de-la-innovacion-agricola-con-x_agritech-jornada-de-reflexion-y-accion","status":"publish","type":"activitats","link":"https:\/\/transferencia.irta.cat\/es\/activitats\/descubre-las-claves-de-la-innovacion-agricola-con-x_agritech-jornada-de-reflexion-y-accion\/","title":{"rendered":"Descubre las claves de la innovaci\u00f3n agr\u00edcola con X_AgriTech: Jornada de Reflexi\u00f3n y Acci\u00f3n"},"content":{"rendered":"\n<p>X_AgriTech es la Red de Referencia de I+D+i en nuevas tecnolog\u00edas aplicadas a la agricultura y la ganader\u00eda en Catalu\u00f1a. La jornada ser\u00e1 la ocasi\u00f3n para conocer hasta d\u00f3nde hemos llegado y qu\u00e9 actividades estamos proyectando hasta 2025. Ser\u00e1 una jornada para la reflexi\u00f3n y la acci\u00f3n participativa enfocada a c\u00f3mo podemos desde X_AgriTech impulsar la innovaci\u00f3n de impacto en el sector del agricultura y la ganader\u00eda en Catalu\u00f1a. Incluyendo la creaci\u00f3n de soluciones disruptivas enfocadas a los retos de pa\u00eds y las expectativas de las partes interesadas en X_AgriTech.<\/p>\n\n\n\n<figure class=\"wp-block-image size-large\"><img loading=\"lazy\" decoding=\"async\" width=\"1024\" height=\"724\" src=\"https:\/\/transferencia.irta.cat\/wp-content\/uploads\/2024\/05\/Disseny-sense-t\u00edtol-2-1024x724.png\" alt=\"\" class=\"wp-image-24385\" srcset=\"https:\/\/transferencia.irta.cat\/wp-content\/uploads\/2024\/05\/Disseny-sense-t\u00edtol-2-1024x724.png 1024w, https:\/\/transferencia.irta.cat\/wp-content\/uploads\/2024\/05\/Disseny-sense-t\u00edtol-2-300x212.png 300w, https:\/\/transferencia.irta.cat\/wp-content\/uploads\/2024\/05\/Disseny-sense-t\u00edtol-2-768x543.png 768w, https:\/\/transferencia.irta.cat\/wp-content\/uploads\/2024\/05\/Disseny-sense-t\u00edtol-2-1536x1086.png 1536w, https:\/\/transferencia.irta.cat\/wp-content\/uploads\/2024\/05\/Disseny-sense-t\u00edtol-2.png 1920w\" sizes=\"auto, (max-width: 1024px) 100vw, 1024px\" \/><\/figure>\n","protected":false},"featured_media":24383,"template":"","categories":[],"tags":[],"objectius_estrategics":[],"ods":[],"programa_irta":[],"trainings":[],"class_list":["post-24430","activitats","type-activitats","status-publish","has-post-thumbnail","hentry"],"acf":{"codi":"","data":"29\/05\/2024","data_fi":"","horari":"09:00h - 14:30h","idioma":"Catalan","original_language":"ca","preu":"Gratuito","places":"-1","ciutat":"Barcelona","lloc_de_realitzacio":"<p>Sala de l'Agricultura a la FCAC. Carrer d'Ulldecona, 21, Sants-Montju\u00efc, 08038 Barcelona<\/p>\n","ubicacio":{"address":"Sala de l'Agricultura a la FCAC. Carrer d'Ulldecona, 21, Sants-Montju\u00efc, 08038 Barcelona","lat":41.3507946,"lng":2.1409032,"zoom":14,"place_id":"ChIJY4PJgH-ipBIRnQD_T1IhsAc","street_number":"21","street_name":"Carrer d'Ulldecona","city":"Barcelona","state":"Catalunya","state_short":"CT","post_code":"08038","country":"Espanya","country_short":"ES"},"imatge_ubicacio":false,"persona_contacte_nom":"Javier Tobal","persona_contacte_email":"javier.tobal@irta.cat","programa":false,"programacio":"<p><strong>9.30 h Recepci\u00f3n de los participantes y caf\u00e9 de bienvenida<\/strong><\/p>\n<hr \/>\n<p><strong>10.00 h Bienvenida<\/strong><br \/>\nFCAC y Anna Gras, Directora Cient\u00edfica X_AgriTech.<\/p>\n<hr \/>\n<p><strong>10.10 h Charla inspiracional: \u00bfQu\u00e9 rol tienen las universidades y centros de investigaci\u00f3n en la creaci\u00f3n de soluciones disruptivas en los retos de nuestro pa\u00eds?<\/strong><br \/>\nPere Condom-Vil\u00e0, Director del \u00c1rea de An\u00e1lisis Estrat\u00e9gico, en la Direcci\u00f3n General de Industria de la Generalidad de Catalu\u00f1a<\/p>\n<hr \/>\n<p><strong>10.40 h X_AgriTech: De d\u00f3nde venimos y hacia d\u00f3nde vamos<\/strong><br \/>\nMarlen Navarro, Gestora X_AgriTech<\/p>\n<hr \/>\n<p><strong>11.10 h Din\u00e1mica de reflexi\u00f3n: C\u00f3mo podemos desde X_AgriTech impulsar la innovaci\u00f3n de impacto<\/strong><br \/>\nDinamizador: Eidos Social.<\/p>\n<hr \/>\n<p><strong>12.30 h Pausa - Caf\u00e9<\/strong><\/p>\n<hr \/>\n<p><strong>13.45 h Reuni\u00f3n estatutaria: S\u00f3lo por los miembros de la Red<\/strong><\/p>\n<hr \/>\n<p><strong>14.25 h Clausura de la jornada<\/strong><\/p>\n","ponents":false,"organitza":[{"imatge":"https:\/\/transferencia.irta.cat\/wp-content\/uploads\/2022\/12\/IRTA_logo_PNG_amb_R_cerca.png","nom":"","link":""},{"imatge":"https:\/\/transferencia.irta.cat\/wp-content\/uploads\/2020\/12\/1200px-Logotipo_de_la_Generalitat_de_Catalunya.svg_.png","nom":"","link":""},{"imatge":"https:\/\/transferencia.irta.cat\/wp-content\/uploads\/2024\/05\/Logotip_X_AgriTech_color_png.png","nom":"","link":""},{"imatge":"https:\/\/transferencia.irta.cat\/wp-content\/uploads\/2023\/12\/PATT-2024-desglossat-ploma.png","nom":"","link":""}],"patrocina":false,"colabora":[{"imatge":"https:\/\/transferencia.irta.cat\/wp-content\/uploads\/2021\/11\/diputaci\u00f3-de-barcelona.jpg","nom":"","link":""},{"imatge":"https:\/\/transferencia.irta.cat\/wp-content\/uploads\/2024\/05\/agaur.jpg","nom":"","link":""}],"serveis":false,"materials":false,"activitats_relacionades":false,"te_enquesta":false,"id_enquesta":"","enquesta_externa":"","subscribe_external_link":"","en_construccio":true,"wait_list":false},"yoast_head":"<!-- This site is optimized with the Yoast SEO plugin v15.2 - https:\/\/yoast.com\/wordpress\/plugins\/seo\/ -->\n<title>Descubre las claves de la innovaci\u00f3n agr\u00edcola con X_AgriTech: Jornada de Reflexi\u00f3n y Acci\u00f3n - IRTA<\/title>\n<meta name=\"description\" content=\"X_AgriTech es la Red de Referencia de I+D+i en nuevas tecnolog\u00edas aplicadas a la agricultura y la ganader\u00eda en Catalu\u00f1a. La jornada ser\u00e1 la ocasi\u00f3n para\" \/>\n<meta name=\"robots\" content=\"index, follow, max-snippet:-1, max-image-preview:large, max-video-preview:-1\" \/>\n<link rel=\"canonical\" href=\"https:\/\/transferencia.irta.cat\/es\/activitats\/descubre-las-claves-de-la-innovacion-agricola-con-x_agritech-jornada-de-reflexion-y-accion\/\" \/>\n<meta property=\"og:locale\" content=\"es_ES\" \/>\n<meta property=\"og:type\" content=\"article\" \/>\n<meta property=\"og:title\" content=\"Descubre las claves de la innovaci\u00f3n agr\u00edcola con X_AgriTech: Jornada de Reflexi\u00f3n y Acci\u00f3n - IRTA\" \/>\n<meta property=\"og:description\" content=\"X_AgriTech es la Red de Referencia de I+D+i en nuevas tecnolog\u00edas aplicadas a la agricultura y la ganader\u00eda en Catalu\u00f1a. La jornada ser\u00e1 la ocasi\u00f3n para\" \/>\n<meta property=\"og:url\" content=\"https:\/\/transferencia.irta.cat\/es\/activitats\/descubre-las-claves-de-la-innovacion-agricola-con-x_agritech-jornada-de-reflexion-y-accion\/\" \/>\n<meta property=\"og:site_name\" content=\"IRTA\" \/>\n<meta property=\"article:modified_time\" content=\"2024-05-08T09:39:49+00:00\" \/>\n<meta property=\"og:image\" content=\"https:\/\/transferencia.irta.cat\/wp-content\/uploads\/2024\/05\/Disseny-sense-t\u00edtol-2-1024x724.png\" \/>\n\t<meta property=\"og:image:width\" content=\"1024\" \/>\n\t<meta property=\"og:image:height\" content=\"724\" \/>\n<meta name=\"twitter:card\" content=\"summary_large_image\" \/>\n<meta name=\"twitter:label1\" value=\"Escrito por\">\n\t<meta name=\"twitter:data1\" value=\"jtobal\">\n\t<meta name=\"twitter:label2\" value=\"Tiempo de lectura\">\n\t<meta name=\"twitter:data2\" value=\"0 minutos\">\n<script type=\"application\/ld+json\" class=\"yoast-schema-graph\">{\"@context\":\"https:\/\/schema.org\",\"@graph\":[{\"@type\":\"WebSite\",\"@id\":\"https:\/\/transferencia.irta.cat\/es\/#website\",\"url\":\"https:\/\/transferencia.irta.cat\/es\/\",\"name\":\"IRTA\",\"description\":\"Transfer\\u00e8ncia de coneixement\",\"potentialAction\":[{\"@type\":\"SearchAction\",\"target\":\"https:\/\/transferencia.irta.cat\/es\/?s={search_term_string}\",\"query-input\":\"required name=search_term_string\"}],\"inLanguage\":\"es\"},{\"@type\":\"ImageObject\",\"@id\":\"https:\/\/transferencia.irta.cat\/es\/activitats\/descubre-las-claves-de-la-innovacion-agricola-con-x_agritech-jornada-de-reflexion-y-accion\/#primaryimage\",\"inLanguage\":\"es\",\"url\":\"https:\/\/transferencia.irta.cat\/wp-content\/uploads\/2024\/05\/Disseny-sense-t\\u00edtol-2.png\",\"width\":1920,\"height\":1357},{\"@type\":\"WebPage\",\"@id\":\"https:\/\/transferencia.irta.cat\/es\/activitats\/descubre-las-claves-de-la-innovacion-agricola-con-x_agritech-jornada-de-reflexion-y-accion\/#webpage\",\"url\":\"https:\/\/transferencia.irta.cat\/es\/activitats\/descubre-las-claves-de-la-innovacion-agricola-con-x_agritech-jornada-de-reflexion-y-accion\/\",\"name\":\"Descubre las claves de la innovaci\\u00f3n agr\\u00edcola con X_AgriTech: Jornada de Reflexi\\u00f3n y Acci\\u00f3n - IRTA\",\"isPartOf\":{\"@id\":\"https:\/\/transferencia.irta.cat\/es\/#website\"},\"primaryImageOfPage\":{\"@id\":\"https:\/\/transferencia.irta.cat\/es\/activitats\/descubre-las-claves-de-la-innovacion-agricola-con-x_agritech-jornada-de-reflexion-y-accion\/#primaryimage\"},\"datePublished\":\"2024-05-08T09:39:09+00:00\",\"dateModified\":\"2024-05-08T09:39:49+00:00\",\"description\":\"X_AgriTech es la Red de Referencia de I+D+i en nuevas tecnolog\\u00edas aplicadas a la agricultura y la ganader\\u00eda en Catalu\\u00f1a. La jornada ser\\u00e1 la ocasi\\u00f3n para\",\"inLanguage\":\"es\",\"potentialAction\":[{\"@type\":\"ReadAction\",\"target\":[\"https:\/\/transferencia.irta.cat\/es\/activitats\/descubre-las-claves-de-la-innovacion-agricola-con-x_agritech-jornada-de-reflexion-y-accion\/\"]}]}]}<\/script>\n<!-- \/ Yoast SEO plugin. -->","_links":{"self":[{"href":"https:\/\/transferencia.irta.cat\/es\/wp-json\/wp\/v2\/activitats\/24430","targetHints":{"allow":["GET"]}}],"collection":[{"href":"https:\/\/transferencia.irta.cat\/es\/wp-json\/wp\/v2\/activitats"}],"about":[{"href":"https:\/\/transferencia.irta.cat\/es\/wp-json\/wp\/v2\/types\/activitats"}],"wp:featuredmedia":[{"embeddable":true,"href":"https:\/\/transferencia.irta.cat\/es\/wp-json\/wp\/v2\/media\/24383"}],"wp:attachment":[{"href":"https:\/\/transferencia.irta.cat\/es\/wp-json\/wp\/v2\/media?parent=24430"}],"wp:term":[{"taxonomy":"category","embeddable":true,"href":"https:\/\/transferencia.irta.cat\/es\/wp-json\/wp\/v2\/categories?post=24430"},{"taxonomy":"post_tag","embeddable":true,"href":"https:\/\/transferencia.irta.cat\/es\/wp-json\/wp\/v2\/tags?post=24430"},{"taxonomy":"objectius_estrategics","embeddable":true,"href":"https:\/\/transferencia.irta.cat\/es\/wp-json\/wp\/v2\/objectius_estrategics?post=24430"},{"taxonomy":"ods","embeddable":true,"href":"https:\/\/transferencia.irta.cat\/es\/wp-json\/wp\/v2\/ods?post=24430"},{"taxonomy":"programa_irta","embeddable":true,"href":"https:\/\/transferencia.irta.cat\/es\/wp-json\/wp\/v2\/programa_irta?post=24430"},{"taxonomy":"trainings","embeddable":true,"href":"https:\/\/transferencia.irta.cat\/es\/wp-json\/wp\/v2\/trainings?post=24430"}],"curies":[{"name":"wp","href":"https:\/\/api.w.org\/{rel}","templated":true}]}}

Descubre las claves de la innovación agrícola con X_AgriTech: Jornada de Reflexión y Acción

<p>X_AgriTech es la Red de Referencia de I+D+i en nuevas tecnologías aplicadas a la agricultura y la ganadería en Cataluña. La jornada será la ocasión para conocer hasta dónde hemos llegado y qué actividades estamos proyectando hasta 2025. Será una jornada para la reflexión y la acción participativa enfocada a cómo podemos desde X_AgriTech impulsar la innovación de impacto en el sector del agricultura y la ganadería en Cataluña. Incluyendo la creación de soluciones disruptivas enfocadas a los retos de país y las expectativas de las partes interesadas en X_AgriTech.</p>



<figure class="wp-block-image size-large"><img loading="lazy" decoding="async" width="1024" height="724" src="https://transferencia.irta.cat/wp-content/uploads/2024/05/Disseny-sense-títol-2-1024x724.png" alt="" class="wp-image-24385" srcset="https://transferencia.irta.cat/wp-content/uploads/2024/05/Disseny-sense-títol-2-1024x724.png 1024w, https://transferencia.irta.cat/wp-content/uploads/2024/05/Disseny-sense-títol-2-300x212.png 300w, https://transferencia.irta.cat/wp-content/uploads/2024/05/Disseny-sense-títol-2-768x543.png 768w, https://transferencia.irta.cat/wp-content/uploads/2024/05/Disseny-sense-títol-2-1536x1086.png 1536w, https://transferencia.irta.cat/wp-content/uploads/2024/05/Disseny-sense-títol-2.png 1920w" sizes="auto, (max-width: 1024px) 100vw, 1024px" /></figure>

<p>Sala de l'Agricultura a la FCAC. Carrer d'Ulldecona, 21, Sants-Montjuïc, 08038 Barcelona</p>

Sala de l'Agricultura a la FCAC. Carrer d'Ulldecona, 21, Sants-Montjuïc, 08038 Barcelona

<p><strong>9.30 h Recepción de los participantes y café de bienvenida</strong></p>
<hr />
<p><strong>10.00 h Bienvenida</strong><br />
FCAC y Anna Gras, Directora Científica X_AgriTech.</p>
<hr />
<p><strong>10.10 h Charla inspiracional: ¿Qué rol tienen las universidades y centros de investigación en la creación de soluciones disruptivas en los retos de nuestro país?</strong><br />
Pere Condom-Vilà, Director del Área de Análisis Estratégico, en la Dirección General de Industria de la Generalidad de Cataluña</p>
<hr />
<p><strong>10.40 h X_AgriTech: De dónde venimos y hacia dónde vamos</strong><br />
Marlen Navarro, Gestora X_AgriTech</p>
<hr />
<p><strong>11.10 h Dinámica de reflexión: Cómo podemos desde X_AgriTech impulsar la innovación de impacto</strong><br />
Dinamizador: Eidos Social.</p>
<hr />
<p><strong>12.30 h Pausa - Café</strong></p>
<hr />
<p><strong>13.45 h Reunión estatutaria: Sólo por los miembros de la Red</strong></p>
<hr />
<p><strong>14.25 h Clausura de la jornada</strong></p>

https://transferencia.irta.cat/wp-content/uploads/2021/11/diputació-de-barcelona.jpg

<!-- This site is optimized with the Yoast SEO plugin v15.2 - https://yoast.com/wordpress/plugins/seo/ -->
<title>Descubre las claves de la innovación agrícola con X_AgriTech: Jornada de Reflexión y Acción - IRTA</title>
<meta name="description" content="X_AgriTech es la Red de Referencia de I+D+i en nuevas tecnologías aplicadas a la agricultura y la ganadería en Cataluña. La jornada será la ocasión para" />
<meta name="robots" content="index, follow, max-snippet:-1, max-image-preview:large, max-video-preview:-1" />
<link rel="canonical" href="https://transferencia.irta.cat/es/activitats/descubre-las-claves-de-la-innovacion-agricola-con-x_agritech-jornada-de-reflexion-y-accion/" />
<meta property="og:locale" content="es_ES" />
<meta property="og:type" content="article" />
<meta property="og:title" content="Descubre las claves de la innovación agrícola con X_AgriTech: Jornada de Reflexión y Acción - IRTA" />
<meta property="og:description" content="X_AgriTech es la Red de Referencia de I+D+i en nuevas tecnologías aplicadas a la agricultura y la ganadería en Cataluña. La jornada será la ocasión para" />
<meta property="og:url" content="https://transferencia.irta.cat/es/activitats/descubre-las-claves-de-la-innovacion-agricola-con-x_agritech-jornada-de-reflexion-y-accion/" />
<meta property="og:site_name" content="IRTA" />
<meta property="article:modified_time" content="2024-05-08T09:39:49+00:00" />
<meta property="og:image" content="https://transferencia.irta.cat/wp-content/uploads/2024/05/Disseny-sense-títol-2-1024x724.png" />
	<meta property="og:image:width" content="1024" />
	<meta property="og:image:height" content="724" />
<meta name="twitter:card" content="summary_large_image" />
<meta name="twitter:label1" value="Escrito por">
	<meta name="twitter:data1" value="jtobal">
	<meta name="twitter:label2" value="Tiempo de lectura">
	<meta name="twitter:data2" value="0 minutos">
<script type="application/ld+json" class="yoast-schema-graph">{"@context":"https://schema.org","@graph":[{"@type":"WebSite","@id":"https://transferencia.irta.cat/es/#website","url":"https://transferencia.irta.cat/es/","name":"IRTA","description":"Transfer\u00e8ncia de coneixement","potentialAction":[{"@type":"SearchAction","target":"https://transferencia.irta.cat/es/?s={search_term_string}","query-input":"required name=search_term_string"}],"inLanguage":"es"},{"@type":"ImageObject","@id":"https://transferencia.irta.cat/es/activitats/descubre-las-claves-de-la-innovacion-agricola-con-x_agritech-jornada-de-reflexion-y-accion/#primaryimage","inLanguage":"es","url":"https://transferencia.irta.cat/wp-content/uploads/2024/05/Disseny-sense-t\u00edtol-2.png","width":1920,"height":1357},{"@type":"WebPage","@id":"https://transferencia.irta.cat/es/activitats/descubre-las-claves-de-la-innovacion-agricola-con-x_agritech-jornada-de-reflexion-y-accion/#webpage","url":"https://transferencia.irta.cat/es/activitats/descubre-las-claves-de-la-innovacion-agricola-con-x_agritech-jornada-de-reflexion-y-accion/","name":"Descubre las claves de la innovaci\u00f3n agr\u00edcola con X_AgriTech: Jornada de Reflexi\u00f3n y Acci\u00f3n - IRTA","isPartOf":{"@id":"https://transferencia.irta.cat/es/#website"},"primaryImageOfPage":{"@id":"https://transferencia.irta.cat/es/activitats/descubre-las-claves-de-la-innovacion-agricola-con-x_agritech-jornada-de-reflexion-y-accion/#primaryimage"},"datePublished":"2024-05-08T09:39:09+00:00","dateModified":"2024-05-08T09:39:49+00:00","description":"X_AgriTech es la Red de Referencia de I+D+i en nuevas tecnolog\u00edas aplicadas a la agricultura y la ganader\u00eda en Catalu\u00f1a. La jornada ser\u00e1 la ocasi\u00f3n para","inLanguage":"es","potentialAction":[{"@type":"ReadAction","target":["https://transferencia.irta.cat/es/activitats/descubre-las-claves-de-la-innovacion-agricola-con-x_agritech-jornada-de-reflexion-y-accion/"]}]}]}</script>
<!-- / Yoast SEO plugin. -->
