{"id":2311,"date":"2020-03-20T10:28:53","date_gmt":"2020-03-20T09:28:53","guid":{"rendered":"https:\/\/transferencia.irta.cat\/?post_type=activitats&#038;p=2311"},"modified":"2020-03-20T13:09:38","modified_gmt":"2020-03-20T12:09:38","slug":"usos-y-gestion-del-agua-en-el-baix-ter","status":"publish","type":"activitats","link":"https:\/\/transferencia.irta.cat\/es\/activitats\/usos-y-gestion-del-agua-en-el-baix-ter\/","title":{"rendered":"Usos y gesti\u00f3n del agua en el Baix Ter"},"content":{"rendered":"\n<h2 class=\"wp-block-heading\"><em>O<\/em><i>s informamos que quedan aplazadas todas las actividades organizadas por el IRTA con motivo del coronavirus COVID-19 hasta pr\u00f3ximo aviso.<\/i><\/h2>\n\n\n\n<figure class=\"wp-block-image size-large\"><img loading=\"lazy\" decoding=\"async\" width=\"1024\" height=\"339\" src=\"https:\/\/transferencia.irta.cat\/wp-content\/uploads\/2020\/03\/GRSA_Logotip_Horizontal_Color-1024x339.png\" alt=\"\" class=\"wp-image-1844\" srcset=\"https:\/\/transferencia.irta.cat\/wp-content\/uploads\/2020\/03\/GRSA_Logotip_Horizontal_Color-1024x339.png 1024w, https:\/\/transferencia.irta.cat\/wp-content\/uploads\/2020\/03\/GRSA_Logotip_Horizontal_Color-300x99.png 300w, https:\/\/transferencia.irta.cat\/wp-content\/uploads\/2020\/03\/GRSA_Logotip_Horizontal_Color-768x254.png 768w, https:\/\/transferencia.irta.cat\/wp-content\/uploads\/2020\/03\/GRSA_Logotip_Horizontal_Color.png 1224w\" sizes=\"auto, (max-width: 1024px) 100vw, 1024px\" \/><\/figure>\n\n\n<p><!--StartFragment--><\/p>\n\n\n<p>Esta jornada nos permitir\u00e1 debatir sobre las problem\u00e1ticas y oportunidades asociadas a los usos y gesti\u00f3n del agua y que est\u00e1n de actualidad: la gesti\u00f3n agr\u00edcola de los regad\u00edos y la preservaci\u00f3n de esta actividad econ\u00f3mica junto con la gesti\u00f3n sostenible del recurso; y la gesti\u00f3n fluvial ante el riesgo de inundaciones en los nuevos escenarios planteados por el cambio clim\u00e1tico.<\/p>\n\n\n\n<p>El proyecto PECT \u201cGirona, regi\u00f3n sensible al agua\u201d se erige para hacer frente al riesgo cuantitativo y cualitativo de las aguas del Baix Ter. A partir de la implementaci\u00f3n de nuevos modelos de gesti\u00f3n y de infraestructuras sostenibles basadas en la innovaci\u00f3n tecnol\u00f3gica, el proyecto \u201cGirona, regi\u00f3n sensible al agua\u201d pretende convertirse en un referente territorial e internacional mejorando la gesti\u00f3n y el uso del agua y consolidando la nueva cultura del agua en la sociedad al territorio del Baix Ter.<\/p>\n\n\n<p><!--EndFragment--><\/p>\n\n\n<figure class=\"wp-block-embed-vimeo wp-block-embed is-type-video is-provider-vimeo wp-embed-aspect-16-9 wp-has-aspect-ratio\"><div class=\"wp-block-embed__wrapper\">\n<iframe loading=\"lazy\" title=\"Girona Regi\u00f3 Sensible a l&#039;Aigua\" src=\"https:\/\/player.vimeo.com\/video\/327271479?dnt=1&amp;app_id=122963\" width=\"500\" height=\"281\" frameborder=\"0\" allow=\"autoplay; fullscreen; picture-in-picture; clipboard-write; encrypted-media; web-share\" referrerpolicy=\"strict-origin-when-cross-origin\"><\/iframe>\n<\/div><\/figure>\n","protected":false},"featured_media":1819,"template":"","categories":[641,644,645],"tags":[648,1120,1078,394,1076],"objectius_estrategics":[1204],"ods":[1265,1263,1270],"programa_irta":[],"trainings":[],"class_list":["post-2311","activitats","type-activitats","status-publish","has-post-thumbnail","hentry","category-cambio-climatico","category-biodiversidad","category-agua-agricultura","tag-baix-ter","tag-gestion-del-agua","tag-use-of-water-es","tag-uso-del-agua","tag-uso-del-agua-es","objectius_estrategics-canvio-climatico","ods-11-ciudades-y-comunidades-sostenibles","ods-13-accion-climatica","ods-6-agua-limpia-y-saneamiento"],"acf":{"codi":"","data":"","data_fi":"","horari":"","idioma":"","original_language":"ca","preu":"","places":"-1","ciutat":"Girona","lloc_de_realitzacio":"<p><span style=\"display: inline !important; float: none; background-color: #ffffff; color: #333333; cursor: text; font-family: Georgia,'Times New Roman','Bitstream Charter',Times,serif; font-size: 16px; font-style: normal; font-variant: normal; font-weight: 400; letter-spacing: normal; orphans: 2; text-align: left; text-decoration: none; text-indent: 0px; text-transform: none; -webkit-text-stroke-width: 0px; white-space: normal; word-spacing: 0px;\">Auditori Giroempr\u00e8n,<\/span><br \/>\n<span style=\"display: inline !important; float: none; background-color: #ffffff; color: #333333; cursor: text; font-family: Georgia,'Times New Roman','Bitstream Charter',Times,serif; font-size: 16px; font-style: normal; font-variant: normal; font-weight: 400; letter-spacing: normal; orphans: 2; text-align: left; text-decoration: none; text-indent: 0px; text-transform: none; -webkit-text-stroke-width: 0px; white-space: normal; word-spacing: 0px;\">Parc Cient\u00edfic i Tecnol\u00f2gic de la UdG<\/span><br \/>\n<span style=\"display: inline !important; float: none; background-color: #ffffff; color: #333333; cursor: text; font-family: Georgia,'Times New Roman','Bitstream Charter',Times,serif; font-size: 16px; font-style: normal; font-variant: normal; font-weight: 400; letter-spacing: normal; orphans: 2; text-align: left; text-decoration: none; text-indent: 0px; text-transform: none; -webkit-text-stroke-width: 0px; white-space: normal; word-spacing: 0px;\">C\/ Pic de Peguera 17, Girona<\/span><\/p>\n","ubicacio":{"address":"PARC CIENT\u00cdFIC GIRONA","lat":41.9673844,"lng":2.8371452,"zoom":14,"place_id":"ChIJSYmlpeDmuhIRKMz0MhuQhDA","street_number":"15","street_name":"Carrer Pic de Peguera","city":"Girona","state":"Catalunya","state_short":"CT","post_code":"17003","country":"Espanya","country_short":"ES"},"imatge_ubicacio":"https:\/\/transferencia.irta.cat\/wp-content\/uploads\/2020\/03\/10.jpg","persona_contacte_nom":"Campus Aigua","persona_contacte_email":"campus.aigua@udg.edu","programa":false,"programacio":"<p><strong>Jornada con ponencia y dos mesas redondas<\/strong><\/p>\n<hr \/>\n<p>9:00 Registro<\/p>\n<hr \/>\n<p>9:30 Bienvenida y presentaci\u00f3n de la jornada<br \/>\nMontserrat Mindan, diputada delegada de Programas europeos de la Diputaci\u00f3 de Girona<br \/>\nJosep Calb\u00f3, vicerrector de Proyectos estrat\u00e9gicos de la Universitat de Girona<\/p>\n<hr \/>\n<p>10:00 Ponencia inaugural, a cargo de Mart\u00ed Boada<\/p>\n<hr \/>\n<p>11:00 Bloque 1. Usos agr\u00edcolas del agua: mejora de la eficiencia de los regad\u00edos actuales<\/p>\n<p>&gt; P\u00edldoras informativas del proyecto PECT Girona, regi\u00f3n sensible al agua.<br \/>\nIntervienen: Jaume Casades\u00fas (IRTA Lleida), Francesc Camps (IRTA Mas Badia), Miquel Duran (UdG)<\/p>\n<p>&gt; Mesa redonda:<br \/>\nNarc\u00eds Illa (comunidad de regantes de St. Juli\u00e0 de Ramis, Cervi\u00e0 de Ter, St. Jordi Desvalls, Colomers i Jafre)<br \/>\nJordi Aulet (comunidad de regantes de la Presa de Colomers)<br \/>\nRicard Poch (responsable de obras y regad\u00edos, DARP)<br \/>\nMaite Sisquella (Oficina del regante, DARP)<br \/>\nC\u00e9sar Saiz (Giropoma S.L.)<br \/>\nModera: Joan Bonany, director del IRTA Mas Badia<\/p>\n<hr \/>\n<p>12:15 Descanso<\/p>\n<hr \/>\n<p>12:45 Bloque 2. Gesti\u00f3n del agua: Los cursos fluviales ante el riesgo de inundaciones<\/p>\n<p>&gt; P\u00edldoras informativas del proyecto PECT Girona, regi\u00f3n sensible al agua.<br \/>\nIntervienen: Xavier Quintana (UdG), Joan Sol\u00e0 (JCUABaix Ter)<\/p>\n<p>&gt; Mesa redonda:<br \/>\nEnrique Velasco (Ag\u00e8ncia Catalana de l\u2019Aigua)<br \/>\nTeia Puigvert (Consorci del Ter)<br \/>\nJoan Sol\u00e0 (Junta Central d\u2019Usuaris d\u2019Aig\u00fces del Baix Ter)<br \/>\nJoan Gaya (ingeniero consultor)<br \/>\nModera: Anna M\u00aa Ribas (Universitat de Girona)<\/p>\n<hr \/>\n<p>14:00 Clausrua de la jornada<\/p>\n","ponents":false,"organitza":[{"imatge":"https:\/\/transferencia.irta.cat\/wp-content\/uploads\/2020\/02\/IRTA.svg_.png","nom":"","link":""},{"imatge":"https:\/\/transferencia.irta.cat\/wp-content\/uploads\/2020\/03\/baix_ter_negro.png","nom":"","link":""},{"imatge":"https:\/\/transferencia.irta.cat\/wp-content\/uploads\/2020\/03\/UdG-2L-ESQUERRA-RGB.jpg","nom":"","link":""},{"imatge":"https:\/\/transferencia.irta.cat\/wp-content\/uploads\/2020\/03\/Fmar-tarnsparent.png","nom":"","link":""}],"patrocina":false,"colabora":[{"imatge":"https:\/\/transferencia.irta.cat\/wp-content\/uploads\/2020\/03\/Gencat_color.gif","nom":"","link":""},{"imatge":"https:\/\/transferencia.irta.cat\/wp-content\/uploads\/2020\/03\/DDGI-transp.png","nom":"","link":""},{"imatge":"https:\/\/transferencia.irta.cat\/wp-content\/uploads\/2019\/11\/fons-europeu.jpg","nom":"","link":""},{"imatge":"https:\/\/transferencia.irta.cat\/wp-content\/uploads\/2020\/01\/PATT-2020-desglossat.png","nom":"","link":""}],"serveis":false,"materials":false,"activitats_relacionades":false,"te_enquesta":false,"id_enquesta":"","enquesta_externa":"","subscribe_external_link":"https:\/\/forms.gle\/cEZkZQLv9jKJhHgG9","en_construccio":false,"wait_list":false},"yoast_head":"<!-- This site is optimized with the Yoast SEO plugin v15.2 - https:\/\/yoast.com\/wordpress\/plugins\/seo\/ -->\n<title>Usos y gesti\u00f3n del agua en el Baix Ter - IRTA<\/title>\n<meta name=\"description\" content=\"Os informamos que quedan aplazadas todas las actividades organizadas por el IRTA con motivo del coronavirus COVID-19 hasta pr\u00f3ximo aviso. Esta jornada nos\" \/>\n<meta name=\"robots\" content=\"index, follow, max-snippet:-1, max-image-preview:large, max-video-preview:-1\" \/>\n<link rel=\"canonical\" href=\"https:\/\/transferencia.irta.cat\/es\/activitats\/usos-y-gestion-del-agua-en-el-baix-ter\/\" \/>\n<meta property=\"og:locale\" content=\"es_ES\" \/>\n<meta property=\"og:type\" content=\"article\" \/>\n<meta property=\"og:title\" content=\"Usos y gesti\u00f3n del agua en el Baix Ter - IRTA\" \/>\n<meta property=\"og:description\" content=\"Os informamos que quedan aplazadas todas las actividades organizadas por el IRTA con motivo del coronavirus COVID-19 hasta pr\u00f3ximo aviso. Esta jornada nos\" \/>\n<meta property=\"og:url\" content=\"https:\/\/transferencia.irta.cat\/es\/activitats\/usos-y-gestion-del-agua-en-el-baix-ter\/\" \/>\n<meta property=\"og:site_name\" content=\"IRTA\" \/>\n<meta property=\"article:modified_time\" content=\"2020-03-20T12:09:38+00:00\" \/>\n<meta property=\"og:image\" content=\"https:\/\/transferencia.irta.cat\/wp-content\/uploads\/2020\/03\/DJI_0101res.jpg\" \/>\n\t<meta property=\"og:image:width\" content=\"1500\" \/>\n\t<meta property=\"og:image:height\" content=\"999\" \/>\n<meta name=\"twitter:card\" content=\"summary_large_image\" \/>\n<meta name=\"twitter:label1\" value=\"Escrito por\">\n\t<meta name=\"twitter:data1\" value=\"Montse\">\n\t<meta name=\"twitter:label2\" value=\"Tiempo de lectura\">\n\t<meta name=\"twitter:data2\" value=\"1 minuto\">\n<script type=\"application\/ld+json\" class=\"yoast-schema-graph\">{\"@context\":\"https:\/\/schema.org\",\"@graph\":[{\"@type\":\"WebSite\",\"@id\":\"https:\/\/transferencia.irta.cat\/es\/#website\",\"url\":\"https:\/\/transferencia.irta.cat\/es\/\",\"name\":\"IRTA\",\"description\":\"Transfer\\u00e8ncia de coneixement\",\"potentialAction\":[{\"@type\":\"SearchAction\",\"target\":\"https:\/\/transferencia.irta.cat\/es\/?s={search_term_string}\",\"query-input\":\"required name=search_term_string\"}],\"inLanguage\":\"es\"},{\"@type\":\"ImageObject\",\"@id\":\"https:\/\/transferencia.irta.cat\/es\/activitats\/usos-y-gestion-del-agua-en-el-baix-ter\/#primaryimage\",\"inLanguage\":\"es\",\"url\":\"https:\/\/transferencia.irta.cat\/wp-content\/uploads\/2020\/03\/DJI_0101res.jpg\",\"width\":1500,\"height\":999},{\"@type\":\"WebPage\",\"@id\":\"https:\/\/transferencia.irta.cat\/es\/activitats\/usos-y-gestion-del-agua-en-el-baix-ter\/#webpage\",\"url\":\"https:\/\/transferencia.irta.cat\/es\/activitats\/usos-y-gestion-del-agua-en-el-baix-ter\/\",\"name\":\"Usos y gesti\\u00f3n del agua en el Baix Ter - IRTA\",\"isPartOf\":{\"@id\":\"https:\/\/transferencia.irta.cat\/es\/#website\"},\"primaryImageOfPage\":{\"@id\":\"https:\/\/transferencia.irta.cat\/es\/activitats\/usos-y-gestion-del-agua-en-el-baix-ter\/#primaryimage\"},\"datePublished\":\"2020-03-20T09:28:53+00:00\",\"dateModified\":\"2020-03-20T12:09:38+00:00\",\"description\":\"Os informamos que quedan aplazadas todas las actividades organizadas por el IRTA con motivo del coronavirus COVID-19 hasta pr\\u00f3ximo aviso. Esta jornada nos\",\"inLanguage\":\"es\",\"potentialAction\":[{\"@type\":\"ReadAction\",\"target\":[\"https:\/\/transferencia.irta.cat\/es\/activitats\/usos-y-gestion-del-agua-en-el-baix-ter\/\"]}]}]}<\/script>\n<!-- \/ Yoast SEO plugin. -->","_links":{"self":[{"href":"https:\/\/transferencia.irta.cat\/es\/wp-json\/wp\/v2\/activitats\/2311","targetHints":{"allow":["GET"]}}],"collection":[{"href":"https:\/\/transferencia.irta.cat\/es\/wp-json\/wp\/v2\/activitats"}],"about":[{"href":"https:\/\/transferencia.irta.cat\/es\/wp-json\/wp\/v2\/types\/activitats"}],"wp:featuredmedia":[{"embeddable":true,"href":"https:\/\/transferencia.irta.cat\/es\/wp-json\/wp\/v2\/media\/1819"}],"wp:attachment":[{"href":"https:\/\/transferencia.irta.cat\/es\/wp-json\/wp\/v2\/media?parent=2311"}],"wp:term":[{"taxonomy":"category","embeddable":true,"href":"https:\/\/transferencia.irta.cat\/es\/wp-json\/wp\/v2\/categories?post=2311"},{"taxonomy":"post_tag","embeddable":true,"href":"https:\/\/transferencia.irta.cat\/es\/wp-json\/wp\/v2\/tags?post=2311"},{"taxonomy":"objectius_estrategics","embeddable":true,"href":"https:\/\/transferencia.irta.cat\/es\/wp-json\/wp\/v2\/objectius_estrategics?post=2311"},{"taxonomy":"ods","embeddable":true,"href":"https:\/\/transferencia.irta.cat\/es\/wp-json\/wp\/v2\/ods?post=2311"},{"taxonomy":"programa_irta","embeddable":true,"href":"https:\/\/transferencia.irta.cat\/es\/wp-json\/wp\/v2\/programa_irta?post=2311"},{"taxonomy":"trainings","embeddable":true,"href":"https:\/\/transferencia.irta.cat\/es\/wp-json\/wp\/v2\/trainings?post=2311"}],"curies":[{"name":"wp","href":"https:\/\/api.w.org\/{rel}","templated":true}]}}

Usos y gestión del agua en el Baix Ter

<h2 class="wp-block-heading"><em>O</em><i>s informamos que quedan aplazadas todas las actividades organizadas por el IRTA con motivo del coronavirus COVID-19 hasta próximo aviso.</i></h2>



<figure class="wp-block-image size-large"><img loading="lazy" decoding="async" width="1024" height="339" src="https://transferencia.irta.cat/wp-content/uploads/2020/03/GRSA_Logotip_Horizontal_Color-1024x339.png" alt="" class="wp-image-1844" srcset="https://transferencia.irta.cat/wp-content/uploads/2020/03/GRSA_Logotip_Horizontal_Color-1024x339.png 1024w, https://transferencia.irta.cat/wp-content/uploads/2020/03/GRSA_Logotip_Horizontal_Color-300x99.png 300w, https://transferencia.irta.cat/wp-content/uploads/2020/03/GRSA_Logotip_Horizontal_Color-768x254.png 768w, https://transferencia.irta.cat/wp-content/uploads/2020/03/GRSA_Logotip_Horizontal_Color.png 1224w" sizes="auto, (max-width: 1024px) 100vw, 1024px" /></figure>


<p><!--StartFragment--></p>


<p>Esta jornada nos permitirá debatir sobre las problemáticas y oportunidades asociadas a los usos y gestión del agua y que están de actualidad: la gestión agrícola de los regadíos y la preservación de esta actividad económica junto con la gestión sostenible del recurso; y la gestión fluvial ante el riesgo de inundaciones en los nuevos escenarios planteados por el cambio climático.</p>



<p>El proyecto PECT “Girona, región sensible al agua” se erige para hacer frente al riesgo cuantitativo y cualitativo de las aguas del Baix Ter. A partir de la implementación de nuevos modelos de gestión y de infraestructuras sostenibles basadas en la innovación tecnológica, el proyecto “Girona, región sensible al agua” pretende convertirse en un referente territorial e internacional mejorando la gestión y el uso del agua y consolidando la nueva cultura del agua en la sociedad al territorio del Baix Ter.</p>


<p><!--EndFragment--></p>


<figure class="wp-block-embed-vimeo wp-block-embed is-type-video is-provider-vimeo wp-embed-aspect-16-9 wp-has-aspect-ratio"><div class="wp-block-embed__wrapper">
<iframe loading="lazy" title="Girona Regió Sensible a l&#039;Aigua" src="https://player.vimeo.com/video/327271479?dnt=1&amp;app_id=122963" width="500" height="281" frameborder="0" allow="autoplay; fullscreen; picture-in-picture; clipboard-write; encrypted-media; web-share" referrerpolicy="strict-origin-when-cross-origin"></iframe>
</div></figure>

<p><span style="display: inline !important; float: none; background-color: #ffffff; color: #333333; cursor: text; font-family: Georgia,'Times New Roman','Bitstream Charter',Times,serif; font-size: 16px; font-style: normal; font-variant: normal; font-weight: 400; letter-spacing: normal; orphans: 2; text-align: left; text-decoration: none; text-indent: 0px; text-transform: none; -webkit-text-stroke-width: 0px; white-space: normal; word-spacing: 0px;">Auditori Giroemprèn,</span><br />
<span style="display: inline !important; float: none; background-color: #ffffff; color: #333333; cursor: text; font-family: Georgia,'Times New Roman','Bitstream Charter',Times,serif; font-size: 16px; font-style: normal; font-variant: normal; font-weight: 400; letter-spacing: normal; orphans: 2; text-align: left; text-decoration: none; text-indent: 0px; text-transform: none; -webkit-text-stroke-width: 0px; white-space: normal; word-spacing: 0px;">Parc Científic i Tecnològic de la UdG</span><br />
<span style="display: inline !important; float: none; background-color: #ffffff; color: #333333; cursor: text; font-family: Georgia,'Times New Roman','Bitstream Charter',Times,serif; font-size: 16px; font-style: normal; font-variant: normal; font-weight: 400; letter-spacing: normal; orphans: 2; text-align: left; text-decoration: none; text-indent: 0px; text-transform: none; -webkit-text-stroke-width: 0px; white-space: normal; word-spacing: 0px;">C/ Pic de Peguera 17, Girona</span></p>

PARC CIENTÍFIC GIRONA

<p><strong>Jornada con ponencia y dos mesas redondas</strong></p>
<hr />
<p>9:00 Registro</p>
<hr />
<p>9:30 Bienvenida y presentación de la jornada<br />
Montserrat Mindan, diputada delegada de Programas europeos de la Diputació de Girona<br />
Josep Calbó, vicerrector de Proyectos estratégicos de la Universitat de Girona</p>
<hr />
<p>10:00 Ponencia inaugural, a cargo de Martí Boada</p>
<hr />
<p>11:00 Bloque 1. Usos agrícolas del agua: mejora de la eficiencia de los regadíos actuales</p>
<p>&gt; Píldoras informativas del proyecto PECT Girona, región sensible al agua.<br />
Intervienen: Jaume Casadesús (IRTA Lleida), Francesc Camps (IRTA Mas Badia), Miquel Duran (UdG)</p>
<p>&gt; Mesa redonda:<br />
Narcís Illa (comunidad de regantes de St. Julià de Ramis, Cervià de Ter, St. Jordi Desvalls, Colomers i Jafre)<br />
Jordi Aulet (comunidad de regantes de la Presa de Colomers)<br />
Ricard Poch (responsable de obras y regadíos, DARP)<br />
Maite Sisquella (Oficina del regante, DARP)<br />
César Saiz (Giropoma S.L.)<br />
Modera: Joan Bonany, director del IRTA Mas Badia</p>
<hr />
<p>12:15 Descanso</p>
<hr />
<p>12:45 Bloque 2. Gestión del agua: Los cursos fluviales ante el riesgo de inundaciones</p>
<p>&gt; Píldoras informativas del proyecto PECT Girona, región sensible al agua.<br />
Intervienen: Xavier Quintana (UdG), Joan Solà (JCUABaix Ter)</p>
<p>&gt; Mesa redonda:<br />
Enrique Velasco (Agència Catalana de l’Aigua)<br />
Teia Puigvert (Consorci del Ter)<br />
Joan Solà (Junta Central d’Usuaris d’Aigües del Baix Ter)<br />
Joan Gaya (ingeniero consultor)<br />
Modera: Anna Mª Ribas (Universitat de Girona)</p>
<hr />
<p>14:00 Clausrua de la jornada</p>

<!-- This site is optimized with the Yoast SEO plugin v15.2 - https://yoast.com/wordpress/plugins/seo/ -->
<title>Usos y gestión del agua en el Baix Ter - IRTA</title>
<meta name="description" content="Os informamos que quedan aplazadas todas las actividades organizadas por el IRTA con motivo del coronavirus COVID-19 hasta próximo aviso. Esta jornada nos" />
<meta name="robots" content="index, follow, max-snippet:-1, max-image-preview:large, max-video-preview:-1" />
<link rel="canonical" href="https://transferencia.irta.cat/es/activitats/usos-y-gestion-del-agua-en-el-baix-ter/" />
<meta property="og:locale" content="es_ES" />
<meta property="og:type" content="article" />
<meta property="og:title" content="Usos y gestión del agua en el Baix Ter - IRTA" />
<meta property="og:description" content="Os informamos que quedan aplazadas todas las actividades organizadas por el IRTA con motivo del coronavirus COVID-19 hasta próximo aviso. Esta jornada nos" />
<meta property="og:url" content="https://transferencia.irta.cat/es/activitats/usos-y-gestion-del-agua-en-el-baix-ter/" />
<meta property="og:site_name" content="IRTA" />
<meta property="article:modified_time" content="2020-03-20T12:09:38+00:00" />
<meta property="og:image" content="https://transferencia.irta.cat/wp-content/uploads/2020/03/DJI_0101res.jpg" />
	<meta property="og:image:width" content="1500" />
	<meta property="og:image:height" content="999" />
<meta name="twitter:card" content="summary_large_image" />
<meta name="twitter:label1" value="Escrito por">
	<meta name="twitter:data1" value="Montse">
	<meta name="twitter:label2" value="Tiempo de lectura">
	<meta name="twitter:data2" value="1 minuto">
<script type="application/ld+json" class="yoast-schema-graph">{"@context":"https://schema.org","@graph":[{"@type":"WebSite","@id":"https://transferencia.irta.cat/es/#website","url":"https://transferencia.irta.cat/es/","name":"IRTA","description":"Transfer\u00e8ncia de coneixement","potentialAction":[{"@type":"SearchAction","target":"https://transferencia.irta.cat/es/?s={search_term_string}","query-input":"required name=search_term_string"}],"inLanguage":"es"},{"@type":"ImageObject","@id":"https://transferencia.irta.cat/es/activitats/usos-y-gestion-del-agua-en-el-baix-ter/#primaryimage","inLanguage":"es","url":"https://transferencia.irta.cat/wp-content/uploads/2020/03/DJI_0101res.jpg","width":1500,"height":999},{"@type":"WebPage","@id":"https://transferencia.irta.cat/es/activitats/usos-y-gestion-del-agua-en-el-baix-ter/#webpage","url":"https://transferencia.irta.cat/es/activitats/usos-y-gestion-del-agua-en-el-baix-ter/","name":"Usos y gesti\u00f3n del agua en el Baix Ter - IRTA","isPartOf":{"@id":"https://transferencia.irta.cat/es/#website"},"primaryImageOfPage":{"@id":"https://transferencia.irta.cat/es/activitats/usos-y-gestion-del-agua-en-el-baix-ter/#primaryimage"},"datePublished":"2020-03-20T09:28:53+00:00","dateModified":"2020-03-20T12:09:38+00:00","description":"Os informamos que quedan aplazadas todas las actividades organizadas por el IRTA con motivo del coronavirus COVID-19 hasta pr\u00f3ximo aviso. Esta jornada nos","inLanguage":"es","potentialAction":[{"@type":"ReadAction","target":["https://transferencia.irta.cat/es/activitats/usos-y-gestion-del-agua-en-el-baix-ter/"]}]}]}</script>
<!-- / Yoast SEO plugin. -->
