{"id":2288,"date":"2020-03-18T15:59:06","date_gmt":"2020-03-18T14:59:06","guid":{"rendered":"https:\/\/transferencia.irta.cat\/?post_type=activitats&#038;p=2288"},"modified":"2020-03-18T16:35:59","modified_gmt":"2020-03-18T15:35:59","slug":"jornada-innoespai","status":"publish","type":"activitats","link":"https:\/\/transferencia.irta.cat\/es\/activitats\/jornada-innoespai\/","title":{"rendered":"Jornada Innoespai"},"content":{"rendered":"\n<h2 class=\"wp-block-heading\"><em>Les informamos que quedan aplazadas  todas las actividades organizadas por IRTA con motivo del coronavirus COVID-19 hasta nuevo aviso.<\/em><\/h2>\n\n\n<p><!--StartFragment--><\/p>\n\n\n<h2 class=\"wp-block-heading\">\u00bfQu\u00e9 haremos en los campos de frutales, almendros, olivos, vid... si nos prohibe el glifosato?<\/h2>\n\n\n\n<p>El glifosato es una sustancia activa que se ha utilizado durante muchos a\u00f1os. De hecho, es el herbicida m\u00e1s usado en todo el mundo i la Uni\u00f3n Europea. <\/p>\n\n\n\n<p>De momento, el uso del glifosato est\u00e1 autorizado hasta diciembre de 2022. \u00bfY despu\u00e9s? \u00bfQu\u00e9 pasar\u00e1 si se prohibe? \u00bfQu\u00e9 alternativas tendr\u00e1 el productor para combatir las malas hierbas?<\/p>\n\n\n\n<p>En esta jornada, diferentes expertos aportar\u00e1n soluciones para el control de las malas hierbas, como la t\u00e9cnica del<em> mulching<\/em>; un sistema de cobertura del suelo que evita el crecimiento de hierbas. Tambi\u00e9n se hablar\u00e1 de herramientas para gestionar la cubierta vegetal en la l\u00ednea de plantaci\u00f3n en manzanos. Y repasaremos las alternativas qu\u00edmicas del glifosato. <\/p>\n\n\n\n<p>Para finalizar la jornada, se debatir\u00e1 en una mesa redonda sobre las  alternativas a esta sustancia activa muy usada en herbicidas. <\/p>\n\n\n<p><!--EndFragment--><\/p>","protected":false},"featured_media":2143,"template":"","categories":[639,636,637,635,638],"tags":[963,863],"objectius_estrategics":[],"ods":[],"programa_irta":[],"trainings":[],"class_list":["post-2288","activitats","type-activitats","status-publish","has-post-thumbnail","hentry","category-fertilizacion","category-arros-cereales","category-fruticultura-es","category-produccion-vegetal","category-sanidad-vegetal","tag-olivo-es","tag-vid-es"],"acf":{"codi":"","data":"20\/03\/2020","data_fi":"","horari":"17:00h - 19:00h","idioma":"Jornada en Catal\u00e1n","original_language":"ca","preu":"","places":"-1","ciutat":"Mollerussa","lloc_de_realitzacio":"<p>Sala 2 dels Pavellons Firals<\/p>\n<p>25230 - MOLLERUSSA<\/p>\n","ubicacio":{"address":"Pavellons firals mollerussa","lat":41.6256255,"lng":0.8898973,"zoom":14,"place_id":"ChIJxWoeDMPqphIRpQjUzTFbsXU","street_number":"25","street_name":"Avinguda del Canal","street_name_short":"Av. del Canal","city":"Mollerussa","state":"Catalunya","state_short":"CT","post_code":"25230","country":"Espanya","country_short":"ES"},"imatge_ubicacio":false,"persona_contacte_nom":"Montse Palau","persona_contacte_email":"montserrat.palau@irta.cat","programa":false,"programacio":"<p><strong>17.00 h<\/strong> Inauguraci\u00f3n de la jornada.<\/p>\n<hr \/>\n<p><strong>17.05 h<\/strong> Mulchings org\u00e1nicos en frutales y vid para el control de males hierbas. (Srs. Jordi Recasens, Carlos Cabrera y Francisco Valencia)<br \/>\nDr. Jordi Recasens, Profesor de bot\u00e1nica agr\u00edcola y malherbolog\u00eda. ETSEA. Universitat de Lleida.<\/p>\n<hr \/>\n<p><strong>17.25 h<\/strong> Herramientas de gesti\u00f3n de la cubierta vegetal en la l\u00ednea de plantaci\u00f3n de \u00e1rboles de manzano como alternativa a los herbicidas. (Sra. Gloria \u00c0vila y Srs. Joaquim Carb\u00f3 y Pere Vilardell)<br \/>\nSr. Pere Vilardell, programa de Fruticultura de IRTA-Mas Badia.<\/p>\n<hr \/>\n<p><strong>17.45 h<\/strong> Alternativas qu\u00edmicas al glifosato. (Srs. Jos\u00e9 Mar\u00eda Montull, Josep Maria Llenes, Andreu Taberner)<br \/>\nDr. Jos\u00e9 Mar\u00eda Montull, investigador posdoctoral, Universitat de Lleida.<\/p>\n<hr \/>\n<p><strong>18.05 h<\/strong> Pausa<\/p>\n<hr \/>\n<p><strong>18.30 h<\/strong> Mesa redonda con:<br \/>\nDr. Jordi Recasens (Universitat de Lleida)<br \/>\nSr. Pere Vilardell (IRTA)<br \/>\nDr. Jos\u00e9 Maria Montull (Universitat de Lleida)<br \/>\nSr. Xavier Viladot (Pomona Fruits)<br \/>\nSr. Jordi Reixachs (Fruit Nature SAT)<\/p>\n<hr \/>\n<p><strong>19.00 h<\/strong> Fin de la Jornada<\/p>\n","ponents":false,"organitza":[{"imatge":"https:\/\/transferencia.irta.cat\/wp-content\/uploads\/2020\/02\/IRTA.svg_.png","nom":"","link":"transferencia.irta.cat"},{"imatge":"https:\/\/transferencia.irta.cat\/wp-content\/uploads\/2020\/01\/PATT-2020-desglossat.png","nom":"","link":"ruralcat.gencat.cat"}],"patrocina":[{"imatge":"https:\/\/transferencia.irta.cat\/wp-content\/uploads\/2020\/03\/firamolle-Baner-Horizontal.jpg","nom":"","link":"http:\/\/www.fira.com\/"}],"colabora":false,"serveis":false,"materials":false,"activitats_relacionades":false,"te_enquesta":true,"id_enquesta":"","enquesta_externa":"","subscribe_external_link":"","en_construccio":true,"wait_list":false},"yoast_head":"<!-- This site is optimized with the Yoast SEO plugin v15.2 - https:\/\/yoast.com\/wordpress\/plugins\/seo\/ -->\n<title>Jornada Innoespai - IRTA<\/title>\n<meta name=\"description\" content=\"Les informamos que quedan aplazadas todas las actividades organizadas por IRTA con motivo del coronavirus COVID-19 hasta nuevo aviso. \u00bfQu\u00e9 haremos en los\" \/>\n<meta name=\"robots\" content=\"index, follow, max-snippet:-1, max-image-preview:large, max-video-preview:-1\" \/>\n<link rel=\"canonical\" href=\"https:\/\/transferencia.irta.cat\/es\/activitats\/jornada-innoespai\/\" \/>\n<meta property=\"og:locale\" content=\"es_ES\" \/>\n<meta property=\"og:type\" content=\"article\" \/>\n<meta property=\"og:title\" content=\"Jornada Innoespai - IRTA\" \/>\n<meta property=\"og:description\" content=\"Les informamos que quedan aplazadas todas las actividades organizadas por IRTA con motivo del coronavirus COVID-19 hasta nuevo aviso. \u00bfQu\u00e9 haremos en los\" \/>\n<meta property=\"og:url\" content=\"https:\/\/transferencia.irta.cat\/es\/activitats\/jornada-innoespai\/\" \/>\n<meta property=\"og:site_name\" content=\"IRTA\" \/>\n<meta property=\"article:modified_time\" content=\"2020-03-18T15:35:59+00:00\" \/>\n<meta property=\"og:image\" content=\"https:\/\/transferencia.irta.cat\/wp-content\/uploads\/2020\/03\/180613-IRTA-Rec-Lleida24587xlarge.2x.1530343026.jpg\" \/>\n\t<meta property=\"og:image:width\" content=\"1920\" \/>\n\t<meta property=\"og:image:height\" content=\"1439\" \/>\n<meta name=\"twitter:card\" content=\"summary_large_image\" \/>\n<meta name=\"twitter:label1\" value=\"Escrito por\">\n\t<meta name=\"twitter:data1\" value=\"Montse\">\n\t<meta name=\"twitter:label2\" value=\"Tiempo de lectura\">\n\t<meta name=\"twitter:data2\" value=\"1 minuto\">\n<script type=\"application\/ld+json\" class=\"yoast-schema-graph\">{\"@context\":\"https:\/\/schema.org\",\"@graph\":[{\"@type\":\"WebSite\",\"@id\":\"https:\/\/transferencia.irta.cat\/es\/#website\",\"url\":\"https:\/\/transferencia.irta.cat\/es\/\",\"name\":\"IRTA\",\"description\":\"Transfer\\u00e8ncia de coneixement\",\"potentialAction\":[{\"@type\":\"SearchAction\",\"target\":\"https:\/\/transferencia.irta.cat\/es\/?s={search_term_string}\",\"query-input\":\"required name=search_term_string\"}],\"inLanguage\":\"es\"},{\"@type\":\"ImageObject\",\"@id\":\"https:\/\/transferencia.irta.cat\/es\/activitats\/jornada-innoespai\/#primaryimage\",\"inLanguage\":\"es\",\"url\":\"https:\/\/transferencia.irta.cat\/wp-content\/uploads\/2020\/03\/180613-IRTA-Rec-Lleida24587xlarge.2x.1530343026.jpg\",\"width\":1920,\"height\":1439},{\"@type\":\"WebPage\",\"@id\":\"https:\/\/transferencia.irta.cat\/es\/activitats\/jornada-innoespai\/#webpage\",\"url\":\"https:\/\/transferencia.irta.cat\/es\/activitats\/jornada-innoespai\/\",\"name\":\"Jornada Innoespai - IRTA\",\"isPartOf\":{\"@id\":\"https:\/\/transferencia.irta.cat\/es\/#website\"},\"primaryImageOfPage\":{\"@id\":\"https:\/\/transferencia.irta.cat\/es\/activitats\/jornada-innoespai\/#primaryimage\"},\"datePublished\":\"2020-03-18T14:59:06+00:00\",\"dateModified\":\"2020-03-18T15:35:59+00:00\",\"description\":\"Les informamos que quedan aplazadas todas las actividades organizadas por IRTA con motivo del coronavirus COVID-19 hasta nuevo aviso. \\u00bfQu\\u00e9 haremos en los\",\"inLanguage\":\"es\",\"potentialAction\":[{\"@type\":\"ReadAction\",\"target\":[\"https:\/\/transferencia.irta.cat\/es\/activitats\/jornada-innoespai\/\"]}]}]}<\/script>\n<!-- \/ Yoast SEO plugin. -->","_links":{"self":[{"href":"https:\/\/transferencia.irta.cat\/es\/wp-json\/wp\/v2\/activitats\/2288","targetHints":{"allow":["GET"]}}],"collection":[{"href":"https:\/\/transferencia.irta.cat\/es\/wp-json\/wp\/v2\/activitats"}],"about":[{"href":"https:\/\/transferencia.irta.cat\/es\/wp-json\/wp\/v2\/types\/activitats"}],"wp:featuredmedia":[{"embeddable":true,"href":"https:\/\/transferencia.irta.cat\/es\/wp-json\/wp\/v2\/media\/2143"}],"wp:attachment":[{"href":"https:\/\/transferencia.irta.cat\/es\/wp-json\/wp\/v2\/media?parent=2288"}],"wp:term":[{"taxonomy":"category","embeddable":true,"href":"https:\/\/transferencia.irta.cat\/es\/wp-json\/wp\/v2\/categories?post=2288"},{"taxonomy":"post_tag","embeddable":true,"href":"https:\/\/transferencia.irta.cat\/es\/wp-json\/wp\/v2\/tags?post=2288"},{"taxonomy":"objectius_estrategics","embeddable":true,"href":"https:\/\/transferencia.irta.cat\/es\/wp-json\/wp\/v2\/objectius_estrategics?post=2288"},{"taxonomy":"ods","embeddable":true,"href":"https:\/\/transferencia.irta.cat\/es\/wp-json\/wp\/v2\/ods?post=2288"},{"taxonomy":"programa_irta","embeddable":true,"href":"https:\/\/transferencia.irta.cat\/es\/wp-json\/wp\/v2\/programa_irta?post=2288"},{"taxonomy":"trainings","embeddable":true,"href":"https:\/\/transferencia.irta.cat\/es\/wp-json\/wp\/v2\/trainings?post=2288"}],"curies":[{"name":"wp","href":"https:\/\/api.w.org\/{rel}","templated":true}]}}

<h2 class="wp-block-heading"><em>Les informamos que quedan aplazadas  todas las actividades organizadas por IRTA con motivo del coronavirus COVID-19 hasta nuevo aviso.</em></h2>


<p><!--StartFragment--></p>


<h2 class="wp-block-heading">¿Qué haremos en los campos de frutales, almendros, olivos, vid... si nos prohibe el glifosato?</h2>



<p>El glifosato es una sustancia activa que se ha utilizado durante muchos años. De hecho, es el herbicida más usado en todo el mundo i la Unión Europea. </p>



<p>De momento, el uso del glifosato está autorizado hasta diciembre de 2022. ¿Y después? ¿Qué pasará si se prohibe? ¿Qué alternativas tendrá el productor para combatir las malas hierbas?</p>



<p>En esta jornada, diferentes expertos aportarán soluciones para el control de las malas hierbas, como la técnica del<em> mulching</em>; un sistema de cobertura del suelo que evita el crecimiento de hierbas. También se hablará de herramientas para gestionar la cubierta vegetal en la línea de plantación en manzanos. Y repasaremos las alternativas químicas del glifosato. </p>



<p>Para finalizar la jornada, se debatirá en una mesa redonda sobre las  alternativas a esta sustancia activa muy usada en herbicidas. </p>


<p><!--EndFragment--></p>

Jornada en Catalán

<p><strong>17.00 h</strong> Inauguración de la jornada.</p>
<hr />
<p><strong>17.05 h</strong> Mulchings orgánicos en frutales y vid para el control de males hierbas. (Srs. Jordi Recasens, Carlos Cabrera y Francisco Valencia)<br />
Dr. Jordi Recasens, Profesor de botánica agrícola y malherbología. ETSEA. Universitat de Lleida.</p>
<hr />
<p><strong>17.25 h</strong> Herramientas de gestión de la cubierta vegetal en la línea de plantación de árboles de manzano como alternativa a los herbicidas. (Sra. Gloria Àvila y Srs. Joaquim Carbó y Pere Vilardell)<br />
Sr. Pere Vilardell, programa de Fruticultura de IRTA-Mas Badia.</p>
<hr />
<p><strong>17.45 h</strong> Alternativas químicas al glifosato. (Srs. José María Montull, Josep Maria Llenes, Andreu Taberner)<br />
Dr. José María Montull, investigador posdoctoral, Universitat de Lleida.</p>
<hr />
<p><strong>18.05 h</strong> Pausa</p>
<hr />
<p><strong>18.30 h</strong> Mesa redonda con:<br />
Dr. Jordi Recasens (Universitat de Lleida)<br />
Sr. Pere Vilardell (IRTA)<br />
Dr. José Maria Montull (Universitat de Lleida)<br />
Sr. Xavier Viladot (Pomona Fruits)<br />
Sr. Jordi Reixachs (Fruit Nature SAT)</p>
<hr />
<p><strong>19.00 h</strong> Fin de la Jornada</p>

<!-- This site is optimized with the Yoast SEO plugin v15.2 - https://yoast.com/wordpress/plugins/seo/ -->
<title>Jornada Innoespai - IRTA</title>
<meta name="description" content="Les informamos que quedan aplazadas todas las actividades organizadas por IRTA con motivo del coronavirus COVID-19 hasta nuevo aviso. ¿Qué haremos en los" />
<meta name="robots" content="index, follow, max-snippet:-1, max-image-preview:large, max-video-preview:-1" />
<link rel="canonical" href="https://transferencia.irta.cat/es/activitats/jornada-innoespai/" />
<meta property="og:locale" content="es_ES" />
<meta property="og:type" content="article" />
<meta property="og:title" content="Jornada Innoespai - IRTA" />
<meta property="og:description" content="Les informamos que quedan aplazadas todas las actividades organizadas por IRTA con motivo del coronavirus COVID-19 hasta nuevo aviso. ¿Qué haremos en los" />
<meta property="og:url" content="https://transferencia.irta.cat/es/activitats/jornada-innoespai/" />
<meta property="og:site_name" content="IRTA" />
<meta property="article:modified_time" content="2020-03-18T15:35:59+00:00" />
<meta property="og:image" content="https://transferencia.irta.cat/wp-content/uploads/2020/03/180613-IRTA-Rec-Lleida24587xlarge.2x.1530343026.jpg" />
	<meta property="og:image:width" content="1920" />
	<meta property="og:image:height" content="1439" />
<meta name="twitter:card" content="summary_large_image" />
<meta name="twitter:label1" value="Escrito por">
	<meta name="twitter:data1" value="Montse">
	<meta name="twitter:label2" value="Tiempo de lectura">
	<meta name="twitter:data2" value="1 minuto">
<script type="application/ld+json" class="yoast-schema-graph">{"@context":"https://schema.org","@graph":[{"@type":"WebSite","@id":"https://transferencia.irta.cat/es/#website","url":"https://transferencia.irta.cat/es/","name":"IRTA","description":"Transfer\u00e8ncia de coneixement","potentialAction":[{"@type":"SearchAction","target":"https://transferencia.irta.cat/es/?s={search_term_string}","query-input":"required name=search_term_string"}],"inLanguage":"es"},{"@type":"ImageObject","@id":"https://transferencia.irta.cat/es/activitats/jornada-innoespai/#primaryimage","inLanguage":"es","url":"https://transferencia.irta.cat/wp-content/uploads/2020/03/180613-IRTA-Rec-Lleida24587xlarge.2x.1530343026.jpg","width":1920,"height":1439},{"@type":"WebPage","@id":"https://transferencia.irta.cat/es/activitats/jornada-innoespai/#webpage","url":"https://transferencia.irta.cat/es/activitats/jornada-innoespai/","name":"Jornada Innoespai - IRTA","isPartOf":{"@id":"https://transferencia.irta.cat/es/#website"},"primaryImageOfPage":{"@id":"https://transferencia.irta.cat/es/activitats/jornada-innoespai/#primaryimage"},"datePublished":"2020-03-18T14:59:06+00:00","dateModified":"2020-03-18T15:35:59+00:00","description":"Les informamos que quedan aplazadas todas las actividades organizadas por IRTA con motivo del coronavirus COVID-19 hasta nuevo aviso. \u00bfQu\u00e9 haremos en los","inLanguage":"es","potentialAction":[{"@type":"ReadAction","target":["https://transferencia.irta.cat/es/activitats/jornada-innoespai/"]}]}]}</script>
<!-- / Yoast SEO plugin. -->
