{"id":22629,"date":"2023-12-14T09:03:30","date_gmt":"2023-12-14T08:03:30","guid":{"rendered":"https:\/\/transferencia.irta.cat\/?post_type=activitats&#038;p=22629"},"modified":"2024-11-20T10:51:55","modified_gmt":"2024-11-20T09:51:55","slug":"jornada-anual-acuicultura","status":"publish","type":"activitats","link":"https:\/\/transferencia.irta.cat\/es\/activitats\/jornada-anual-acuicultura\/","title":{"rendered":"Dia de la acuicultura. 2024"},"content":{"rendered":"\n<p>El centro de acuicultura del IRTA organiza una jornada de puertas abiertas con visitas t\u00e9cnicas guiadas en las instalaciones con motivo del D\u00eda de la acuicultura. Los investigadores de el IRTA har\u00e1n ponencias para acercar el mundo de la acuicultura y la investigaci\u00f3n que hace el IRTA en este \u00e1mbito.<\/p>\n\n\n\n<p><\/p>\n\n\n\n<figure class=\"wp-block-image size-large\"><img loading=\"lazy\" decoding=\"async\" width=\"1024\" height=\"683\" src=\"https:\/\/transferencia.irta.cat\/wp-content\/uploads\/2023\/12\/201125PV028-1-1024x683.jpg\" alt=\"\" class=\"wp-image-22631\" srcset=\"https:\/\/transferencia.irta.cat\/wp-content\/uploads\/2023\/12\/201125PV028-1-1024x683.jpg 1024w, https:\/\/transferencia.irta.cat\/wp-content\/uploads\/2023\/12\/201125PV028-1-300x200.jpg 300w, https:\/\/transferencia.irta.cat\/wp-content\/uploads\/2023\/12\/201125PV028-1-768x512.jpg 768w, https:\/\/transferencia.irta.cat\/wp-content\/uploads\/2023\/12\/201125PV028-1-1536x1024.jpg 1536w, https:\/\/transferencia.irta.cat\/wp-content\/uploads\/2023\/12\/201125PV028-1.jpg 1920w\" sizes=\"auto, (max-width: 1024px) 100vw, 1024px\" \/><\/figure>\n","protected":false},"featured_media":22946,"template":"","categories":[],"tags":[],"objectius_estrategics":[],"ods":[],"programa_irta":[1229],"trainings":[],"class_list":["post-22629","activitats","type-activitats","status-publish","has-post-thumbnail","hentry","programa_irta-a3-acuicultura"],"acf":{"codi":"","data":"29\/11\/2024","data_fi":"","horari":"10:45h - 13:00h","idioma":"Catal\u00e1n","original_language":"ca","preu":"Gratuito","places":"-1","ciutat":"Online","lloc_de_realitzacio":"<p>IRTA \u2013 La R\u00e0pita<br \/>\nCtra. Poble Nou km 5,5<br \/>\n43540 La R\u00e0pita<\/p>\n","ubicacio":{"address":"IRTA \u2013 La R\u00e0pita","lat":40.6283635,"lng":0.6601112,"zoom":14,"place_id":"ChIJpYzYfAuqoRIRM4IKb_ijVyw","state":"Catalu\u00f1a","state_short":"CT","post_code":"43540","country":"Espanya","country_short":"ES"},"imatge_ubicacio":false,"persona_contacte_nom":"Javier Tobal","persona_contacte_email":"javier.tobal@irta.cat","programa":{"ID":26605,"id":26605,"title":"La R\u00e0pita_dia aq\u00fcicultura_2911_240746_v2","filename":"La-R\u00e0pita_dia-aq\u00fcicultura_2911_240746_v2.pdf","filesize":348416,"url":"https:\/\/transferencia.irta.cat\/wp-content\/uploads\/2023\/12\/La-R\u00e0pita_dia-aq\u00fcicultura_2911_240746_v2.pdf","link":"https:\/\/transferencia.irta.cat\/es\/activitats\/jornada-anual-acuicultura\/la-rapita_dia-aquicultura_2911_240746_v2-2\/","alt":"","author":"2","description":"","caption":"","name":"la-rapita_dia-aquicultura_2911_240746_v2-2","status":"inherit","uploaded_to":22629,"date":"2024-11-18 08:36:14","modified":"2024-11-18 08:36:14","menu_order":0,"mime_type":"application\/pdf","type":"application","subtype":"pdf","icon":"https:\/\/transferencia.irta.cat\/wp-includes\/images\/media\/document.png"},"programacio":"<p><strong>10:45 h Presentaci\u00f3n de la jornada<\/strong><br \/>\nRicardo Carb\u00f3. Responsable de los centros del IRTA en las Terres de l'Ebre<\/p>\n<hr \/>\n<p><strong>11.00 h Herramientas biotecnol\u00f3gicas para la detecci\u00f3n de toxinas marinas, microalgas t\u00f3xicas, virus y bacterias<\/strong><br \/>\nM\u00f2nica Camp\u00e0s. Investigadora del programa de Aguas marinas y continentales del IRTA<\/p>\n<hr \/>\n<p><strong>11.30 h Bienestar de especies acu\u00e1ticas<\/strong><br \/>\nAna Roque. Investigadora del programa de Acuicultura del IRTA<\/p>\n<hr \/>\n<p><strong>12.00 h Uso sostenible del agua en acuicultura: Aquaponia, Biofloc, RAS<\/strong><br \/>\nRicardo Carb\u00f3. Responsable de los centros del IRTA en las Terres de l'Ebre<\/p>\n<hr \/>\n<p><strong>12.30 h El servicio e3HOPE para la acuicultura y la protecci\u00f3n del medio ambiente<\/strong><br \/>\nMargarita Fernandez. Investigadora del programa de Aguas marinas y continentales del IRTA<\/p>\n<hr \/>\n<p><strong>13.00 h Clausura de la jornada<\/strong><\/p>\n","ponents":false,"organitza":[{"imatge":"https:\/\/transferencia.irta.cat\/wp-content\/uploads\/2020\/12\/1200px-Logotipo_de_la_Generalitat_de_Catalunya.svg_.png","nom":"","link":""},{"imatge":"https:\/\/transferencia.irta.cat\/wp-content\/uploads\/2022\/12\/IRTA_logo_PNG_amb_R_cerca.png","nom":"","link":""},{"imatge":"https:\/\/transferencia.irta.cat\/wp-content\/uploads\/2023\/12\/PATT-2024-desglossat-ploma.png","nom":"","link":""}],"patrocina":false,"colabora":false,"serveis":false,"materials":false,"activitats_relacionades":false,"te_enquesta":true,"id_enquesta":"","enquesta_externa":"","subscribe_external_link":"","en_construccio":false,"wait_list":false},"yoast_head":"<!-- This site is optimized with the Yoast SEO plugin v15.2 - https:\/\/yoast.com\/wordpress\/plugins\/seo\/ -->\n<title>Dia de la acuicultura. 2024 - IRTA<\/title>\n<meta name=\"description\" content=\"El centro de acuicultura del IRTA organiza una jornada de puertas abiertas con visitas t\u00e9cnicas guiadas en las instalaciones con motivo del D\u00eda de la\" \/>\n<meta name=\"robots\" content=\"index, follow, max-snippet:-1, max-image-preview:large, max-video-preview:-1\" \/>\n<link rel=\"canonical\" href=\"https:\/\/transferencia.irta.cat\/es\/activitats\/jornada-anual-acuicultura\/\" \/>\n<meta property=\"og:locale\" content=\"es_ES\" \/>\n<meta property=\"og:type\" content=\"article\" \/>\n<meta property=\"og:title\" content=\"Dia de la acuicultura. 2024 - IRTA\" \/>\n<meta property=\"og:description\" content=\"El centro de acuicultura del IRTA organiza una jornada de puertas abiertas con visitas t\u00e9cnicas guiadas en las instalaciones con motivo del D\u00eda de la\" \/>\n<meta property=\"og:url\" content=\"https:\/\/transferencia.irta.cat\/es\/activitats\/jornada-anual-acuicultura\/\" \/>\n<meta property=\"og:site_name\" content=\"IRTA\" \/>\n<meta property=\"article:modified_time\" content=\"2024-11-20T09:51:55+00:00\" \/>\n<meta property=\"og:image\" content=\"https:\/\/transferencia.irta.cat\/wp-content\/uploads\/2023\/12\/cristian-palmer-pZ0u92l06wE-unsplash.jpg\" \/>\n\t<meta property=\"og:image:width\" content=\"1920\" \/>\n\t<meta property=\"og:image:height\" content=\"1235\" \/>\n<meta name=\"twitter:card\" content=\"summary_large_image\" \/>\n<meta name=\"twitter:label1\" value=\"Escrito por\">\n\t<meta name=\"twitter:data1\" value=\"jtobal\">\n\t<meta name=\"twitter:label2\" value=\"Tiempo de lectura\">\n\t<meta name=\"twitter:data2\" value=\"0 minutos\">\n<script type=\"application\/ld+json\" class=\"yoast-schema-graph\">{\"@context\":\"https:\/\/schema.org\",\"@graph\":[{\"@type\":\"WebSite\",\"@id\":\"https:\/\/transferencia.irta.cat\/es\/#website\",\"url\":\"https:\/\/transferencia.irta.cat\/es\/\",\"name\":\"IRTA\",\"description\":\"Transfer\\u00e8ncia de coneixement\",\"potentialAction\":[{\"@type\":\"SearchAction\",\"target\":\"https:\/\/transferencia.irta.cat\/es\/?s={search_term_string}\",\"query-input\":\"required name=search_term_string\"}],\"inLanguage\":\"es\"},{\"@type\":\"ImageObject\",\"@id\":\"https:\/\/transferencia.irta.cat\/es\/activitats\/jornada-anual-acuicultura\/#primaryimage\",\"inLanguage\":\"es\",\"url\":\"https:\/\/transferencia.irta.cat\/wp-content\/uploads\/2023\/12\/cristian-palmer-pZ0u92l06wE-unsplash.jpg\",\"width\":1920,\"height\":1235},{\"@type\":\"WebPage\",\"@id\":\"https:\/\/transferencia.irta.cat\/es\/activitats\/jornada-anual-acuicultura\/#webpage\",\"url\":\"https:\/\/transferencia.irta.cat\/es\/activitats\/jornada-anual-acuicultura\/\",\"name\":\"Dia de la acuicultura. 2024 - IRTA\",\"isPartOf\":{\"@id\":\"https:\/\/transferencia.irta.cat\/es\/#website\"},\"primaryImageOfPage\":{\"@id\":\"https:\/\/transferencia.irta.cat\/es\/activitats\/jornada-anual-acuicultura\/#primaryimage\"},\"datePublished\":\"2023-12-14T08:03:30+00:00\",\"dateModified\":\"2024-11-20T09:51:55+00:00\",\"description\":\"El centro de acuicultura del IRTA organiza una jornada de puertas abiertas con visitas t\\u00e9cnicas guiadas en las instalaciones con motivo del D\\u00eda de la\",\"inLanguage\":\"es\",\"potentialAction\":[{\"@type\":\"ReadAction\",\"target\":[\"https:\/\/transferencia.irta.cat\/es\/activitats\/jornada-anual-acuicultura\/\"]}]}]}<\/script>\n<!-- \/ Yoast SEO plugin. -->","_links":{"self":[{"href":"https:\/\/transferencia.irta.cat\/es\/wp-json\/wp\/v2\/activitats\/22629","targetHints":{"allow":["GET"]}}],"collection":[{"href":"https:\/\/transferencia.irta.cat\/es\/wp-json\/wp\/v2\/activitats"}],"about":[{"href":"https:\/\/transferencia.irta.cat\/es\/wp-json\/wp\/v2\/types\/activitats"}],"wp:featuredmedia":[{"embeddable":true,"href":"https:\/\/transferencia.irta.cat\/es\/wp-json\/wp\/v2\/media\/22946"}],"wp:attachment":[{"href":"https:\/\/transferencia.irta.cat\/es\/wp-json\/wp\/v2\/media?parent=22629"}],"wp:term":[{"taxonomy":"category","embeddable":true,"href":"https:\/\/transferencia.irta.cat\/es\/wp-json\/wp\/v2\/categories?post=22629"},{"taxonomy":"post_tag","embeddable":true,"href":"https:\/\/transferencia.irta.cat\/es\/wp-json\/wp\/v2\/tags?post=22629"},{"taxonomy":"objectius_estrategics","embeddable":true,"href":"https:\/\/transferencia.irta.cat\/es\/wp-json\/wp\/v2\/objectius_estrategics?post=22629"},{"taxonomy":"ods","embeddable":true,"href":"https:\/\/transferencia.irta.cat\/es\/wp-json\/wp\/v2\/ods?post=22629"},{"taxonomy":"programa_irta","embeddable":true,"href":"https:\/\/transferencia.irta.cat\/es\/wp-json\/wp\/v2\/programa_irta?post=22629"},{"taxonomy":"trainings","embeddable":true,"href":"https:\/\/transferencia.irta.cat\/es\/wp-json\/wp\/v2\/trainings?post=22629"}],"curies":[{"name":"wp","href":"https:\/\/api.w.org\/{rel}","templated":true}]}}

<p>El centro de acuicultura del IRTA organiza una jornada de puertas abiertas con visitas técnicas guiadas en las instalaciones con motivo del Día de la acuicultura. Los investigadores de el IRTA harán ponencias para acercar el mundo de la acuicultura y la investigación que hace el IRTA en este ámbito.</p>



<p></p>



<figure class="wp-block-image size-large"><img loading="lazy" decoding="async" width="1024" height="683" src="https://transferencia.irta.cat/wp-content/uploads/2023/12/201125PV028-1-1024x683.jpg" alt="" class="wp-image-22631" srcset="https://transferencia.irta.cat/wp-content/uploads/2023/12/201125PV028-1-1024x683.jpg 1024w, https://transferencia.irta.cat/wp-content/uploads/2023/12/201125PV028-1-300x200.jpg 300w, https://transferencia.irta.cat/wp-content/uploads/2023/12/201125PV028-1-768x512.jpg 768w, https://transferencia.irta.cat/wp-content/uploads/2023/12/201125PV028-1-1536x1024.jpg 1536w, https://transferencia.irta.cat/wp-content/uploads/2023/12/201125PV028-1.jpg 1920w" sizes="auto, (max-width: 1024px) 100vw, 1024px" /></figure>

Catalán

<p>IRTA – La Ràpita<br />
Ctra. Poble Nou km 5,5<br />
43540 La Ràpita</p>

IRTA – La Ràpita

Cataluña

La Ràpita_dia aqüicultura_2911_240746_v2

La-Ràpita_dia-aqüicultura_2911_240746_v2.pdf

https://transferencia.irta.cat/wp-content/uploads/2023/12/La-Ràpita_dia-aqüicultura_2911_240746_v2.pdf

<p><strong>10:45 h Presentación de la jornada</strong><br />
Ricardo Carbó. Responsable de los centros del IRTA en las Terres de l'Ebre</p>
<hr />
<p><strong>11.00 h Herramientas biotecnológicas para la detección de toxinas marinas, microalgas tóxicas, virus y bacterias</strong><br />
Mònica Campàs. Investigadora del programa de Aguas marinas y continentales del IRTA</p>
<hr />
<p><strong>11.30 h Bienestar de especies acuáticas</strong><br />
Ana Roque. Investigadora del programa de Acuicultura del IRTA</p>
<hr />
<p><strong>12.00 h Uso sostenible del agua en acuicultura: Aquaponia, Biofloc, RAS</strong><br />
Ricardo Carbó. Responsable de los centros del IRTA en las Terres de l'Ebre</p>
<hr />
<p><strong>12.30 h El servicio e3HOPE para la acuicultura y la protección del medio ambiente</strong><br />
Margarita Fernandez. Investigadora del programa de Aguas marinas y continentales del IRTA</p>
<hr />
<p><strong>13.00 h Clausura de la jornada</strong></p>

<!-- This site is optimized with the Yoast SEO plugin v15.2 - https://yoast.com/wordpress/plugins/seo/ -->
<title>Dia de la acuicultura. 2024 - IRTA</title>
<meta name="description" content="El centro de acuicultura del IRTA organiza una jornada de puertas abiertas con visitas técnicas guiadas en las instalaciones con motivo del Día de la" />
<meta name="robots" content="index, follow, max-snippet:-1, max-image-preview:large, max-video-preview:-1" />
<link rel="canonical" href="https://transferencia.irta.cat/es/activitats/jornada-anual-acuicultura/" />
<meta property="og:locale" content="es_ES" />
<meta property="og:type" content="article" />
<meta property="og:title" content="Dia de la acuicultura. 2024 - IRTA" />
<meta property="og:description" content="El centro de acuicultura del IRTA organiza una jornada de puertas abiertas con visitas técnicas guiadas en las instalaciones con motivo del Día de la" />
<meta property="og:url" content="https://transferencia.irta.cat/es/activitats/jornada-anual-acuicultura/" />
<meta property="og:site_name" content="IRTA" />
<meta property="article:modified_time" content="2024-11-20T09:51:55+00:00" />
<meta property="og:image" content="https://transferencia.irta.cat/wp-content/uploads/2023/12/cristian-palmer-pZ0u92l06wE-unsplash.jpg" />
	<meta property="og:image:width" content="1920" />
	<meta property="og:image:height" content="1235" />
<meta name="twitter:card" content="summary_large_image" />
<meta name="twitter:label1" value="Escrito por">
	<meta name="twitter:data1" value="jtobal">
	<meta name="twitter:label2" value="Tiempo de lectura">
	<meta name="twitter:data2" value="0 minutos">
<script type="application/ld+json" class="yoast-schema-graph">{"@context":"https://schema.org","@graph":[{"@type":"WebSite","@id":"https://transferencia.irta.cat/es/#website","url":"https://transferencia.irta.cat/es/","name":"IRTA","description":"Transfer\u00e8ncia de coneixement","potentialAction":[{"@type":"SearchAction","target":"https://transferencia.irta.cat/es/?s={search_term_string}","query-input":"required name=search_term_string"}],"inLanguage":"es"},{"@type":"ImageObject","@id":"https://transferencia.irta.cat/es/activitats/jornada-anual-acuicultura/#primaryimage","inLanguage":"es","url":"https://transferencia.irta.cat/wp-content/uploads/2023/12/cristian-palmer-pZ0u92l06wE-unsplash.jpg","width":1920,"height":1235},{"@type":"WebPage","@id":"https://transferencia.irta.cat/es/activitats/jornada-anual-acuicultura/#webpage","url":"https://transferencia.irta.cat/es/activitats/jornada-anual-acuicultura/","name":"Dia de la acuicultura. 2024 - IRTA","isPartOf":{"@id":"https://transferencia.irta.cat/es/#website"},"primaryImageOfPage":{"@id":"https://transferencia.irta.cat/es/activitats/jornada-anual-acuicultura/#primaryimage"},"datePublished":"2023-12-14T08:03:30+00:00","dateModified":"2024-11-20T09:51:55+00:00","description":"El centro de acuicultura del IRTA organiza una jornada de puertas abiertas con visitas t\u00e9cnicas guiadas en las instalaciones con motivo del D\u00eda de la","inLanguage":"es","potentialAction":[{"@type":"ReadAction","target":["https://transferencia.irta.cat/es/activitats/jornada-anual-acuicultura/"]}]}]}</script>
<!-- / Yoast SEO plugin. -->
