{"id":17493,"date":"2022-12-05T12:06:07","date_gmt":"2022-12-05T11:06:07","guid":{"rendered":"https:\/\/transferencia.irta.cat\/?post_type=activitats&#038;p=17493"},"modified":"2023-09-13T13:05:02","modified_gmt":"2023-09-13T11:05:02","slug":"exposicion-comentada-de-melocoton-y-nectarina-2023","status":"publish","type":"activitats","link":"https:\/\/transferencia.irta.cat\/es\/activitats\/exposicion-comentada-de-melocoton-y-nectarina-2023\/","title":{"rendered":"XXVII Exposici\u00f3n comentada de melocot\u00f3n y nectarina 2023"},"content":{"rendered":"\n<p>Continuamos con la 27\u00aa edici\u00f3n de la tradicional Exposici\u00f3n del Melocot\u00f3n y la Nectarina en Alcarr\u00e0s.<br>En este encuentro conoceremos c\u00f3mo el clima ha caracterizado la campa\u00f1a de este a\u00f1o en cuanto a la fenolog\u00eda, podredumbres en poscosecha y en el comportamiento productivo de las variedades. Conoceremos tambi\u00e9n cu\u00e1les son las herramientas gen\u00f3micas utilizadas para desarrollar nuevas variedades.<br>La jornada dispondr\u00e1 de un peque\u00f1o espacio de exposici\u00f3n para algunos obtentores del sector a los que podr\u00e1 dirigirse.<\/p>\n\n\n\n<p><\/p>\n","protected":false},"featured_media":12118,"template":"","categories":[637,635],"tags":[2580],"objectius_estrategics":[],"ods":[],"programa_irta":[1216,1237],"trainings":[],"class_list":["post-17493","activitats","type-activitats","status-publish","has-post-thumbnail","hentry","category-fruticultura-es","category-produccion-vegetal","tag-melotocon","programa_irta-v2-fructicultura","programa_irta-v2-fructicultura-es"],"acf":{"codi":"","data":"31\/08\/2023","data_fi":"31\/08\/2022","horari":"09:00h - 13:30h","idioma":"Catal\u00e1n","original_language":"ca","preu":"Gratuito","places":"-1","ciutat":"Alcarr\u00e0s","lloc_de_realitzacio":"<p>Lo Casino d'Alcarr\u00e0s<\/p>\n","ubicacio":{"address":"Centre cultural 'Lo Casino', Carrer Major, Alcarr\u00e0s, Espanya","lat":41.5643652,"lng":0.5259429000000001,"zoom":14,"place_id":"ChIJwxK_WAkhpxIRPYTtQC_wuRk","name":"Centre cultural 'Lo Casino'","street_number":"84","street_name":"Carrer Major","city":"Alcarr\u00e0s","state":"Catalunya","state_short":"CT","post_code":"25180","country":"Espanya","country_short":"ES"},"imatge_ubicacio":false,"persona_contacte_nom":"Montse Palau","persona_contacte_email":"montserrat.palau@irta.cat","programa":{"ID":20648,"id":20648,"title":"Alcarr\u00e0s_Pressec i nectarina_3108_230323_v2","filename":"Alcarr\u00e0s_Pressec-i-nectarina_3108_230323_v2.pdf","filesize":246016,"url":"https:\/\/transferencia.irta.cat\/wp-content\/uploads\/2022\/12\/Alcarr\u00e0s_Pressec-i-nectarina_3108_230323_v2.pdf","link":"https:\/\/transferencia.irta.cat\/es\/activitats\/exposicion-comentada-de-melocoton-y-nectarina-2023\/alcarras_pressec-i-nectarina_3108_230323_v2-2\/","alt":"","author":"32","description":"","caption":"","name":"alcarras_pressec-i-nectarina_3108_230323_v2-2","status":"inherit","uploaded_to":17493,"date":"2023-08-09 08:52:52","modified":"2023-08-09 08:52:52","menu_order":0,"mime_type":"application\/pdf","type":"application","subtype":"pdf","icon":"https:\/\/transferencia.irta.cat\/wp-includes\/images\/media\/document.png"},"programacio":"","ponents":false,"organitza":[{"imatge":"https:\/\/transferencia.irta.cat\/wp-content\/uploads\/2022\/12\/IRTA_logo_PNG_amb_R_cerca.png","nom":"","link":""},{"imatge":"https:\/\/transferencia.irta.cat\/wp-content\/uploads\/2022\/12\/DACC_2023.png","nom":"","link":""},{"imatge":"https:\/\/transferencia.irta.cat\/wp-content\/uploads\/2021\/12\/alcarr\u00e0s_ajuntament.jpg","nom":"","link":""}],"patrocina":false,"colabora":[{"imatge":"https:\/\/transferencia.irta.cat\/wp-content\/uploads\/2022\/12\/PATRONAT-DIPU-LLEIDA.jpg","nom":"","link":""},{"imatge":"https:\/\/transferencia.irta.cat\/wp-content\/uploads\/2020\/03\/logo-xarxa-i-color.jpg","nom":"","link":""},{"imatge":"https:\/\/transferencia.irta.cat\/wp-content\/uploads\/2023\/02\/FEDER.png","nom":"","link":""}],"serveis":false,"materials":[{"material":{"ID":21080,"post_author":"32","post_date":"2023-09-13 13:00:56","post_date_gmt":"2023-09-13 11:00:56","post_content":"","post_title":"Exposici\u00f3n Melocot\u00f3n y Nectarina 2023","post_excerpt":"","post_status":"publish","comment_status":"closed","ping_status":"closed","post_password":"","post_name":"exposicion-melocoton-y-nectarina-2023","to_ping":"","pinged":"","post_modified":"2023-09-13 13:00:56","post_modified_gmt":"2023-09-13 11:00:56","post_content_filtered":"","post_parent":0,"guid":"https:\/\/transferencia.irta.cat\/?post_type=material&#038;p=21080","menu_order":0,"post_type":"material","post_mime_type":"","comment_count":"0","filter":"raw"}}],"activitats_relacionades":false,"te_enquesta":false,"id_enquesta":"","enquesta_externa":"","subscribe_external_link":"","en_construccio":false,"wait_list":false},"yoast_head":"<!-- This site is optimized with the Yoast SEO plugin v15.2 - https:\/\/yoast.com\/wordpress\/plugins\/seo\/ -->\n<title>XXVII Exposici\u00f3n comentada de melocot\u00f3n y nectarina 2023 - IRTA<\/title>\n<meta name=\"description\" content=\"Continuamos con la 27\u00aa edici\u00f3n de la tradicional Exposici\u00f3n del Melocot\u00f3n y la Nectarina en Alcarr\u00e0s.En este encuentro conoceremos c\u00f3mo el clima ha\" \/>\n<meta name=\"robots\" content=\"index, follow, max-snippet:-1, max-image-preview:large, max-video-preview:-1\" \/>\n<link rel=\"canonical\" href=\"https:\/\/transferencia.irta.cat\/es\/activitats\/exposicion-comentada-de-melocoton-y-nectarina-2023\/\" \/>\n<meta property=\"og:locale\" content=\"es_ES\" \/>\n<meta property=\"og:type\" content=\"article\" \/>\n<meta property=\"og:title\" content=\"XXVII Exposici\u00f3n comentada de melocot\u00f3n y nectarina 2023 - IRTA\" \/>\n<meta property=\"og:description\" content=\"Continuamos con la 27\u00aa edici\u00f3n de la tradicional Exposici\u00f3n del Melocot\u00f3n y la Nectarina en Alcarr\u00e0s.En este encuentro conoceremos c\u00f3mo el clima ha\" \/>\n<meta property=\"og:url\" content=\"https:\/\/transferencia.irta.cat\/es\/activitats\/exposicion-comentada-de-melocoton-y-nectarina-2023\/\" \/>\n<meta property=\"og:site_name\" content=\"IRTA\" \/>\n<meta property=\"article:modified_time\" content=\"2023-09-13T11:05:02+00:00\" \/>\n<meta property=\"og:image\" content=\"https:\/\/transferencia.irta.cat\/wp-content\/uploads\/2021\/12\/jared-subia-nACVS3aI8KI-unsplash-e1638448160874.jpg\" \/>\n\t<meta property=\"og:image:width\" content=\"1281\" \/>\n\t<meta property=\"og:image:height\" content=\"1617\" \/>\n<meta name=\"twitter:card\" content=\"summary_large_image\" \/>\n<meta name=\"twitter:label1\" value=\"Escrito por\">\n\t<meta name=\"twitter:data1\" value=\"Montse\">\n\t<meta name=\"twitter:label2\" value=\"Tiempo de lectura\">\n\t<meta name=\"twitter:data2\" value=\"0 minutos\">\n<script type=\"application\/ld+json\" class=\"yoast-schema-graph\">{\"@context\":\"https:\/\/schema.org\",\"@graph\":[{\"@type\":\"WebSite\",\"@id\":\"https:\/\/transferencia.irta.cat\/es\/#website\",\"url\":\"https:\/\/transferencia.irta.cat\/es\/\",\"name\":\"IRTA\",\"description\":\"Transfer\\u00e8ncia de coneixement\",\"potentialAction\":[{\"@type\":\"SearchAction\",\"target\":\"https:\/\/transferencia.irta.cat\/es\/?s={search_term_string}\",\"query-input\":\"required name=search_term_string\"}],\"inLanguage\":\"es\"},{\"@type\":\"ImageObject\",\"@id\":\"https:\/\/transferencia.irta.cat\/es\/activitats\/exposicion-comentada-de-melocoton-y-nectarina-2023\/#primaryimage\",\"inLanguage\":\"es\",\"url\":\"https:\/\/transferencia.irta.cat\/wp-content\/uploads\/2021\/12\/jared-subia-nACVS3aI8KI-unsplash-e1638448160874.jpg\",\"width\":1281,\"height\":1617},{\"@type\":\"WebPage\",\"@id\":\"https:\/\/transferencia.irta.cat\/es\/activitats\/exposicion-comentada-de-melocoton-y-nectarina-2023\/#webpage\",\"url\":\"https:\/\/transferencia.irta.cat\/es\/activitats\/exposicion-comentada-de-melocoton-y-nectarina-2023\/\",\"name\":\"XXVII Exposici\\u00f3n comentada de melocot\\u00f3n y nectarina 2023 - IRTA\",\"isPartOf\":{\"@id\":\"https:\/\/transferencia.irta.cat\/es\/#website\"},\"primaryImageOfPage\":{\"@id\":\"https:\/\/transferencia.irta.cat\/es\/activitats\/exposicion-comentada-de-melocoton-y-nectarina-2023\/#primaryimage\"},\"datePublished\":\"2022-12-05T11:06:07+00:00\",\"dateModified\":\"2023-09-13T11:05:02+00:00\",\"description\":\"Continuamos con la 27\\u00aa edici\\u00f3n de la tradicional Exposici\\u00f3n del Melocot\\u00f3n y la Nectarina en Alcarr\\u00e0s.En este encuentro conoceremos c\\u00f3mo el clima ha\",\"inLanguage\":\"es\",\"potentialAction\":[{\"@type\":\"ReadAction\",\"target\":[\"https:\/\/transferencia.irta.cat\/es\/activitats\/exposicion-comentada-de-melocoton-y-nectarina-2023\/\"]}]}]}<\/script>\n<!-- \/ Yoast SEO plugin. -->","_links":{"self":[{"href":"https:\/\/transferencia.irta.cat\/es\/wp-json\/wp\/v2\/activitats\/17493","targetHints":{"allow":["GET"]}}],"collection":[{"href":"https:\/\/transferencia.irta.cat\/es\/wp-json\/wp\/v2\/activitats"}],"about":[{"href":"https:\/\/transferencia.irta.cat\/es\/wp-json\/wp\/v2\/types\/activitats"}],"wp:featuredmedia":[{"embeddable":true,"href":"https:\/\/transferencia.irta.cat\/es\/wp-json\/wp\/v2\/media\/12118"}],"wp:attachment":[{"href":"https:\/\/transferencia.irta.cat\/es\/wp-json\/wp\/v2\/media?parent=17493"}],"wp:term":[{"taxonomy":"category","embeddable":true,"href":"https:\/\/transferencia.irta.cat\/es\/wp-json\/wp\/v2\/categories?post=17493"},{"taxonomy":"post_tag","embeddable":true,"href":"https:\/\/transferencia.irta.cat\/es\/wp-json\/wp\/v2\/tags?post=17493"},{"taxonomy":"objectius_estrategics","embeddable":true,"href":"https:\/\/transferencia.irta.cat\/es\/wp-json\/wp\/v2\/objectius_estrategics?post=17493"},{"taxonomy":"ods","embeddable":true,"href":"https:\/\/transferencia.irta.cat\/es\/wp-json\/wp\/v2\/ods?post=17493"},{"taxonomy":"programa_irta","embeddable":true,"href":"https:\/\/transferencia.irta.cat\/es\/wp-json\/wp\/v2\/programa_irta?post=17493"},{"taxonomy":"trainings","embeddable":true,"href":"https:\/\/transferencia.irta.cat\/es\/wp-json\/wp\/v2\/trainings?post=17493"}],"curies":[{"name":"wp","href":"https:\/\/api.w.org\/{rel}","templated":true}]}}

XXVII Exposición comentada de melocotón y nectarina 2023

<p>Continuamos con la 27ª edición de la tradicional Exposición del Melocotón y la Nectarina en Alcarràs.<br>En este encuentro conoceremos cómo el clima ha caracterizado la campaña de este año en cuanto a la fenología, podredumbres en poscosecha y en el comportamiento productivo de las variedades. Conoceremos también cuáles son las herramientas genómicas utilizadas para desarrollar nuevas variedades.<br>La jornada dispondrá de un pequeño espacio de exposición para algunos obtentores del sector a los que podrá dirigirse.</p>



<p></p>

Catalán

Alcarràs

<p>Lo Casino d'Alcarràs</p>

Centre cultural 'Lo Casino', Carrer Major, Alcarràs, Espanya

Alcarràs_Pressec i nectarina_3108_230323_v2

Alcarràs_Pressec-i-nectarina_3108_230323_v2.pdf

https://transferencia.irta.cat/wp-content/uploads/2022/12/Alcarràs_Pressec-i-nectarina_3108_230323_v2.pdf

https://transferencia.irta.cat/wp-content/uploads/2021/12/alcarràs_ajuntament.jpg

Exposición Melocotón y Nectarina 2023

<!-- This site is optimized with the Yoast SEO plugin v15.2 - https://yoast.com/wordpress/plugins/seo/ -->
<title>XXVII Exposición comentada de melocotón y nectarina 2023 - IRTA</title>
<meta name="description" content="Continuamos con la 27ª edición de la tradicional Exposición del Melocotón y la Nectarina en Alcarràs.En este encuentro conoceremos cómo el clima ha" />
<meta name="robots" content="index, follow, max-snippet:-1, max-image-preview:large, max-video-preview:-1" />
<link rel="canonical" href="https://transferencia.irta.cat/es/activitats/exposicion-comentada-de-melocoton-y-nectarina-2023/" />
<meta property="og:locale" content="es_ES" />
<meta property="og:type" content="article" />
<meta property="og:title" content="XXVII Exposición comentada de melocotón y nectarina 2023 - IRTA" />
<meta property="og:description" content="Continuamos con la 27ª edición de la tradicional Exposición del Melocotón y la Nectarina en Alcarràs.En este encuentro conoceremos cómo el clima ha" />
<meta property="og:url" content="https://transferencia.irta.cat/es/activitats/exposicion-comentada-de-melocoton-y-nectarina-2023/" />
<meta property="og:site_name" content="IRTA" />
<meta property="article:modified_time" content="2023-09-13T11:05:02+00:00" />
<meta property="og:image" content="https://transferencia.irta.cat/wp-content/uploads/2021/12/jared-subia-nACVS3aI8KI-unsplash-e1638448160874.jpg" />
	<meta property="og:image:width" content="1281" />
	<meta property="og:image:height" content="1617" />
<meta name="twitter:card" content="summary_large_image" />
<meta name="twitter:label1" value="Escrito por">
	<meta name="twitter:data1" value="Montse">
	<meta name="twitter:label2" value="Tiempo de lectura">
	<meta name="twitter:data2" value="0 minutos">
<script type="application/ld+json" class="yoast-schema-graph">{"@context":"https://schema.org","@graph":[{"@type":"WebSite","@id":"https://transferencia.irta.cat/es/#website","url":"https://transferencia.irta.cat/es/","name":"IRTA","description":"Transfer\u00e8ncia de coneixement","potentialAction":[{"@type":"SearchAction","target":"https://transferencia.irta.cat/es/?s={search_term_string}","query-input":"required name=search_term_string"}],"inLanguage":"es"},{"@type":"ImageObject","@id":"https://transferencia.irta.cat/es/activitats/exposicion-comentada-de-melocoton-y-nectarina-2023/#primaryimage","inLanguage":"es","url":"https://transferencia.irta.cat/wp-content/uploads/2021/12/jared-subia-nACVS3aI8KI-unsplash-e1638448160874.jpg","width":1281,"height":1617},{"@type":"WebPage","@id":"https://transferencia.irta.cat/es/activitats/exposicion-comentada-de-melocoton-y-nectarina-2023/#webpage","url":"https://transferencia.irta.cat/es/activitats/exposicion-comentada-de-melocoton-y-nectarina-2023/","name":"XXVII Exposici\u00f3n comentada de melocot\u00f3n y nectarina 2023 - IRTA","isPartOf":{"@id":"https://transferencia.irta.cat/es/#website"},"primaryImageOfPage":{"@id":"https://transferencia.irta.cat/es/activitats/exposicion-comentada-de-melocoton-y-nectarina-2023/#primaryimage"},"datePublished":"2022-12-05T11:06:07+00:00","dateModified":"2023-09-13T11:05:02+00:00","description":"Continuamos con la 27\u00aa edici\u00f3n de la tradicional Exposici\u00f3n del Melocot\u00f3n y la Nectarina en Alcarr\u00e0s.En este encuentro conoceremos c\u00f3mo el clima ha","inLanguage":"es","potentialAction":[{"@type":"ReadAction","target":["https://transferencia.irta.cat/es/activitats/exposicion-comentada-de-melocoton-y-nectarina-2023/"]}]}]}</script>
<!-- / Yoast SEO plugin. -->
