{"id":17491,"date":"2022-12-05T12:04:00","date_gmt":"2022-12-05T11:04:00","guid":{"rendered":"https:\/\/transferencia.irta.cat\/?post_type=activitats&#038;p=17491"},"modified":"2022-12-05T12:04:01","modified_gmt":"2022-12-05T11:04:01","slug":"jornada-fruticola-de-otono-2023","status":"publish","type":"activitats","link":"https:\/\/transferencia.irta.cat\/es\/activitats\/jornada-fruticola-de-otono-2023\/","title":{"rendered":"Jornada Frut\u00edcola de oto\u00f1o 2023"},"content":{"rendered":"\n<p class=\"wp-block-paragraph\"><em>Fecha orientativa de la jornada.<\/em><em><br>Pr\u00f3ximamente publicaremos m\u00e1s informaci\u00f3n sobre este evento.<br>Si quieres recibir m\u00e1s informaci\u00f3n puedes clicar en el bot\u00f3n <strong>\"Me interesa\"<\/strong>.<\/em><\/p>\n","protected":false},"featured_media":17307,"template":"","categories":[],"tags":[],"objectius_estrategics":[],"ods":[],"programa_irta":[1237,1216],"trainings":[],"class_list":["post-17491","activitats","type-activitats","status-publish","has-post-thumbnail","hentry","programa_irta-v2-fructicultura-es","programa_irta-v2-fructicultura"],"acf":{"codi":"","data":"16\/10\/2023","data_fi":"31\/10\/2023","horari":"09:00h-18:30h","idioma":"Catal\u00e1n","original_language":"ca","preu":"Gratuito","places":"-1","ciutat":"","lloc_de_realitzacio":"","ubicacio":false,"imatge_ubicacio":false,"persona_contacte_nom":"","persona_contacte_email":"","programa":false,"programacio":"","ponents":false,"organitza":false,"patrocina":false,"colabora":false,"serveis":false,"materials":false,"activitats_relacionades":false,"te_enquesta":false,"id_enquesta":"","enquesta_externa":"","subscribe_external_link":"","en_construccio":true,"wait_list":false},"yoast_head":"<!-- This site is optimized with the Yoast SEO plugin v28.4 - https:\/\/yoast.com\/product\/yoast-seo-wordpress\/ -->\n<title>Jornada Frut\u00edcola de oto\u00f1o 2023 - IRTA<\/title>\n<meta name=\"description\" content=\"Fecha orientativa de la jornada.Pr\u00f3ximamente publicaremos m\u00e1s informaci\u00f3n sobre este evento.Si quieres recibir m\u00e1s informaci\u00f3n puedes clicar en el bot\u00f3n\" \/>\n<meta name=\"robots\" content=\"index, follow, max-snippet:-1, max-image-preview:large, max-video-preview:-1\" \/>\n<link rel=\"canonical\" href=\"https:\/\/transferencia.irta.cat\/es\/activitats\/jornada-fruticola-de-otono-2023\/\" \/>\n<meta property=\"og:locale\" content=\"es_ES\" \/>\n<meta property=\"og:type\" content=\"article\" \/>\n<meta property=\"og:title\" content=\"Jornada Frut\u00edcola de oto\u00f1o 2023 - IRTA\" \/>\n<meta property=\"og:description\" content=\"Fecha orientativa de la jornada.Pr\u00f3ximamente publicaremos m\u00e1s informaci\u00f3n sobre este evento.Si quieres recibir m\u00e1s informaci\u00f3n puedes clicar en el bot\u00f3n\" \/>\n<meta property=\"og:url\" content=\"https:\/\/transferencia.irta.cat\/es\/activitats\/jornada-fruticola-de-otono-2023\/\" \/>\n<meta property=\"og:site_name\" content=\"IRTA\" \/>\n<meta property=\"article:modified_time\" content=\"2022-12-05T11:04:01+00:00\" \/>\n<meta property=\"og:image\" content=\"https:\/\/transferencia.irta.cat\/wp-content\/uploads\/2022\/12\/220426_021R3935.jpg\" \/>\n\t<meta property=\"og:image:width\" content=\"1920\" \/>\n\t<meta property=\"og:image:height\" content=\"1280\" \/>\n\t<meta property=\"og:image:type\" content=\"image\/jpeg\" \/>\n<meta name=\"twitter:card\" content=\"summary_large_image\" \/>\n<script type=\"application\/ld+json\" class=\"yoast-schema-graph\">{\"@context\":\"https:\\\/\\\/schema.org\",\"@graph\":[{\"@type\":\"WebPage\",\"@id\":\"https:\\\/\\\/transferencia.irta.cat\\\/es\\\/activitats\\\/jornada-fruticola-de-otono-2023\\\/\",\"url\":\"https:\\\/\\\/transferencia.irta.cat\\\/es\\\/activitats\\\/jornada-fruticola-de-otono-2023\\\/\",\"name\":\"Jornada Frut\u00edcola de oto\u00f1o 2023 - IRTA\",\"isPartOf\":{\"@id\":\"https:\\\/\\\/transferencia.irta.cat\\\/es\\\/#website\"},\"primaryImageOfPage\":{\"@id\":\"https:\\\/\\\/transferencia.irta.cat\\\/es\\\/activitats\\\/jornada-fruticola-de-otono-2023\\\/#primaryimage\"},\"image\":{\"@id\":\"https:\\\/\\\/transferencia.irta.cat\\\/es\\\/activitats\\\/jornada-fruticola-de-otono-2023\\\/#primaryimage\"},\"thumbnailUrl\":\"https:\\\/\\\/transferencia.irta.cat\\\/wp-content\\\/uploads\\\/2022\\\/12\\\/220426_021R3935.jpg\",\"datePublished\":\"2022-12-05T11:04:00+00:00\",\"dateModified\":\"2022-12-05T11:04:01+00:00\",\"description\":\"Fecha orientativa de la jornada.Pr\u00f3ximamente publicaremos m\u00e1s informaci\u00f3n sobre este evento.Si quieres recibir m\u00e1s informaci\u00f3n puedes clicar en el bot\u00f3n\",\"breadcrumb\":{\"@id\":\"https:\\\/\\\/transferencia.irta.cat\\\/es\\\/activitats\\\/jornada-fruticola-de-otono-2023\\\/#breadcrumb\"},\"inLanguage\":\"es\",\"potentialAction\":[{\"@type\":\"ReadAction\",\"target\":[\"https:\\\/\\\/transferencia.irta.cat\\\/es\\\/activitats\\\/jornada-fruticola-de-otono-2023\\\/\"]}]},{\"@type\":\"ImageObject\",\"inLanguage\":\"es\",\"@id\":\"https:\\\/\\\/transferencia.irta.cat\\\/es\\\/activitats\\\/jornada-fruticola-de-otono-2023\\\/#primaryimage\",\"url\":\"https:\\\/\\\/transferencia.irta.cat\\\/wp-content\\\/uploads\\\/2022\\\/12\\\/220426_021R3935.jpg\",\"contentUrl\":\"https:\\\/\\\/transferencia.irta.cat\\\/wp-content\\\/uploads\\\/2022\\\/12\\\/220426_021R3935.jpg\",\"width\":1920,\"height\":1280},{\"@type\":\"BreadcrumbList\",\"@id\":\"https:\\\/\\\/transferencia.irta.cat\\\/es\\\/activitats\\\/jornada-fruticola-de-otono-2023\\\/#breadcrumb\",\"itemListElement\":[{\"@type\":\"ListItem\",\"position\":1,\"name\":\"Inici\",\"item\":\"https:\\\/\\\/transferencia.irta.cat\\\/es\\\/\"},{\"@type\":\"ListItem\",\"position\":2,\"name\":\"Actividades\",\"item\":\"https:\\\/\\\/transferencia.irta.cat\\\/es\\\/activitats\\\/\"},{\"@type\":\"ListItem\",\"position\":3,\"name\":\"Jornada Frut\u00edcola de oto\u00f1o 2023\"}]},{\"@type\":\"WebSite\",\"@id\":\"https:\\\/\\\/transferencia.irta.cat\\\/es\\\/#website\",\"url\":\"https:\\\/\\\/transferencia.irta.cat\\\/es\\\/\",\"name\":\"IRTA\",\"description\":\"Transfer\u00e8ncia de coneixement\",\"potentialAction\":[{\"@type\":\"SearchAction\",\"target\":{\"@type\":\"EntryPoint\",\"urlTemplate\":\"https:\\\/\\\/transferencia.irta.cat\\\/es\\\/?s={search_term_string}\"},\"query-input\":{\"@type\":\"PropertyValueSpecification\",\"valueRequired\":true,\"valueName\":\"search_term_string\"}}],\"inLanguage\":\"es\"}]}<\/script>\n<!-- \/ Yoast SEO plugin. -->","yoast_head_json":{"title":"Jornada Frut\u00edcola de oto\u00f1o 2023 - IRTA","description":"Fecha orientativa de la jornada.Pr\u00f3ximamente publicaremos m\u00e1s informaci\u00f3n sobre este evento.Si quieres recibir m\u00e1s informaci\u00f3n puedes clicar en el bot\u00f3n","robots":{"index":"index","follow":"follow","max-snippet":"max-snippet:-1","max-image-preview":"max-image-preview:large","max-video-preview":"max-video-preview:-1"},"canonical":"https:\/\/transferencia.irta.cat\/es\/activitats\/jornada-fruticola-de-otono-2023\/","og_locale":"es_ES","og_type":"article","og_title":"Jornada Frut\u00edcola de oto\u00f1o 2023 - IRTA","og_description":"Fecha orientativa de la jornada.Pr\u00f3ximamente publicaremos m\u00e1s informaci\u00f3n sobre este evento.Si quieres recibir m\u00e1s informaci\u00f3n puedes clicar en el bot\u00f3n","og_url":"https:\/\/transferencia.irta.cat\/es\/activitats\/jornada-fruticola-de-otono-2023\/","og_site_name":"IRTA","article_modified_time":"2022-12-05T11:04:01+00:00","og_image":[{"width":1920,"height":1280,"url":"https:\/\/transferencia.irta.cat\/wp-content\/uploads\/2022\/12\/220426_021R3935.jpg","type":"image\/jpeg"}],"twitter_card":"summary_large_image","schema":{"@context":"https:\/\/schema.org","@graph":[{"@type":"WebPage","@id":"https:\/\/transferencia.irta.cat\/es\/activitats\/jornada-fruticola-de-otono-2023\/","url":"https:\/\/transferencia.irta.cat\/es\/activitats\/jornada-fruticola-de-otono-2023\/","name":"Jornada Frut\u00edcola de oto\u00f1o 2023 - IRTA","isPartOf":{"@id":"https:\/\/transferencia.irta.cat\/es\/#website"},"primaryImageOfPage":{"@id":"https:\/\/transferencia.irta.cat\/es\/activitats\/jornada-fruticola-de-otono-2023\/#primaryimage"},"image":{"@id":"https:\/\/transferencia.irta.cat\/es\/activitats\/jornada-fruticola-de-otono-2023\/#primaryimage"},"thumbnailUrl":"https:\/\/transferencia.irta.cat\/wp-content\/uploads\/2022\/12\/220426_021R3935.jpg","datePublished":"2022-12-05T11:04:00+00:00","dateModified":"2022-12-05T11:04:01+00:00","description":"Fecha orientativa de la jornada.Pr\u00f3ximamente publicaremos m\u00e1s informaci\u00f3n sobre este evento.Si quieres recibir m\u00e1s informaci\u00f3n puedes clicar en el bot\u00f3n","breadcrumb":{"@id":"https:\/\/transferencia.irta.cat\/es\/activitats\/jornada-fruticola-de-otono-2023\/#breadcrumb"},"inLanguage":"es","potentialAction":[{"@type":"ReadAction","target":["https:\/\/transferencia.irta.cat\/es\/activitats\/jornada-fruticola-de-otono-2023\/"]}]},{"@type":"ImageObject","inLanguage":"es","@id":"https:\/\/transferencia.irta.cat\/es\/activitats\/jornada-fruticola-de-otono-2023\/#primaryimage","url":"https:\/\/transferencia.irta.cat\/wp-content\/uploads\/2022\/12\/220426_021R3935.jpg","contentUrl":"https:\/\/transferencia.irta.cat\/wp-content\/uploads\/2022\/12\/220426_021R3935.jpg","width":1920,"height":1280},{"@type":"BreadcrumbList","@id":"https:\/\/transferencia.irta.cat\/es\/activitats\/jornada-fruticola-de-otono-2023\/#breadcrumb","itemListElement":[{"@type":"ListItem","position":1,"name":"Inici","item":"https:\/\/transferencia.irta.cat\/es\/"},{"@type":"ListItem","position":2,"name":"Actividades","item":"https:\/\/transferencia.irta.cat\/es\/activitats\/"},{"@type":"ListItem","position":3,"name":"Jornada Frut\u00edcola de oto\u00f1o 2023"}]},{"@type":"WebSite","@id":"https:\/\/transferencia.irta.cat\/es\/#website","url":"https:\/\/transferencia.irta.cat\/es\/","name":"IRTA","description":"Transfer\u00e8ncia de coneixement","potentialAction":[{"@type":"SearchAction","target":{"@type":"EntryPoint","urlTemplate":"https:\/\/transferencia.irta.cat\/es\/?s={search_term_string}"},"query-input":{"@type":"PropertyValueSpecification","valueRequired":true,"valueName":"search_term_string"}}],"inLanguage":"es"}]}},"_links":{"self":[{"href":"https:\/\/transferencia.irta.cat\/es\/wp-json\/wp\/v2\/activitats\/17491","targetHints":{"allow":["GET"]}}],"collection":[{"href":"https:\/\/transferencia.irta.cat\/es\/wp-json\/wp\/v2\/activitats"}],"about":[{"href":"https:\/\/transferencia.irta.cat\/es\/wp-json\/wp\/v2\/types\/activitats"}],"wp:featuredmedia":[{"embeddable":true,"href":"https:\/\/transferencia.irta.cat\/es\/wp-json\/wp\/v2\/media\/17307"}],"wp:attachment":[{"href":"https:\/\/transferencia.irta.cat\/es\/wp-json\/wp\/v2\/media?parent=17491"}],"wp:term":[{"taxonomy":"category","embeddable":true,"href":"https:\/\/transferencia.irta.cat\/es\/wp-json\/wp\/v2\/categories?post=17491"},{"taxonomy":"post_tag","embeddable":true,"href":"https:\/\/transferencia.irta.cat\/es\/wp-json\/wp\/v2\/tags?post=17491"},{"taxonomy":"objectius_estrategics","embeddable":true,"href":"https:\/\/transferencia.irta.cat\/es\/wp-json\/wp\/v2\/objectius_estrategics?post=17491"},{"taxonomy":"ods","embeddable":true,"href":"https:\/\/transferencia.irta.cat\/es\/wp-json\/wp\/v2\/ods?post=17491"},{"taxonomy":"programa_irta","embeddable":true,"href":"https:\/\/transferencia.irta.cat\/es\/wp-json\/wp\/v2\/programa_irta?post=17491"},{"taxonomy":"trainings","embeddable":true,"href":"https:\/\/transferencia.irta.cat\/es\/wp-json\/wp\/v2\/trainings?post=17491"}],"curies":[{"name":"wp","href":"https:\/\/api.w.org\/{rel}","templated":true}]}}

Jornada Frutícola de otoño 2023

<p class="wp-block-paragraph"><em>Fecha orientativa de la jornada.</em><em><br>Próximamente publicaremos más información sobre este evento.<br>Si quieres recibir más información puedes clicar en el botón <strong>"Me interesa"</strong>.</em></p>

Catalán

<!-- This site is optimized with the Yoast SEO plugin v28.4 - https://yoast.com/product/yoast-seo-wordpress/ -->
<title>Jornada Frutícola de otoño 2023 - IRTA</title>
<meta name="description" content="Fecha orientativa de la jornada.Próximamente publicaremos más información sobre este evento.Si quieres recibir más información puedes clicar en el botón" />
<meta name="robots" content="index, follow, max-snippet:-1, max-image-preview:large, max-video-preview:-1" />
<link rel="canonical" href="https://transferencia.irta.cat/es/activitats/jornada-fruticola-de-otono-2023/" />
<meta property="og:locale" content="es_ES" />
<meta property="og:type" content="article" />
<meta property="og:title" content="Jornada Frutícola de otoño 2023 - IRTA" />
<meta property="og:description" content="Fecha orientativa de la jornada.Próximamente publicaremos más información sobre este evento.Si quieres recibir más información puedes clicar en el botón" />
<meta property="og:url" content="https://transferencia.irta.cat/es/activitats/jornada-fruticola-de-otono-2023/" />
<meta property="og:site_name" content="IRTA" />
<meta property="article:modified_time" content="2022-12-05T11:04:01+00:00" />
<meta property="og:image" content="https://transferencia.irta.cat/wp-content/uploads/2022/12/220426_021R3935.jpg" />
	<meta property="og:image:width" content="1920" />
	<meta property="og:image:height" content="1280" />
	<meta property="og:image:type" content="image/jpeg" />
<meta name="twitter:card" content="summary_large_image" />
<script type="application/ld+json" class="yoast-schema-graph">{"@context":"https:\/\/schema.org","@graph":[{"@type":"WebPage","@id":"https:\/\/transferencia.irta.cat\/es\/activitats\/jornada-fruticola-de-otono-2023\/","url":"https:\/\/transferencia.irta.cat\/es\/activitats\/jornada-fruticola-de-otono-2023\/","name":"Jornada Frutícola de otoño 2023 - IRTA","isPartOf":{"@id":"https:\/\/transferencia.irta.cat\/es\/#website"},"primaryImageOfPage":{"@id":"https:\/\/transferencia.irta.cat\/es\/activitats\/jornada-fruticola-de-otono-2023\/#primaryimage"},"image":{"@id":"https:\/\/transferencia.irta.cat\/es\/activitats\/jornada-fruticola-de-otono-2023\/#primaryimage"},"thumbnailUrl":"https:\/\/transferencia.irta.cat\/wp-content\/uploads\/2022\/12\/220426_021R3935.jpg","datePublished":"2022-12-05T11:04:00+00:00","dateModified":"2022-12-05T11:04:01+00:00","description":"Fecha orientativa de la jornada.Próximamente publicaremos más información sobre este evento.Si quieres recibir más información puedes clicar en el botón","breadcrumb":{"@id":"https:\/\/transferencia.irta.cat\/es\/activitats\/jornada-fruticola-de-otono-2023\/#breadcrumb"},"inLanguage":"es","potentialAction":[{"@type":"ReadAction","target":["https:\/\/transferencia.irta.cat\/es\/activitats\/jornada-fruticola-de-otono-2023\/"]}]},{"@type":"ImageObject","inLanguage":"es","@id":"https:\/\/transferencia.irta.cat\/es\/activitats\/jornada-fruticola-de-otono-2023\/#primaryimage","url":"https:\/\/transferencia.irta.cat\/wp-content\/uploads\/2022\/12\/220426_021R3935.jpg","contentUrl":"https:\/\/transferencia.irta.cat\/wp-content\/uploads\/2022\/12\/220426_021R3935.jpg","width":1920,"height":1280},{"@type":"BreadcrumbList","@id":"https:\/\/transferencia.irta.cat\/es\/activitats\/jornada-fruticola-de-otono-2023\/#breadcrumb","itemListElement":[{"@type":"ListItem","position":1,"name":"Inici","item":"https:\/\/transferencia.irta.cat\/es\/"},{"@type":"ListItem","position":2,"name":"Actividades","item":"https:\/\/transferencia.irta.cat\/es\/activitats\/"},{"@type":"ListItem","position":3,"name":"Jornada Frutícola de otoño 2023"}]},{"@type":"WebSite","@id":"https:\/\/transferencia.irta.cat\/es\/#website","url":"https:\/\/transferencia.irta.cat\/es\/","name":"IRTA","description":"Transferència de coneixement","potentialAction":[{"@type":"SearchAction","target":{"@type":"EntryPoint","urlTemplate":"https:\/\/transferencia.irta.cat\/es\/?s={search_term_string}"},"query-input":{"@type":"PropertyValueSpecification","valueRequired":true,"valueName":"search_term_string"}}],"inLanguage":"es"}]}</script>
<!-- / Yoast SEO plugin. -->

Jornada Frutícola de otoño 2023 - IRTA

Fecha orientativa de la jornada.Próximamente publicaremos más información sobre este evento.Si quieres recibir más información puedes clicar en el botón

Transferència de coneixement
