{"id":13896,"date":"2022-05-02T13:14:46","date_gmt":"2022-05-02T11:14:46","guid":{"rendered":"https:\/\/transferencia.irta.cat\/?post_type=activitats&#038;p=13896"},"modified":"2022-05-20T09:08:36","modified_gmt":"2022-05-20T07:08:36","slug":"acto-final-del-primer-proyecto-de-la-red-innotub","status":"publish","type":"activitats","link":"https:\/\/transferencia.irta.cat\/es\/activitats\/acto-final-del-primer-proyecto-de-la-red-innotub\/","title":{"rendered":"Acto final del primer proyecto de la red INNOTUB"},"content":{"rendered":"\n<p>El martes 31 de mayo de 2022 tendr\u00e1 lugar el acto p\u00fablico en el que se presentar\u00e1n las principales conclusiones del proyecto EFA357\/19\/INNOTUB (Interreg-POCTEFA 2014-2020).<\/p>\n\n\n\n<p>El proyecto INNOTUB ha servido para crear y consolidar una red cient\u00edfica de excelencia orientada a la innovaci\u00f3n y transferencia para aportar soluciones para el control de la tuberculosis animal. En \u00faltima instancia, INNOTUB pretende contribuir a la mejora de la sanidad en la ganader\u00eda, contribuyendo al desarrollo socioecon\u00f3mico de esta actividad y as\u00ed fortalecer la cohesi\u00f3n social en las zonas rurales del Pirineo y evitar su abandono.<\/p>\n\n\n\n<p>La tuberculosis animal es una enfermedad que afecta principalmente a la ganader\u00eda ya algunos animales silvestres, causando un impacto econ\u00f3mico y social elevado sobre el sector ganadero y suponiendo tambi\u00e9n un riesgo de infecci\u00f3n para las personas. Desde hace a\u00f1os, Espa\u00f1a y Francia luchan contra esta enfermedad por evitar las p\u00e9rdidas de productividad y de valor gen\u00e9tico, adem\u00e1s de la restricci\u00f3n de movimientos y comercio de productos animales.<\/p>\n\n\n\n<p>Este proyecto est\u00e1 financiado por el Programa INTERREG POCTEFA 2014-2020, un programa europeo de cooperaci\u00f3n territorial creado para fomentar el desarrollo sostenible del territorio transfronterizo entre Espa\u00f1a, Francia y Andorra. Este soporte financiero comunitario se destina a reforzar la integraci\u00f3n econ\u00f3mica y social de esta zona y ayudar a mejorar la calidad de vida de sus habitantes. Adem\u00e1s, los proyectos programados reciben cofinanciaci\u00f3n del FEDER (Fondo Europeo de Desarrollo Regional).<\/p>\n\n\n\n<figure class=\"wp-block-image size-large\"><img loading=\"lazy\" decoding=\"async\" width=\"1024\" height=\"768\" src=\"https:\/\/transferencia.irta.cat\/wp-content\/uploads\/2022\/04\/MicrosoftTeams-image-2-1024x768.jpg\" alt=\"\" class=\"wp-image-13855\" srcset=\"https:\/\/transferencia.irta.cat\/wp-content\/uploads\/2022\/04\/MicrosoftTeams-image-2-1024x768.jpg 1024w, https:\/\/transferencia.irta.cat\/wp-content\/uploads\/2022\/04\/MicrosoftTeams-image-2-300x225.jpg 300w, https:\/\/transferencia.irta.cat\/wp-content\/uploads\/2022\/04\/MicrosoftTeams-image-2-768x576.jpg 768w, https:\/\/transferencia.irta.cat\/wp-content\/uploads\/2022\/04\/MicrosoftTeams-image-2-1536x1152.jpg 1536w, https:\/\/transferencia.irta.cat\/wp-content\/uploads\/2022\/04\/MicrosoftTeams-image-2.jpg 1920w\" sizes=\"auto, (max-width: 1024px) 100vw, 1024px\" \/><\/figure>\n","protected":false},"featured_media":13855,"template":"","categories":[630,633],"tags":[],"objectius_estrategics":[],"ods":[1261,1273],"programa_irta":[1230,1223],"trainings":[],"class_list":["post-13896","activitats","type-activitats","status-publish","has-post-thumbnail","hentry","category-produccion-animal","category-sanidad-animal","ods-15-vida-terrestre-es","ods-3-salud-y-bienestar","programa_irta-a4-sanitat-animal-es","programa_irta-a4-sanitat-animal"],"acf":{"codi":"220168","data":"31\/05\/2022","data_fi":"","horari":"9:30h - 13:20h","idioma":"Catal\u00e1n, Castellano y Angl\u00e9s","original_language":"ca","preu":"Gratuita","places":"-1","ciutat":"Barcelona","lloc_de_realitzacio":"<p>Casa convalesc\u00e8ncia, Barcelona.<\/p>\n","ubicacio":{"address":"UAB Casa Convalesc\u00e8ncia, Carrer de Sant Antoni Maria Claret, Barcelona, Espanya","lat":41.41404229999999,"lng":2.1771578,"zoom":14,"place_id":"ChIJo4K2BdGipBIRRx3NVUnMqvY","name":"UAB Casa Convalesc\u00e8ncia","street_number":"171","street_name":"Carrer de Sant Antoni Maria Claret","city":"Barcelona","state":"Catalunya","state_short":"CT","post_code":"08041","country":"Espanya","country_short":"ES"},"imatge_ubicacio":"https:\/\/transferencia.irta.cat\/wp-content\/uploads\/2022\/04\/5ef9d2d5b730b552ad5a6abd6b94a5d8ad48b9d0597c4d3d0f0b7ba3e77d8052.jpg","persona_contacte_nom":"Javier Tobal","persona_contacte_email":"javier.tobal@irta.cat","programa":{"ID":14083,"id":14083,"title":"INNOTUB_Programa_ES_May12_3","filename":"INNOTUB_Programa_ES_May12_3.pdf","filesize":210161,"url":"https:\/\/transferencia.irta.cat\/wp-content\/uploads\/2022\/04\/INNOTUB_Programa_ES_May12_3.pdf","link":"https:\/\/transferencia.irta.cat\/es\/activitats\/acto-final-del-primer-proyecto-de-la-red-innotub\/innotub_programa_es_may12_3-2\/","alt":"","author":"2","description":"","caption":"","name":"innotub_programa_es_may12_3-2","status":"inherit","uploaded_to":13896,"date":"2022-05-20 07:08:00","modified":"2022-05-20 07:08:00","menu_order":0,"mime_type":"application\/pdf","type":"application","subtype":"pdf","icon":"https:\/\/transferencia.irta.cat\/wp-includes\/images\/media\/document.png"},"programacio":"<p><strong>09:30h Presentaci\u00f3n de la Jornada<\/strong><em> Dra Merc\u00e8 Soler, Subdirectora General de la Ganader\u00eda del Departamento de Acci\u00f3n Clim\u00e1tica, Alimentaci\u00f3n y Agenda Rural de la Generalitat de Catalunya . Dr. Bernat P\u00e9rez de Val, Investigador del IRTA - CReSA y coordinador de la red INNOTUB<\/em><\/p>\n<hr \/>\n<p><strong>09:45h Programas de erradicaci\u00f3n de la tuberculosis bovina en Espa\u00f1a y Francia<\/strong>. J<em>ose Lu\u00eds S\u00e1ez, jefe de \u00e1rea de programas sanitarios, subdirecci\u00f3n general de sanidad e higiene animal y trazabilidad del Ministerio de Agricultura, Pesca y Alimentaci\u00f3n. Dra. Maria - Laura Boschiroli, Directora de investigaci\u00f3n del Laboratoire de Sanit\u00e9 Animale de Maisons-Alfort (Anses), Laboratorio Nacional de Referencia de Tuberculosis Bovina de Francia y laboratorio de referencia de la OIE.<\/em><\/p>\n<hr \/>\n<p><strong>11:05h Pausa \/ Desayuno<\/strong><\/p>\n<hr \/>\n<p><strong>11:45h Presentaci\u00f3n de las conclusiones del proyecto<\/strong> (Bioseguridad y an\u00e1lisis de riesgo, Nuevas estrategias de comunicaci\u00f3n, Mejora del diagn\u00f3stico, Herramientas de control y prevenci\u00f3n).<\/p>\n<hr \/>\n<p><strong>12:45h Mesa Redonda: discusi\u00f3n y preguntas: Dr. Timoth\u00e9e Vergne (INRA-ENVT).<\/strong> Dr. Alberto Allepuz (UAB), dr. Iker A.Sevilla (Neiker), dr. Bernat P\u00e9rez de Val (IRTA-CReSA), Dra. Maria-Laura Boschiroli (Anses)<\/p>\n<hr \/>\n<p><strong>13:20h Clausura de la jornada<\/strong><\/p>\n","ponents":false,"organitza":[{"imatge":"https:\/\/transferencia.irta.cat\/wp-content\/uploads\/2022\/04\/muntatge_logos_vert.png","nom":"","link":""},{"imatge":"https:\/\/transferencia.irta.cat\/wp-content\/uploads\/2021\/07\/dacc-2.jpg","nom":"","link":""},{"imatge":false,"nom":"","link":""},{"imatge":"https:\/\/transferencia.irta.cat\/wp-content\/uploads\/2021\/02\/IRTA_logo_R.png","nom":"","link":""},{"imatge":"https:\/\/transferencia.irta.cat\/wp-content\/uploads\/2022\/04\/CRESA_color2015.jpg","nom":"","link":""},{"imatge":"https:\/\/transferencia.irta.cat\/wp-content\/uploads\/2022\/04\/NEIKER-BRTA-color-fondo-blanco_H.jpg","nom":"","link":""},{"imatge":"https:\/\/transferencia.irta.cat\/wp-content\/uploads\/2022\/04\/2021-Logo-Anses.jpg","nom":"","link":""},{"imatge":"https:\/\/transferencia.irta.cat\/wp-content\/uploads\/2022\/04\/800px-Logo.ENVT_.2018.png","nom":"","link":""},{"imatge":"https:\/\/transferencia.irta.cat\/wp-content\/uploads\/2022\/04\/Logo_uab.png","nom":"","link":""}],"patrocina":false,"colabora":false,"serveis":false,"materials":false,"activitats_relacionades":false,"te_enquesta":true,"id_enquesta":"","enquesta_externa":"","subscribe_external_link":"","en_construccio":false,"wait_list":false},"yoast_head":"<!-- This site is optimized with the Yoast SEO plugin v15.2 - https:\/\/yoast.com\/wordpress\/plugins\/seo\/ -->\n<title>Acto final del primer proyecto de la red INNOTUB - IRTA<\/title>\n<meta name=\"description\" content=\"El martes 31 de mayo de 2022 tendr\u00e1 lugar el acto p\u00fablico en el que se presentar\u00e1n las principales conclusiones del proyecto EFA357\/19\/INNOTUB\" \/>\n<meta name=\"robots\" content=\"index, follow, max-snippet:-1, max-image-preview:large, max-video-preview:-1\" \/>\n<link rel=\"canonical\" href=\"https:\/\/transferencia.irta.cat\/es\/activitats\/acto-final-del-primer-proyecto-de-la-red-innotub\/\" \/>\n<meta property=\"og:locale\" content=\"es_ES\" \/>\n<meta property=\"og:type\" content=\"article\" \/>\n<meta property=\"og:title\" content=\"Acto final del primer proyecto de la red INNOTUB - IRTA\" \/>\n<meta property=\"og:description\" content=\"El martes 31 de mayo de 2022 tendr\u00e1 lugar el acto p\u00fablico en el que se presentar\u00e1n las principales conclusiones del proyecto EFA357\/19\/INNOTUB\" \/>\n<meta property=\"og:url\" content=\"https:\/\/transferencia.irta.cat\/es\/activitats\/acto-final-del-primer-proyecto-de-la-red-innotub\/\" \/>\n<meta property=\"og:site_name\" content=\"IRTA\" \/>\n<meta property=\"article:modified_time\" content=\"2022-05-20T07:08:36+00:00\" \/>\n<meta property=\"og:image\" content=\"https:\/\/transferencia.irta.cat\/wp-content\/uploads\/2022\/04\/MicrosoftTeams-image-2.jpg\" \/>\n\t<meta property=\"og:image:width\" content=\"1920\" \/>\n\t<meta property=\"og:image:height\" content=\"1440\" \/>\n<meta name=\"twitter:card\" content=\"summary_large_image\" \/>\n<meta name=\"twitter:label1\" value=\"Escrito por\">\n\t<meta name=\"twitter:data1\" value=\"jtobal\">\n\t<meta name=\"twitter:label2\" value=\"Tiempo de lectura\">\n\t<meta name=\"twitter:data2\" value=\"1 minuto\">\n<script type=\"application\/ld+json\" class=\"yoast-schema-graph\">{\"@context\":\"https:\/\/schema.org\",\"@graph\":[{\"@type\":\"WebSite\",\"@id\":\"https:\/\/transferencia.irta.cat\/es\/#website\",\"url\":\"https:\/\/transferencia.irta.cat\/es\/\",\"name\":\"IRTA\",\"description\":\"Transfer\\u00e8ncia de coneixement\",\"potentialAction\":[{\"@type\":\"SearchAction\",\"target\":\"https:\/\/transferencia.irta.cat\/es\/?s={search_term_string}\",\"query-input\":\"required name=search_term_string\"}],\"inLanguage\":\"es\"},{\"@type\":\"ImageObject\",\"@id\":\"https:\/\/transferencia.irta.cat\/es\/activitats\/acto-final-del-primer-proyecto-de-la-red-innotub\/#primaryimage\",\"inLanguage\":\"es\",\"url\":\"https:\/\/transferencia.irta.cat\/wp-content\/uploads\/2022\/04\/MicrosoftTeams-image-2.jpg\",\"width\":1920,\"height\":1440,\"caption\":\"bov\\u00ed\"},{\"@type\":\"WebPage\",\"@id\":\"https:\/\/transferencia.irta.cat\/es\/activitats\/acto-final-del-primer-proyecto-de-la-red-innotub\/#webpage\",\"url\":\"https:\/\/transferencia.irta.cat\/es\/activitats\/acto-final-del-primer-proyecto-de-la-red-innotub\/\",\"name\":\"Acto final del primer proyecto de la red INNOTUB - IRTA\",\"isPartOf\":{\"@id\":\"https:\/\/transferencia.irta.cat\/es\/#website\"},\"primaryImageOfPage\":{\"@id\":\"https:\/\/transferencia.irta.cat\/es\/activitats\/acto-final-del-primer-proyecto-de-la-red-innotub\/#primaryimage\"},\"datePublished\":\"2022-05-02T11:14:46+00:00\",\"dateModified\":\"2022-05-20T07:08:36+00:00\",\"description\":\"El martes 31 de mayo de 2022 tendr\\u00e1 lugar el acto p\\u00fablico en el que se presentar\\u00e1n las principales conclusiones del proyecto EFA357\/19\/INNOTUB\",\"inLanguage\":\"es\",\"potentialAction\":[{\"@type\":\"ReadAction\",\"target\":[\"https:\/\/transferencia.irta.cat\/es\/activitats\/acto-final-del-primer-proyecto-de-la-red-innotub\/\"]}]}]}<\/script>\n<!-- \/ Yoast SEO plugin. -->","_links":{"self":[{"href":"https:\/\/transferencia.irta.cat\/es\/wp-json\/wp\/v2\/activitats\/13896","targetHints":{"allow":["GET"]}}],"collection":[{"href":"https:\/\/transferencia.irta.cat\/es\/wp-json\/wp\/v2\/activitats"}],"about":[{"href":"https:\/\/transferencia.irta.cat\/es\/wp-json\/wp\/v2\/types\/activitats"}],"wp:featuredmedia":[{"embeddable":true,"href":"https:\/\/transferencia.irta.cat\/es\/wp-json\/wp\/v2\/media\/13855"}],"wp:attachment":[{"href":"https:\/\/transferencia.irta.cat\/es\/wp-json\/wp\/v2\/media?parent=13896"}],"wp:term":[{"taxonomy":"category","embeddable":true,"href":"https:\/\/transferencia.irta.cat\/es\/wp-json\/wp\/v2\/categories?post=13896"},{"taxonomy":"post_tag","embeddable":true,"href":"https:\/\/transferencia.irta.cat\/es\/wp-json\/wp\/v2\/tags?post=13896"},{"taxonomy":"objectius_estrategics","embeddable":true,"href":"https:\/\/transferencia.irta.cat\/es\/wp-json\/wp\/v2\/objectius_estrategics?post=13896"},{"taxonomy":"ods","embeddable":true,"href":"https:\/\/transferencia.irta.cat\/es\/wp-json\/wp\/v2\/ods?post=13896"},{"taxonomy":"programa_irta","embeddable":true,"href":"https:\/\/transferencia.irta.cat\/es\/wp-json\/wp\/v2\/programa_irta?post=13896"},{"taxonomy":"trainings","embeddable":true,"href":"https:\/\/transferencia.irta.cat\/es\/wp-json\/wp\/v2\/trainings?post=13896"}],"curies":[{"name":"wp","href":"https:\/\/api.w.org\/{rel}","templated":true}]}}

<p>El martes 31 de mayo de 2022 tendrá lugar el acto público en el que se presentarán las principales conclusiones del proyecto EFA357/19/INNOTUB (Interreg-POCTEFA 2014-2020).</p>



<p>El proyecto INNOTUB ha servido para crear y consolidar una red científica de excelencia orientada a la innovación y transferencia para aportar soluciones para el control de la tuberculosis animal. En última instancia, INNOTUB pretende contribuir a la mejora de la sanidad en la ganadería, contribuyendo al desarrollo socioeconómico de esta actividad y así fortalecer la cohesión social en las zonas rurales del Pirineo y evitar su abandono.</p>



<p>La tuberculosis animal es una enfermedad que afecta principalmente a la ganadería ya algunos animales silvestres, causando un impacto económico y social elevado sobre el sector ganadero y suponiendo también un riesgo de infección para las personas. Desde hace años, España y Francia luchan contra esta enfermedad por evitar las pérdidas de productividad y de valor genético, además de la restricción de movimientos y comercio de productos animales.</p>



<p>Este proyecto está financiado por el Programa INTERREG POCTEFA 2014-2020, un programa europeo de cooperación territorial creado para fomentar el desarrollo sostenible del territorio transfronterizo entre España, Francia y Andorra. Este soporte financiero comunitario se destina a reforzar la integración económica y social de esta zona y ayudar a mejorar la calidad de vida de sus habitantes. Además, los proyectos programados reciben cofinanciación del FEDER (Fondo Europeo de Desarrollo Regional).</p>



<figure class="wp-block-image size-large"><img loading="lazy" decoding="async" width="1024" height="768" src="https://transferencia.irta.cat/wp-content/uploads/2022/04/MicrosoftTeams-image-2-1024x768.jpg" alt="" class="wp-image-13855" srcset="https://transferencia.irta.cat/wp-content/uploads/2022/04/MicrosoftTeams-image-2-1024x768.jpg 1024w, https://transferencia.irta.cat/wp-content/uploads/2022/04/MicrosoftTeams-image-2-300x225.jpg 300w, https://transferencia.irta.cat/wp-content/uploads/2022/04/MicrosoftTeams-image-2-768x576.jpg 768w, https://transferencia.irta.cat/wp-content/uploads/2022/04/MicrosoftTeams-image-2-1536x1152.jpg 1536w, https://transferencia.irta.cat/wp-content/uploads/2022/04/MicrosoftTeams-image-2.jpg 1920w" sizes="auto, (max-width: 1024px) 100vw, 1024px" /></figure>

Catalán, Castellano y Anglés

<p>Casa convalescència, Barcelona.</p>

UAB Casa Convalescència, Carrer de Sant Antoni Maria Claret, Barcelona, Espanya

UAB Casa Convalescència

<p><strong>09:30h Presentación de la Jornada</strong><em> Dra Mercè Soler, Subdirectora General de la Ganadería del Departamento de Acción Climática, Alimentación y Agenda Rural de la Generalitat de Catalunya . Dr. Bernat Pérez de Val, Investigador del IRTA - CReSA y coordinador de la red INNOTUB</em></p>
<hr />
<p><strong>09:45h Programas de erradicación de la tuberculosis bovina en España y Francia</strong>. J<em>ose Luís Sáez, jefe de área de programas sanitarios, subdirección general de sanidad e higiene animal y trazabilidad del Ministerio de Agricultura, Pesca y Alimentación. Dra. Maria - Laura Boschiroli, Directora de investigación del Laboratoire de Sanité Animale de Maisons-Alfort (Anses), Laboratorio Nacional de Referencia de Tuberculosis Bovina de Francia y laboratorio de referencia de la OIE.</em></p>
<hr />
<p><strong>11:05h Pausa / Desayuno</strong></p>
<hr />
<p><strong>11:45h Presentación de las conclusiones del proyecto</strong> (Bioseguridad y análisis de riesgo, Nuevas estrategias de comunicación, Mejora del diagnóstico, Herramientas de control y prevención).</p>
<hr />
<p><strong>12:45h Mesa Redonda: discusión y preguntas: Dr. Timothée Vergne (INRA-ENVT).</strong> Dr. Alberto Allepuz (UAB), dr. Iker A.Sevilla (Neiker), dr. Bernat Pérez de Val (IRTA-CReSA), Dra. Maria-Laura Boschiroli (Anses)</p>
<hr />
<p><strong>13:20h Clausura de la jornada</strong></p>

<!-- This site is optimized with the Yoast SEO plugin v15.2 - https://yoast.com/wordpress/plugins/seo/ -->
<title>Acto final del primer proyecto de la red INNOTUB - IRTA</title>
<meta name="description" content="El martes 31 de mayo de 2022 tendrá lugar el acto público en el que se presentarán las principales conclusiones del proyecto EFA357/19/INNOTUB" />
<meta name="robots" content="index, follow, max-snippet:-1, max-image-preview:large, max-video-preview:-1" />
<link rel="canonical" href="https://transferencia.irta.cat/es/activitats/acto-final-del-primer-proyecto-de-la-red-innotub/" />
<meta property="og:locale" content="es_ES" />
<meta property="og:type" content="article" />
<meta property="og:title" content="Acto final del primer proyecto de la red INNOTUB - IRTA" />
<meta property="og:description" content="El martes 31 de mayo de 2022 tendrá lugar el acto público en el que se presentarán las principales conclusiones del proyecto EFA357/19/INNOTUB" />
<meta property="og:url" content="https://transferencia.irta.cat/es/activitats/acto-final-del-primer-proyecto-de-la-red-innotub/" />
<meta property="og:site_name" content="IRTA" />
<meta property="article:modified_time" content="2022-05-20T07:08:36+00:00" />
<meta property="og:image" content="https://transferencia.irta.cat/wp-content/uploads/2022/04/MicrosoftTeams-image-2.jpg" />
	<meta property="og:image:width" content="1920" />
	<meta property="og:image:height" content="1440" />
<meta name="twitter:card" content="summary_large_image" />
<meta name="twitter:label1" value="Escrito por">
	<meta name="twitter:data1" value="jtobal">
	<meta name="twitter:label2" value="Tiempo de lectura">
	<meta name="twitter:data2" value="1 minuto">
<script type="application/ld+json" class="yoast-schema-graph">{"@context":"https://schema.org","@graph":[{"@type":"WebSite","@id":"https://transferencia.irta.cat/es/#website","url":"https://transferencia.irta.cat/es/","name":"IRTA","description":"Transfer\u00e8ncia de coneixement","potentialAction":[{"@type":"SearchAction","target":"https://transferencia.irta.cat/es/?s={search_term_string}","query-input":"required name=search_term_string"}],"inLanguage":"es"},{"@type":"ImageObject","@id":"https://transferencia.irta.cat/es/activitats/acto-final-del-primer-proyecto-de-la-red-innotub/#primaryimage","inLanguage":"es","url":"https://transferencia.irta.cat/wp-content/uploads/2022/04/MicrosoftTeams-image-2.jpg","width":1920,"height":1440,"caption":"bov\u00ed"},{"@type":"WebPage","@id":"https://transferencia.irta.cat/es/activitats/acto-final-del-primer-proyecto-de-la-red-innotub/#webpage","url":"https://transferencia.irta.cat/es/activitats/acto-final-del-primer-proyecto-de-la-red-innotub/","name":"Acto final del primer proyecto de la red INNOTUB - IRTA","isPartOf":{"@id":"https://transferencia.irta.cat/es/#website"},"primaryImageOfPage":{"@id":"https://transferencia.irta.cat/es/activitats/acto-final-del-primer-proyecto-de-la-red-innotub/#primaryimage"},"datePublished":"2022-05-02T11:14:46+00:00","dateModified":"2022-05-20T07:08:36+00:00","description":"El martes 31 de mayo de 2022 tendr\u00e1 lugar el acto p\u00fablico en el que se presentar\u00e1n las principales conclusiones del proyecto EFA357/19/INNOTUB","inLanguage":"es","potentialAction":[{"@type":"ReadAction","target":["https://transferencia.irta.cat/es/activitats/acto-final-del-primer-proyecto-de-la-red-innotub/"]}]}]}</script>
<!-- / Yoast SEO plugin. -->
