{"id":11928,"date":"2021-12-01T15:48:24","date_gmt":"2021-12-01T14:48:24","guid":{"rendered":"https:\/\/transferencia.irta.cat\/?post_type=activitats&#038;p=11928"},"modified":"2021-12-01T15:48:24","modified_gmt":"2021-12-01T14:48:24","slug":"la-transformacion-digital-al-servicio-del-sector-porcino","status":"publish","type":"activitats","link":"https:\/\/transferencia.irta.cat\/es\/activitats\/la-transformacion-digital-al-servicio-del-sector-porcino\/","title":{"rendered":"La transformaci\u00f3n digital al servicio del sector porcino"},"content":{"rendered":"\n<p class=\"wp-block-paragraph\"><em>Fecha orientativa de la jornada.<\/em><\/p>\n\n\n\n<p class=\"wp-block-paragraph\"><em>Pr\u00f3ximamente publicaremos m\u00e1s informaci\u00f3n sobre este evento.<\/em><\/p>\n\n\n\n<p class=\"wp-block-paragraph\"><em>Si quieres recibir m\u00e1s informaci\u00f3n puedes clicar el bot\u00f3n de <\/em><strong>\"Me interesa\"<\/strong><\/p>\n","protected":false},"featured_media":11925,"template":"","categories":[1471,1473,632,630],"tags":[2367,2364,1024,273,2363,2366],"objectius_estrategics":[],"ods":[],"programa_irta":[1226,1227],"trainings":[],"class_list":["post-11928","activitats","type-activitats","status-publish","has-post-thumbnail","hentry","category-animal-production","category-pigs","category-porcino","category-produccion-animal","tag-digital-2","tag-digital","tag-porci-es","tag-porcino","tag-transformacio","tag-transformacion","programa_irta-a1-genetica-millora-animal","programa_irta-a1-genetica-mejora-animal"],"acf":{"codi":"","data":"15\/09\/2022","data_fi":"30\/09\/2022","horari":"09:00h - 18:30h","idioma":"Catal\u00e1n","original_language":"ca","preu":"Gratuito","places":"-1","ciutat":"En l\u00ednea","lloc_de_realitzacio":"","ubicacio":false,"imatge_ubicacio":"https:\/\/transferencia.irta.cat\/wp-content\/uploads\/2021\/10\/Blanco-Foto-Mar-Paisaje-Respira-Facebook-Portada-300x111-1.png","persona_contacte_nom":"Javier Tobal","persona_contacte_email":"javier.tobal@irta.cat","programa":false,"programacio":"","ponents":false,"organitza":false,"patrocina":false,"colabora":false,"serveis":false,"materials":false,"activitats_relacionades":false,"te_enquesta":false,"id_enquesta":"","enquesta_externa":"","subscribe_external_link":"","en_construccio":true,"wait_list":false},"yoast_head":"<!-- This site is optimized with the Yoast SEO plugin v28.4 - https:\/\/yoast.com\/product\/yoast-seo-wordpress\/ -->\n<title>La transformaci\u00f3n digital al servicio del sector porcino - IRTA<\/title>\n<meta name=\"description\" content=\"Fecha orientativa de la jornada. Pr\u00f3ximamente publicaremos m\u00e1s informaci\u00f3n sobre este evento. Si quieres recibir m\u00e1s informaci\u00f3n puedes clicar el bot\u00f3n de\" \/>\n<meta name=\"robots\" content=\"index, follow, max-snippet:-1, max-image-preview:large, max-video-preview:-1\" \/>\n<link rel=\"canonical\" href=\"https:\/\/transferencia.irta.cat\/es\/activitats\/la-transformacion-digital-al-servicio-del-sector-porcino\/\" \/>\n<meta property=\"og:locale\" content=\"es_ES\" \/>\n<meta property=\"og:type\" content=\"article\" \/>\n<meta property=\"og:title\" content=\"La transformaci\u00f3n digital al servicio del sector porcino - IRTA\" \/>\n<meta property=\"og:description\" content=\"Fecha orientativa de la jornada. Pr\u00f3ximamente publicaremos m\u00e1s informaci\u00f3n sobre este evento. Si quieres recibir m\u00e1s informaci\u00f3n puedes clicar el bot\u00f3n de\" \/>\n<meta property=\"og:url\" content=\"https:\/\/transferencia.irta.cat\/es\/activitats\/la-transformacion-digital-al-servicio-del-sector-porcino\/\" \/>\n<meta property=\"og:site_name\" content=\"IRTA\" \/>\n<meta property=\"og:image\" content=\"https:\/\/transferencia.irta.cat\/wp-content\/uploads\/2021\/12\/diego-san-tlJ_5jVHMF4-unsplash.jpg\" \/>\n\t<meta property=\"og:image:width\" content=\"1920\" \/>\n\t<meta property=\"og:image:height\" content=\"1105\" \/>\n\t<meta property=\"og:image:type\" content=\"image\/jpeg\" \/>\n<meta name=\"twitter:card\" content=\"summary_large_image\" \/>\n<script type=\"application\/ld+json\" class=\"yoast-schema-graph\">{\"@context\":\"https:\\\/\\\/schema.org\",\"@graph\":[{\"@type\":\"WebPage\",\"@id\":\"https:\\\/\\\/transferencia.irta.cat\\\/es\\\/activitats\\\/la-transformacion-digital-al-servicio-del-sector-porcino\\\/\",\"url\":\"https:\\\/\\\/transferencia.irta.cat\\\/es\\\/activitats\\\/la-transformacion-digital-al-servicio-del-sector-porcino\\\/\",\"name\":\"La transformaci\u00f3n digital al servicio del sector porcino - IRTA\",\"isPartOf\":{\"@id\":\"https:\\\/\\\/transferencia.irta.cat\\\/es\\\/#website\"},\"primaryImageOfPage\":{\"@id\":\"https:\\\/\\\/transferencia.irta.cat\\\/es\\\/activitats\\\/la-transformacion-digital-al-servicio-del-sector-porcino\\\/#primaryimage\"},\"image\":{\"@id\":\"https:\\\/\\\/transferencia.irta.cat\\\/es\\\/activitats\\\/la-transformacion-digital-al-servicio-del-sector-porcino\\\/#primaryimage\"},\"thumbnailUrl\":\"https:\\\/\\\/transferencia.irta.cat\\\/wp-content\\\/uploads\\\/2021\\\/12\\\/diego-san-tlJ_5jVHMF4-unsplash.jpg\",\"datePublished\":\"2021-12-01T14:48:24+00:00\",\"description\":\"Fecha orientativa de la jornada. Pr\u00f3ximamente publicaremos m\u00e1s informaci\u00f3n sobre este evento. Si quieres recibir m\u00e1s informaci\u00f3n puedes clicar el bot\u00f3n de\",\"breadcrumb\":{\"@id\":\"https:\\\/\\\/transferencia.irta.cat\\\/es\\\/activitats\\\/la-transformacion-digital-al-servicio-del-sector-porcino\\\/#breadcrumb\"},\"inLanguage\":\"es\",\"potentialAction\":[{\"@type\":\"ReadAction\",\"target\":[\"https:\\\/\\\/transferencia.irta.cat\\\/es\\\/activitats\\\/la-transformacion-digital-al-servicio-del-sector-porcino\\\/\"]}]},{\"@type\":\"ImageObject\",\"inLanguage\":\"es\",\"@id\":\"https:\\\/\\\/transferencia.irta.cat\\\/es\\\/activitats\\\/la-transformacion-digital-al-servicio-del-sector-porcino\\\/#primaryimage\",\"url\":\"https:\\\/\\\/transferencia.irta.cat\\\/wp-content\\\/uploads\\\/2021\\\/12\\\/diego-san-tlJ_5jVHMF4-unsplash.jpg\",\"contentUrl\":\"https:\\\/\\\/transferencia.irta.cat\\\/wp-content\\\/uploads\\\/2021\\\/12\\\/diego-san-tlJ_5jVHMF4-unsplash.jpg\",\"width\":1920,\"height\":1105},{\"@type\":\"BreadcrumbList\",\"@id\":\"https:\\\/\\\/transferencia.irta.cat\\\/es\\\/activitats\\\/la-transformacion-digital-al-servicio-del-sector-porcino\\\/#breadcrumb\",\"itemListElement\":[{\"@type\":\"ListItem\",\"position\":1,\"name\":\"Inici\",\"item\":\"https:\\\/\\\/transferencia.irta.cat\\\/es\\\/\"},{\"@type\":\"ListItem\",\"position\":2,\"name\":\"Actividades\",\"item\":\"https:\\\/\\\/transferencia.irta.cat\\\/es\\\/activitats\\\/\"},{\"@type\":\"ListItem\",\"position\":3,\"name\":\"La transformaci\u00f3n digital al servicio del sector porcino\"}]},{\"@type\":\"WebSite\",\"@id\":\"https:\\\/\\\/transferencia.irta.cat\\\/es\\\/#website\",\"url\":\"https:\\\/\\\/transferencia.irta.cat\\\/es\\\/\",\"name\":\"IRTA\",\"description\":\"Transfer\u00e8ncia de coneixement\",\"potentialAction\":[{\"@type\":\"SearchAction\",\"target\":{\"@type\":\"EntryPoint\",\"urlTemplate\":\"https:\\\/\\\/transferencia.irta.cat\\\/es\\\/?s={search_term_string}\"},\"query-input\":{\"@type\":\"PropertyValueSpecification\",\"valueRequired\":true,\"valueName\":\"search_term_string\"}}],\"inLanguage\":\"es\"}]}<\/script>\n<!-- \/ Yoast SEO plugin. -->","yoast_head_json":{"title":"La transformaci\u00f3n digital al servicio del sector porcino - IRTA","description":"Fecha orientativa de la jornada. Pr\u00f3ximamente publicaremos m\u00e1s informaci\u00f3n sobre este evento. Si quieres recibir m\u00e1s informaci\u00f3n puedes clicar el bot\u00f3n de","robots":{"index":"index","follow":"follow","max-snippet":"max-snippet:-1","max-image-preview":"max-image-preview:large","max-video-preview":"max-video-preview:-1"},"canonical":"https:\/\/transferencia.irta.cat\/es\/activitats\/la-transformacion-digital-al-servicio-del-sector-porcino\/","og_locale":"es_ES","og_type":"article","og_title":"La transformaci\u00f3n digital al servicio del sector porcino - IRTA","og_description":"Fecha orientativa de la jornada. Pr\u00f3ximamente publicaremos m\u00e1s informaci\u00f3n sobre este evento. Si quieres recibir m\u00e1s informaci\u00f3n puedes clicar el bot\u00f3n de","og_url":"https:\/\/transferencia.irta.cat\/es\/activitats\/la-transformacion-digital-al-servicio-del-sector-porcino\/","og_site_name":"IRTA","og_image":[{"width":1920,"height":1105,"url":"https:\/\/transferencia.irta.cat\/wp-content\/uploads\/2021\/12\/diego-san-tlJ_5jVHMF4-unsplash.jpg","type":"image\/jpeg"}],"twitter_card":"summary_large_image","schema":{"@context":"https:\/\/schema.org","@graph":[{"@type":"WebPage","@id":"https:\/\/transferencia.irta.cat\/es\/activitats\/la-transformacion-digital-al-servicio-del-sector-porcino\/","url":"https:\/\/transferencia.irta.cat\/es\/activitats\/la-transformacion-digital-al-servicio-del-sector-porcino\/","name":"La transformaci\u00f3n digital al servicio del sector porcino - IRTA","isPartOf":{"@id":"https:\/\/transferencia.irta.cat\/es\/#website"},"primaryImageOfPage":{"@id":"https:\/\/transferencia.irta.cat\/es\/activitats\/la-transformacion-digital-al-servicio-del-sector-porcino\/#primaryimage"},"image":{"@id":"https:\/\/transferencia.irta.cat\/es\/activitats\/la-transformacion-digital-al-servicio-del-sector-porcino\/#primaryimage"},"thumbnailUrl":"https:\/\/transferencia.irta.cat\/wp-content\/uploads\/2021\/12\/diego-san-tlJ_5jVHMF4-unsplash.jpg","datePublished":"2021-12-01T14:48:24+00:00","description":"Fecha orientativa de la jornada. Pr\u00f3ximamente publicaremos m\u00e1s informaci\u00f3n sobre este evento. Si quieres recibir m\u00e1s informaci\u00f3n puedes clicar el bot\u00f3n de","breadcrumb":{"@id":"https:\/\/transferencia.irta.cat\/es\/activitats\/la-transformacion-digital-al-servicio-del-sector-porcino\/#breadcrumb"},"inLanguage":"es","potentialAction":[{"@type":"ReadAction","target":["https:\/\/transferencia.irta.cat\/es\/activitats\/la-transformacion-digital-al-servicio-del-sector-porcino\/"]}]},{"@type":"ImageObject","inLanguage":"es","@id":"https:\/\/transferencia.irta.cat\/es\/activitats\/la-transformacion-digital-al-servicio-del-sector-porcino\/#primaryimage","url":"https:\/\/transferencia.irta.cat\/wp-content\/uploads\/2021\/12\/diego-san-tlJ_5jVHMF4-unsplash.jpg","contentUrl":"https:\/\/transferencia.irta.cat\/wp-content\/uploads\/2021\/12\/diego-san-tlJ_5jVHMF4-unsplash.jpg","width":1920,"height":1105},{"@type":"BreadcrumbList","@id":"https:\/\/transferencia.irta.cat\/es\/activitats\/la-transformacion-digital-al-servicio-del-sector-porcino\/#breadcrumb","itemListElement":[{"@type":"ListItem","position":1,"name":"Inici","item":"https:\/\/transferencia.irta.cat\/es\/"},{"@type":"ListItem","position":2,"name":"Actividades","item":"https:\/\/transferencia.irta.cat\/es\/activitats\/"},{"@type":"ListItem","position":3,"name":"La transformaci\u00f3n digital al servicio del sector porcino"}]},{"@type":"WebSite","@id":"https:\/\/transferencia.irta.cat\/es\/#website","url":"https:\/\/transferencia.irta.cat\/es\/","name":"IRTA","description":"Transfer\u00e8ncia de coneixement","potentialAction":[{"@type":"SearchAction","target":{"@type":"EntryPoint","urlTemplate":"https:\/\/transferencia.irta.cat\/es\/?s={search_term_string}"},"query-input":{"@type":"PropertyValueSpecification","valueRequired":true,"valueName":"search_term_string"}}],"inLanguage":"es"}]}},"_links":{"self":[{"href":"https:\/\/transferencia.irta.cat\/es\/wp-json\/wp\/v2\/activitats\/11928","targetHints":{"allow":["GET"]}}],"collection":[{"href":"https:\/\/transferencia.irta.cat\/es\/wp-json\/wp\/v2\/activitats"}],"about":[{"href":"https:\/\/transferencia.irta.cat\/es\/wp-json\/wp\/v2\/types\/activitats"}],"wp:featuredmedia":[{"embeddable":true,"href":"https:\/\/transferencia.irta.cat\/es\/wp-json\/wp\/v2\/media\/11925"}],"wp:attachment":[{"href":"https:\/\/transferencia.irta.cat\/es\/wp-json\/wp\/v2\/media?parent=11928"}],"wp:term":[{"taxonomy":"category","embeddable":true,"href":"https:\/\/transferencia.irta.cat\/es\/wp-json\/wp\/v2\/categories?post=11928"},{"taxonomy":"post_tag","embeddable":true,"href":"https:\/\/transferencia.irta.cat\/es\/wp-json\/wp\/v2\/tags?post=11928"},{"taxonomy":"objectius_estrategics","embeddable":true,"href":"https:\/\/transferencia.irta.cat\/es\/wp-json\/wp\/v2\/objectius_estrategics?post=11928"},{"taxonomy":"ods","embeddable":true,"href":"https:\/\/transferencia.irta.cat\/es\/wp-json\/wp\/v2\/ods?post=11928"},{"taxonomy":"programa_irta","embeddable":true,"href":"https:\/\/transferencia.irta.cat\/es\/wp-json\/wp\/v2\/programa_irta?post=11928"},{"taxonomy":"trainings","embeddable":true,"href":"https:\/\/transferencia.irta.cat\/es\/wp-json\/wp\/v2\/trainings?post=11928"}],"curies":[{"name":"wp","href":"https:\/\/api.w.org\/{rel}","templated":true}]}}

La transformación digital al servicio del sector porcino

<p class="wp-block-paragraph"><em>Fecha orientativa de la jornada.</em></p>



<p class="wp-block-paragraph"><em>Próximamente publicaremos más información sobre este evento.</em></p>



<p class="wp-block-paragraph"><em>Si quieres recibir más información puedes clicar el botón de </em><strong>"Me interesa"</strong></p>

Catalán

En línea

<!-- This site is optimized with the Yoast SEO plugin v28.4 - https://yoast.com/product/yoast-seo-wordpress/ -->
<title>La transformación digital al servicio del sector porcino - IRTA</title>
<meta name="description" content="Fecha orientativa de la jornada. Próximamente publicaremos más información sobre este evento. Si quieres recibir más información puedes clicar el botón de" />
<meta name="robots" content="index, follow, max-snippet:-1, max-image-preview:large, max-video-preview:-1" />
<link rel="canonical" href="https://transferencia.irta.cat/es/activitats/la-transformacion-digital-al-servicio-del-sector-porcino/" />
<meta property="og:locale" content="es_ES" />
<meta property="og:type" content="article" />
<meta property="og:title" content="La transformación digital al servicio del sector porcino - IRTA" />
<meta property="og:description" content="Fecha orientativa de la jornada. Próximamente publicaremos más información sobre este evento. Si quieres recibir más información puedes clicar el botón de" />
<meta property="og:url" content="https://transferencia.irta.cat/es/activitats/la-transformacion-digital-al-servicio-del-sector-porcino/" />
<meta property="og:site_name" content="IRTA" />
<meta property="og:image" content="https://transferencia.irta.cat/wp-content/uploads/2021/12/diego-san-tlJ_5jVHMF4-unsplash.jpg" />
	<meta property="og:image:width" content="1920" />
	<meta property="og:image:height" content="1105" />
	<meta property="og:image:type" content="image/jpeg" />
<meta name="twitter:card" content="summary_large_image" />
<script type="application/ld+json" class="yoast-schema-graph">{"@context":"https:\/\/schema.org","@graph":[{"@type":"WebPage","@id":"https:\/\/transferencia.irta.cat\/es\/activitats\/la-transformacion-digital-al-servicio-del-sector-porcino\/","url":"https:\/\/transferencia.irta.cat\/es\/activitats\/la-transformacion-digital-al-servicio-del-sector-porcino\/","name":"La transformación digital al servicio del sector porcino - IRTA","isPartOf":{"@id":"https:\/\/transferencia.irta.cat\/es\/#website"},"primaryImageOfPage":{"@id":"https:\/\/transferencia.irta.cat\/es\/activitats\/la-transformacion-digital-al-servicio-del-sector-porcino\/#primaryimage"},"image":{"@id":"https:\/\/transferencia.irta.cat\/es\/activitats\/la-transformacion-digital-al-servicio-del-sector-porcino\/#primaryimage"},"thumbnailUrl":"https:\/\/transferencia.irta.cat\/wp-content\/uploads\/2021\/12\/diego-san-tlJ_5jVHMF4-unsplash.jpg","datePublished":"2021-12-01T14:48:24+00:00","description":"Fecha orientativa de la jornada. Próximamente publicaremos más información sobre este evento. Si quieres recibir más información puedes clicar el botón de","breadcrumb":{"@id":"https:\/\/transferencia.irta.cat\/es\/activitats\/la-transformacion-digital-al-servicio-del-sector-porcino\/#breadcrumb"},"inLanguage":"es","potentialAction":[{"@type":"ReadAction","target":["https:\/\/transferencia.irta.cat\/es\/activitats\/la-transformacion-digital-al-servicio-del-sector-porcino\/"]}]},{"@type":"ImageObject","inLanguage":"es","@id":"https:\/\/transferencia.irta.cat\/es\/activitats\/la-transformacion-digital-al-servicio-del-sector-porcino\/#primaryimage","url":"https:\/\/transferencia.irta.cat\/wp-content\/uploads\/2021\/12\/diego-san-tlJ_5jVHMF4-unsplash.jpg","contentUrl":"https:\/\/transferencia.irta.cat\/wp-content\/uploads\/2021\/12\/diego-san-tlJ_5jVHMF4-unsplash.jpg","width":1920,"height":1105},{"@type":"BreadcrumbList","@id":"https:\/\/transferencia.irta.cat\/es\/activitats\/la-transformacion-digital-al-servicio-del-sector-porcino\/#breadcrumb","itemListElement":[{"@type":"ListItem","position":1,"name":"Inici","item":"https:\/\/transferencia.irta.cat\/es\/"},{"@type":"ListItem","position":2,"name":"Actividades","item":"https:\/\/transferencia.irta.cat\/es\/activitats\/"},{"@type":"ListItem","position":3,"name":"La transformación digital al servicio del sector porcino"}]},{"@type":"WebSite","@id":"https:\/\/transferencia.irta.cat\/es\/#website","url":"https:\/\/transferencia.irta.cat\/es\/","name":"IRTA","description":"Transferència de coneixement","potentialAction":[{"@type":"SearchAction","target":{"@type":"EntryPoint","urlTemplate":"https:\/\/transferencia.irta.cat\/es\/?s={search_term_string}"},"query-input":{"@type":"PropertyValueSpecification","valueRequired":true,"valueName":"search_term_string"}}],"inLanguage":"es"}]}</script>
<!-- / Yoast SEO plugin. -->

La transformación digital al servicio del sector porcino - IRTA

Fecha orientativa de la jornada. Próximamente publicaremos más información sobre este evento. Si quieres recibir más información puedes clicar el botón de

Transferència de coneixement
