{"id":11802,"date":"2021-12-01T13:09:14","date_gmt":"2021-12-01T12:09:14","guid":{"rendered":"https:\/\/transferencia.irta.cat\/?post_type=activitats&#038;p=11802"},"modified":"2021-12-01T13:09:14","modified_gmt":"2021-12-01T12:09:14","slug":"jornada-de-campo-sobre-cultivos-de-verano","status":"publish","type":"activitats","link":"https:\/\/transferencia.irta.cat\/es\/activitats\/jornada-de-campo-sobre-cultivos-de-verano\/","title":{"rendered":"Jornada de campo sobre cultivos de verano"},"content":{"rendered":"\n<p class=\"wp-block-paragraph\"><em>Fecha orientativa de la jornada.<\/em><\/p>\n\n\n\n<p class=\"wp-block-paragraph\"><em>Pr\u00f3ximamente publicaremos m\u00e1s informaci\u00f3n sobre este evento.<\/em><\/p>\n\n\n\n<p class=\"wp-block-paragraph\"><em>Si quieres recibir m\u00e1s informaci\u00f3n puedes clicar el bot\u00f3n de <\/em><strong>\"Me interesa\"<\/strong><\/p>\n","protected":false},"featured_media":11795,"template":"","categories":[15,636,14,635],"tags":[2143,49,651,1706],"objectius_estrategics":[],"ods":[],"programa_irta":[1215,1238],"trainings":[],"class_list":["post-11802","activitats","type-activitats","status-publish","has-post-thumbnail","hentry","category-arros-cereals","category-arros-cereales","category-produccio-vegetal","category-produccion-vegetal","tag-cereals-estiu","tag-cultius-extensius","tag-cultius-extensius-es","tag-soja-es","programa_irta-v3-cultius-extensius","programa_irta-v3-cultivos-extensivos"],"acf":{"codi":"","data":"15\/09\/2022","data_fi":"","horari":"09:00h - 17:00h","idioma":"Catal\u00e1n","original_language":"ca","preu":"Gratuito","places":"-1","ciutat":"Sucs \/ El Poal","lloc_de_realitzacio":"","ubicacio":false,"imatge_ubicacio":false,"persona_contacte_nom":"Javier Tobal","persona_contacte_email":"javier.tobal@irta.cat","programa":false,"programacio":"","ponents":false,"organitza":false,"patrocina":false,"colabora":false,"serveis":false,"materials":false,"activitats_relacionades":false,"te_enquesta":false,"id_enquesta":"","enquesta_externa":"","subscribe_external_link":"","en_construccio":true,"wait_list":false},"yoast_head":"<!-- This site is optimized with the Yoast SEO plugin v28.4 - https:\/\/yoast.com\/product\/yoast-seo-wordpress\/ -->\n<title>Jornada de campo sobre cultivos de verano - IRTA<\/title>\n<meta name=\"description\" content=\"Fecha orientativa de la jornada. Pr\u00f3ximamente publicaremos m\u00e1s informaci\u00f3n sobre este evento. Si quieres recibir m\u00e1s informaci\u00f3n puedes clicar el bot\u00f3n de\" \/>\n<meta name=\"robots\" content=\"index, follow, max-snippet:-1, max-image-preview:large, max-video-preview:-1\" \/>\n<link rel=\"canonical\" href=\"https:\/\/transferencia.irta.cat\/es\/activitats\/jornada-de-campo-sobre-cultivos-de-verano\/\" \/>\n<meta property=\"og:locale\" content=\"es_ES\" \/>\n<meta property=\"og:type\" content=\"article\" \/>\n<meta property=\"og:title\" content=\"Jornada de campo sobre cultivos de verano - IRTA\" \/>\n<meta property=\"og:description\" content=\"Fecha orientativa de la jornada. Pr\u00f3ximamente publicaremos m\u00e1s informaci\u00f3n sobre este evento. Si quieres recibir m\u00e1s informaci\u00f3n puedes clicar el bot\u00f3n de\" \/>\n<meta property=\"og:url\" content=\"https:\/\/transferencia.irta.cat\/es\/activitats\/jornada-de-campo-sobre-cultivos-de-verano\/\" \/>\n<meta property=\"og:site_name\" content=\"IRTA\" \/>\n<meta property=\"og:image\" content=\"https:\/\/transferencia.irta.cat\/wp-content\/uploads\/2021\/12\/photo-1466186897344-60bee3a35593.jpg\" \/>\n\t<meta property=\"og:image:width\" content=\"1470\" \/>\n\t<meta property=\"og:image:height\" content=\"980\" \/>\n\t<meta property=\"og:image:type\" content=\"image\/jpeg\" \/>\n<meta name=\"twitter:card\" content=\"summary_large_image\" \/>\n<script type=\"application\/ld+json\" class=\"yoast-schema-graph\">{\"@context\":\"https:\\\/\\\/schema.org\",\"@graph\":[{\"@type\":\"WebPage\",\"@id\":\"https:\\\/\\\/transferencia.irta.cat\\\/es\\\/activitats\\\/jornada-de-campo-sobre-cultivos-de-verano\\\/\",\"url\":\"https:\\\/\\\/transferencia.irta.cat\\\/es\\\/activitats\\\/jornada-de-campo-sobre-cultivos-de-verano\\\/\",\"name\":\"Jornada de campo sobre cultivos de verano - IRTA\",\"isPartOf\":{\"@id\":\"https:\\\/\\\/transferencia.irta.cat\\\/es\\\/#website\"},\"primaryImageOfPage\":{\"@id\":\"https:\\\/\\\/transferencia.irta.cat\\\/es\\\/activitats\\\/jornada-de-campo-sobre-cultivos-de-verano\\\/#primaryimage\"},\"image\":{\"@id\":\"https:\\\/\\\/transferencia.irta.cat\\\/es\\\/activitats\\\/jornada-de-campo-sobre-cultivos-de-verano\\\/#primaryimage\"},\"thumbnailUrl\":\"https:\\\/\\\/transferencia.irta.cat\\\/wp-content\\\/uploads\\\/2021\\\/12\\\/photo-1466186897344-60bee3a35593.jpg\",\"datePublished\":\"2021-12-01T12:09:14+00:00\",\"description\":\"Fecha orientativa de la jornada. Pr\u00f3ximamente publicaremos m\u00e1s informaci\u00f3n sobre este evento. Si quieres recibir m\u00e1s informaci\u00f3n puedes clicar el bot\u00f3n de\",\"breadcrumb\":{\"@id\":\"https:\\\/\\\/transferencia.irta.cat\\\/es\\\/activitats\\\/jornada-de-campo-sobre-cultivos-de-verano\\\/#breadcrumb\"},\"inLanguage\":\"es\",\"potentialAction\":[{\"@type\":\"ReadAction\",\"target\":[\"https:\\\/\\\/transferencia.irta.cat\\\/es\\\/activitats\\\/jornada-de-campo-sobre-cultivos-de-verano\\\/\"]}]},{\"@type\":\"ImageObject\",\"inLanguage\":\"es\",\"@id\":\"https:\\\/\\\/transferencia.irta.cat\\\/es\\\/activitats\\\/jornada-de-campo-sobre-cultivos-de-verano\\\/#primaryimage\",\"url\":\"https:\\\/\\\/transferencia.irta.cat\\\/wp-content\\\/uploads\\\/2021\\\/12\\\/photo-1466186897344-60bee3a35593.jpg\",\"contentUrl\":\"https:\\\/\\\/transferencia.irta.cat\\\/wp-content\\\/uploads\\\/2021\\\/12\\\/photo-1466186897344-60bee3a35593.jpg\",\"width\":1470,\"height\":980},{\"@type\":\"BreadcrumbList\",\"@id\":\"https:\\\/\\\/transferencia.irta.cat\\\/es\\\/activitats\\\/jornada-de-campo-sobre-cultivos-de-verano\\\/#breadcrumb\",\"itemListElement\":[{\"@type\":\"ListItem\",\"position\":1,\"name\":\"Inici\",\"item\":\"https:\\\/\\\/transferencia.irta.cat\\\/es\\\/\"},{\"@type\":\"ListItem\",\"position\":2,\"name\":\"Actividades\",\"item\":\"https:\\\/\\\/transferencia.irta.cat\\\/es\\\/activitats\\\/\"},{\"@type\":\"ListItem\",\"position\":3,\"name\":\"Jornada de campo sobre cultivos de verano\"}]},{\"@type\":\"WebSite\",\"@id\":\"https:\\\/\\\/transferencia.irta.cat\\\/es\\\/#website\",\"url\":\"https:\\\/\\\/transferencia.irta.cat\\\/es\\\/\",\"name\":\"IRTA\",\"description\":\"Transfer\u00e8ncia de coneixement\",\"potentialAction\":[{\"@type\":\"SearchAction\",\"target\":{\"@type\":\"EntryPoint\",\"urlTemplate\":\"https:\\\/\\\/transferencia.irta.cat\\\/es\\\/?s={search_term_string}\"},\"query-input\":{\"@type\":\"PropertyValueSpecification\",\"valueRequired\":true,\"valueName\":\"search_term_string\"}}],\"inLanguage\":\"es\"}]}<\/script>\n<!-- \/ Yoast SEO plugin. -->","yoast_head_json":{"title":"Jornada de campo sobre cultivos de verano - IRTA","description":"Fecha orientativa de la jornada. Pr\u00f3ximamente publicaremos m\u00e1s informaci\u00f3n sobre este evento. Si quieres recibir m\u00e1s informaci\u00f3n puedes clicar el bot\u00f3n de","robots":{"index":"index","follow":"follow","max-snippet":"max-snippet:-1","max-image-preview":"max-image-preview:large","max-video-preview":"max-video-preview:-1"},"canonical":"https:\/\/transferencia.irta.cat\/es\/activitats\/jornada-de-campo-sobre-cultivos-de-verano\/","og_locale":"es_ES","og_type":"article","og_title":"Jornada de campo sobre cultivos de verano - IRTA","og_description":"Fecha orientativa de la jornada. Pr\u00f3ximamente publicaremos m\u00e1s informaci\u00f3n sobre este evento. Si quieres recibir m\u00e1s informaci\u00f3n puedes clicar el bot\u00f3n de","og_url":"https:\/\/transferencia.irta.cat\/es\/activitats\/jornada-de-campo-sobre-cultivos-de-verano\/","og_site_name":"IRTA","og_image":[{"width":1470,"height":980,"url":"https:\/\/transferencia.irta.cat\/wp-content\/uploads\/2021\/12\/photo-1466186897344-60bee3a35593.jpg","type":"image\/jpeg"}],"twitter_card":"summary_large_image","schema":{"@context":"https:\/\/schema.org","@graph":[{"@type":"WebPage","@id":"https:\/\/transferencia.irta.cat\/es\/activitats\/jornada-de-campo-sobre-cultivos-de-verano\/","url":"https:\/\/transferencia.irta.cat\/es\/activitats\/jornada-de-campo-sobre-cultivos-de-verano\/","name":"Jornada de campo sobre cultivos de verano - IRTA","isPartOf":{"@id":"https:\/\/transferencia.irta.cat\/es\/#website"},"primaryImageOfPage":{"@id":"https:\/\/transferencia.irta.cat\/es\/activitats\/jornada-de-campo-sobre-cultivos-de-verano\/#primaryimage"},"image":{"@id":"https:\/\/transferencia.irta.cat\/es\/activitats\/jornada-de-campo-sobre-cultivos-de-verano\/#primaryimage"},"thumbnailUrl":"https:\/\/transferencia.irta.cat\/wp-content\/uploads\/2021\/12\/photo-1466186897344-60bee3a35593.jpg","datePublished":"2021-12-01T12:09:14+00:00","description":"Fecha orientativa de la jornada. Pr\u00f3ximamente publicaremos m\u00e1s informaci\u00f3n sobre este evento. Si quieres recibir m\u00e1s informaci\u00f3n puedes clicar el bot\u00f3n de","breadcrumb":{"@id":"https:\/\/transferencia.irta.cat\/es\/activitats\/jornada-de-campo-sobre-cultivos-de-verano\/#breadcrumb"},"inLanguage":"es","potentialAction":[{"@type":"ReadAction","target":["https:\/\/transferencia.irta.cat\/es\/activitats\/jornada-de-campo-sobre-cultivos-de-verano\/"]}]},{"@type":"ImageObject","inLanguage":"es","@id":"https:\/\/transferencia.irta.cat\/es\/activitats\/jornada-de-campo-sobre-cultivos-de-verano\/#primaryimage","url":"https:\/\/transferencia.irta.cat\/wp-content\/uploads\/2021\/12\/photo-1466186897344-60bee3a35593.jpg","contentUrl":"https:\/\/transferencia.irta.cat\/wp-content\/uploads\/2021\/12\/photo-1466186897344-60bee3a35593.jpg","width":1470,"height":980},{"@type":"BreadcrumbList","@id":"https:\/\/transferencia.irta.cat\/es\/activitats\/jornada-de-campo-sobre-cultivos-de-verano\/#breadcrumb","itemListElement":[{"@type":"ListItem","position":1,"name":"Inici","item":"https:\/\/transferencia.irta.cat\/es\/"},{"@type":"ListItem","position":2,"name":"Actividades","item":"https:\/\/transferencia.irta.cat\/es\/activitats\/"},{"@type":"ListItem","position":3,"name":"Jornada de campo sobre cultivos de verano"}]},{"@type":"WebSite","@id":"https:\/\/transferencia.irta.cat\/es\/#website","url":"https:\/\/transferencia.irta.cat\/es\/","name":"IRTA","description":"Transfer\u00e8ncia de coneixement","potentialAction":[{"@type":"SearchAction","target":{"@type":"EntryPoint","urlTemplate":"https:\/\/transferencia.irta.cat\/es\/?s={search_term_string}"},"query-input":{"@type":"PropertyValueSpecification","valueRequired":true,"valueName":"search_term_string"}}],"inLanguage":"es"}]}},"_links":{"self":[{"href":"https:\/\/transferencia.irta.cat\/es\/wp-json\/wp\/v2\/activitats\/11802","targetHints":{"allow":["GET"]}}],"collection":[{"href":"https:\/\/transferencia.irta.cat\/es\/wp-json\/wp\/v2\/activitats"}],"about":[{"href":"https:\/\/transferencia.irta.cat\/es\/wp-json\/wp\/v2\/types\/activitats"}],"wp:featuredmedia":[{"embeddable":true,"href":"https:\/\/transferencia.irta.cat\/es\/wp-json\/wp\/v2\/media\/11795"}],"wp:attachment":[{"href":"https:\/\/transferencia.irta.cat\/es\/wp-json\/wp\/v2\/media?parent=11802"}],"wp:term":[{"taxonomy":"category","embeddable":true,"href":"https:\/\/transferencia.irta.cat\/es\/wp-json\/wp\/v2\/categories?post=11802"},{"taxonomy":"post_tag","embeddable":true,"href":"https:\/\/transferencia.irta.cat\/es\/wp-json\/wp\/v2\/tags?post=11802"},{"taxonomy":"objectius_estrategics","embeddable":true,"href":"https:\/\/transferencia.irta.cat\/es\/wp-json\/wp\/v2\/objectius_estrategics?post=11802"},{"taxonomy":"ods","embeddable":true,"href":"https:\/\/transferencia.irta.cat\/es\/wp-json\/wp\/v2\/ods?post=11802"},{"taxonomy":"programa_irta","embeddable":true,"href":"https:\/\/transferencia.irta.cat\/es\/wp-json\/wp\/v2\/programa_irta?post=11802"},{"taxonomy":"trainings","embeddable":true,"href":"https:\/\/transferencia.irta.cat\/es\/wp-json\/wp\/v2\/trainings?post=11802"}],"curies":[{"name":"wp","href":"https:\/\/api.w.org\/{rel}","templated":true}]}}

<p class="wp-block-paragraph"><em>Fecha orientativa de la jornada.</em></p>



<p class="wp-block-paragraph"><em>Próximamente publicaremos más información sobre este evento.</em></p>



<p class="wp-block-paragraph"><em>Si quieres recibir más información puedes clicar el botón de </em><strong>"Me interesa"</strong></p>

Catalán

<!-- This site is optimized with the Yoast SEO plugin v28.4 - https://yoast.com/product/yoast-seo-wordpress/ -->
<title>Jornada de campo sobre cultivos de verano - IRTA</title>
<meta name="description" content="Fecha orientativa de la jornada. Próximamente publicaremos más información sobre este evento. Si quieres recibir más información puedes clicar el botón de" />
<meta name="robots" content="index, follow, max-snippet:-1, max-image-preview:large, max-video-preview:-1" />
<link rel="canonical" href="https://transferencia.irta.cat/es/activitats/jornada-de-campo-sobre-cultivos-de-verano/" />
<meta property="og:locale" content="es_ES" />
<meta property="og:type" content="article" />
<meta property="og:title" content="Jornada de campo sobre cultivos de verano - IRTA" />
<meta property="og:description" content="Fecha orientativa de la jornada. Próximamente publicaremos más información sobre este evento. Si quieres recibir más información puedes clicar el botón de" />
<meta property="og:url" content="https://transferencia.irta.cat/es/activitats/jornada-de-campo-sobre-cultivos-de-verano/" />
<meta property="og:site_name" content="IRTA" />
<meta property="og:image" content="https://transferencia.irta.cat/wp-content/uploads/2021/12/photo-1466186897344-60bee3a35593.jpg" />
	<meta property="og:image:width" content="1470" />
	<meta property="og:image:height" content="980" />
	<meta property="og:image:type" content="image/jpeg" />
<meta name="twitter:card" content="summary_large_image" />
<script type="application/ld+json" class="yoast-schema-graph">{"@context":"https:\/\/schema.org","@graph":[{"@type":"WebPage","@id":"https:\/\/transferencia.irta.cat\/es\/activitats\/jornada-de-campo-sobre-cultivos-de-verano\/","url":"https:\/\/transferencia.irta.cat\/es\/activitats\/jornada-de-campo-sobre-cultivos-de-verano\/","name":"Jornada de campo sobre cultivos de verano - IRTA","isPartOf":{"@id":"https:\/\/transferencia.irta.cat\/es\/#website"},"primaryImageOfPage":{"@id":"https:\/\/transferencia.irta.cat\/es\/activitats\/jornada-de-campo-sobre-cultivos-de-verano\/#primaryimage"},"image":{"@id":"https:\/\/transferencia.irta.cat\/es\/activitats\/jornada-de-campo-sobre-cultivos-de-verano\/#primaryimage"},"thumbnailUrl":"https:\/\/transferencia.irta.cat\/wp-content\/uploads\/2021\/12\/photo-1466186897344-60bee3a35593.jpg","datePublished":"2021-12-01T12:09:14+00:00","description":"Fecha orientativa de la jornada. Próximamente publicaremos más información sobre este evento. Si quieres recibir más información puedes clicar el botón de","breadcrumb":{"@id":"https:\/\/transferencia.irta.cat\/es\/activitats\/jornada-de-campo-sobre-cultivos-de-verano\/#breadcrumb"},"inLanguage":"es","potentialAction":[{"@type":"ReadAction","target":["https:\/\/transferencia.irta.cat\/es\/activitats\/jornada-de-campo-sobre-cultivos-de-verano\/"]}]},{"@type":"ImageObject","inLanguage":"es","@id":"https:\/\/transferencia.irta.cat\/es\/activitats\/jornada-de-campo-sobre-cultivos-de-verano\/#primaryimage","url":"https:\/\/transferencia.irta.cat\/wp-content\/uploads\/2021\/12\/photo-1466186897344-60bee3a35593.jpg","contentUrl":"https:\/\/transferencia.irta.cat\/wp-content\/uploads\/2021\/12\/photo-1466186897344-60bee3a35593.jpg","width":1470,"height":980},{"@type":"BreadcrumbList","@id":"https:\/\/transferencia.irta.cat\/es\/activitats\/jornada-de-campo-sobre-cultivos-de-verano\/#breadcrumb","itemListElement":[{"@type":"ListItem","position":1,"name":"Inici","item":"https:\/\/transferencia.irta.cat\/es\/"},{"@type":"ListItem","position":2,"name":"Actividades","item":"https:\/\/transferencia.irta.cat\/es\/activitats\/"},{"@type":"ListItem","position":3,"name":"Jornada de campo sobre cultivos de verano"}]},{"@type":"WebSite","@id":"https:\/\/transferencia.irta.cat\/es\/#website","url":"https:\/\/transferencia.irta.cat\/es\/","name":"IRTA","description":"Transferència de coneixement","potentialAction":[{"@type":"SearchAction","target":{"@type":"EntryPoint","urlTemplate":"https:\/\/transferencia.irta.cat\/es\/?s={search_term_string}"},"query-input":{"@type":"PropertyValueSpecification","valueRequired":true,"valueName":"search_term_string"}}],"inLanguage":"es"}]}</script>
<!-- / Yoast SEO plugin. -->

Fecha orientativa de la jornada. Próximamente publicaremos más información sobre este evento. Si quieres recibir más información puedes clicar el botón de

Transferència de coneixement
